{"id":908,"date":"2025-02-07T16:08:59","date_gmt":"2025-02-07T19:08:59","guid":{"rendered":"https:\/\/bibliapresente.com\/postagens\/?page_id=908"},"modified":"2025-02-07T16:09:00","modified_gmt":"2025-02-07T19:09:00","slug":"deuteronomio-30","status":"publish","type":"page","link":"https:\/\/bibliapresente.com\/postagens\/livros-da-biblia\/deuteronomio\/deuteronomio-30\/","title":{"rendered":"Deuteron\u00f4mio 30 &#8211; Promessa de Restaura\u00e7\u00e3o"},"content":{"rendered":"\n<p class=\"has-medium-font-size\" style=\"letter-spacing:1px\"><span><span><sup><b>1<\/b><\/sup><\/span> E ser\u00e1 que, quando te sobrevierem todas estas coisas, a b\u00ean\u00e7\u00e3o e a maldi\u00e7\u00e3o que pus diante de ti, e te conscientizares em teu cora\u00e7\u00e3o em meio de todas as na\u00e7\u00f5es \u00e0s quais o SENHOR teu Deus te houver expulsado, <br><span><sup><b>2<\/b><\/sup><\/span> E te converteres ao SENHOR teu Deus, e obedeceres \u00e0 sua voz conforme tudo o que eu te mando hoje, tu e teus filhos, com todo teu cora\u00e7\u00e3o e com toda tua alma, <br><span><sup><b>3<\/b><\/sup><\/span> O SENHOR tamb\u00e9m voltar\u00e1 teus cativos, e ter\u00e1 miseric\u00f3rdia de ti, e voltar\u00e1 a recolher-te de todos os povos aos quais te houver disperso o SENHOR teu Deus. <br><span><sup><b>4<\/b><\/sup><\/span> Se houveres sido lan\u00e7ado at\u00e9 a extremidade dos c\u00e9us, dali te recolher\u00e1 o SENHOR teu Deus, e dali te tomar\u00e1: <br><span><sup><b>5<\/b><\/sup><\/span> E te far\u00e1 voltar o SENHOR teu Deus \u00e0 terra que herdaram teus pais, e a possuir\u00e1s; e te far\u00e1 bem, e te multiplicar\u00e1 mais que a teus pais. <br><span><sup><b>6<\/b><\/sup><\/span> E circuncidar\u00e1 o SENHOR teu Deus teu cora\u00e7\u00e3o, e o cora\u00e7\u00e3o de tua descend\u00eancia, para que ames ao SENHOR teu Deus com todo teu cora\u00e7\u00e3o e com toda tua alma, a fim de que tu vivas. <br><span><sup><b>7<\/b><\/sup><\/span> E por\u00e1 o SENHOR teu Deus todas estas maldi\u00e7\u00f5es sobre teus inimigos, e sobre teus aborrecedores que te perseguiram. <br><span><sup><b>8<\/b><\/sup><\/span> E tu voltar\u00e1s, e ouvir\u00e1s a voz do SENHOR, e por\u00e1s por obra todos os seus mandamentos, que eu te intimo hoje. <br><span><sup><b>9<\/b><\/sup><\/span> E te far\u00e1 o SENHOR teu Deus abundar em toda obra de tuas m\u00e3os, no fruto de teu ventre, no fruto de teu animal, e no fruto de tua terra, para o bem: porque o SENHOR voltar\u00e1 a se alegrar sobre ti para o bem, da maneira que se alegrou sobre teus pais; <br><span><sup><b>10<\/b><\/sup><\/span> Quando ouvires a voz do SENHOR teu Deus, para guardar seus mandamentos e seus estatutos escritos neste livro da lei; quando te converteres ao SENHOR teu Deus com todo teu cora\u00e7\u00e3o e com toda tua alma. <br><span><sup><b>11<\/b><\/sup><\/span> Porque este mandamento que eu te intimo hoje, n\u00e3o te \u00e9 encoberto, nem est\u00e1 longe: <br><span><sup><b>12<\/b><\/sup><\/span> N\u00e3o est\u00e1 no c\u00e9u, para que digas: Quem subir\u00e1 por n\u00f3s ao c\u00e9u, e nos o trar\u00e1 e o apresentar\u00e1 para n\u00f3s, para que o cumpramos? <br><span><sup><b>13<\/b><\/sup><\/span> Nem est\u00e1 da outra parte do mar, para que digas: Quem passar\u00e1 por n\u00f3s o mar, para que o traga at\u00e9 n\u00f3s e a n\u00f3s o apresente, a fim de que o cumpramos? <br><span><sup><b>14<\/b><\/sup><\/span> Porque muito pr\u00f3xima de ti est\u00e1 a palavra, em tua boca e em teu cora\u00e7\u00e3o, para que a cumpras. <br><span><sup><b>15<\/b><\/sup><\/span> Olha, eu pus diante de ti hoje a vida e o bem, a morte e o mal: <br><span><sup><b>16<\/b><\/sup><\/span> Porque eu te mando hoje que ames ao SENHOR teu Deus, que andes em seus caminhos, e guardes seus mandamentos e seus estatutos e seus regulamentos, para que vivas e sejas multiplicado, e o SENHOR teu Deus te aben\u00e7oe na terra \u00e0 qual entras para possu\u00ed-la. <br><span><sup><b>17<\/b><\/sup><\/span> Mas se teu cora\u00e7\u00e3o se desviar, e n\u00e3o ouvires, e fores incitado, e te inclinares a deuses alheios, e os servires; <br><span><sup><b>18<\/b><\/sup><\/span> Declaro-vos hoje que certamente perecereis: n\u00e3o tereis longos dias sobre a terra, para ir \u00e0 qual passas o Jord\u00e3o para possu\u00ed-la. <br><span><sup><b>19<\/b><\/sup><\/span> Aos c\u00e9us e a terra chamo por testemunhas hoje contra v\u00f3s, que pus diante de v\u00f3s a vida e a morte, a b\u00ean\u00e7\u00e3o e a maldi\u00e7\u00e3o: escolhe, pois, a vida, para que vivas tu e tua descend\u00eancia: <br><span><sup><b>20<\/b><\/sup><\/span> Que ames ao SENHOR teu Deus, que ou\u00e7as sua voz, e te achegues a ele; porque ele \u00e9 tua vida, e o comprimento de teus dias; a fim de que habites sobre a terra que jurou o SENHOR a teus pais Abra\u00e3o, Isaque, e Jac\u00f3, que lhes havia de dar.<\/span><\/p>\n\n\n\n<div class=\"wp-block-columns is-layout-flex wp-container-core-columns-is-layout-9d6595d7 wp-block-columns-is-layout-flex\">\n<div class=\"wp-block-column is-layout-flow wp-block-column-is-layout-flow\">\n<p><a href=\"\/deuteronomio-29\" title=\"\">Deuteron\u00f4mio 29<\/a><\/p>\n<\/div>\n\n\n\n<div class=\"wp-block-column is-layout-flow wp-block-column-is-layout-flow\">\n<p class=\"has-text-align-right\"><a href=\"\/deuteronomio-3\" title=\"\"><\/a><a href=\"\/deuteronomio-31\" title=\"\">Deuteron\u00f4mio 31<\/a><\/p>\n<\/div>\n<\/div>\n\n\n\n<h2 class=\"wp-block-heading\">Descri\u00e7\u00e3o &#8211; Deuteron\u00f4mio 30<\/h2>\n\n\n\n<p class=\"has-medium-font-size\">Deuteron\u00f4mio 30 apresenta a promessa de restaura\u00e7\u00e3o para o povo de Israel. Mois\u00e9s exorta os israelitas a escolherem a vida e a obedi\u00eancia a Deus, lembrando-os das b\u00ean\u00e7\u00e3os que seguir\u00e3o a obedi\u00eancia e das maldi\u00e7\u00f5es que advir\u00e3o da desobedi\u00eancia. O cap\u00edtulo destaca a miseric\u00f3rdia divina, garantindo que, mesmo ap\u00f3s as adversidades, se o povo se arrepender e voltar ao Senhor, Ele os restaurar\u00e1. Mois\u00e9s enfatiza a import\u00e2ncia de guardar os mandamentos de Deus em seus cora\u00e7\u00f5es, pois a escolha de obedecer \u00e9 vital para a vida plena na Terra Prometida.<\/p>\n\n\n\n<h3 class=\"wp-block-heading\">Livro do Deuteron\u00f4mio:<\/h3>\n\n\n<ul class=\"wp-block-page-list\"><li class=\"wp-block-pages-list__item\"><a class=\"wp-block-pages-list__item__link\" href=\"https:\/\/bibliapresente.com\/postagens\/livros-da-biblia\/deuteronomio\/deuteronomio-1\/\">Deuteron\u00f4mio 1 &#8211; A Jornada no Deserto<\/a><\/li><li class=\"wp-block-pages-list__item\"><a class=\"wp-block-pages-list__item__link\" href=\"https:\/\/bibliapresente.com\/postagens\/livros-da-biblia\/deuteronomio\/deuteronomio-2\/\">Deuteron\u00f4mio 2 &#8211; Vit\u00f3rias em Seom e Ogue<\/a><\/li><li class=\"wp-block-pages-list__item\"><a class=\"wp-block-pages-list__item__link\" href=\"https:\/\/bibliapresente.com\/postagens\/livros-da-biblia\/deuteronomio\/deuteronomio-3\/\">Deuteron\u00f4mio 3 &#8211; Revis\u00e3o das Conquistas<\/a><\/li><li class=\"wp-block-pages-list__item\"><a class=\"wp-block-pages-list__item__link\" href=\"https:\/\/bibliapresente.com\/postagens\/livros-da-biblia\/deuteronomio\/deuteronomio-4\/\">Deuteron\u00f4mio 4 &#8211; Advert\u00eancias<\/a><\/li><li class=\"wp-block-pages-list__item\"><a class=\"wp-block-pages-list__item__link\" href=\"https:\/\/bibliapresente.com\/postagens\/livros-da-biblia\/deuteronomio\/deuteronomio-5\/\">Deuteron\u00f4mio 5 &#8211; Os Dez Mandamentos<\/a><\/li><li class=\"wp-block-pages-list__item\"><a class=\"wp-block-pages-list__item__link\" href=\"https:\/\/bibliapresente.com\/postagens\/livros-da-biblia\/deuteronomio\/deuteronomio-6\/\">Deuteron\u00f4mio 6 &#8211; Mandamento: Amar a Deus<\/a><\/li><li class=\"wp-block-pages-list__item\"><a class=\"wp-block-pages-list__item__link\" href=\"https:\/\/bibliapresente.com\/postagens\/livros-da-biblia\/deuteronomio\/deuteronomio-7\/\">Deuteron\u00f4mio 7 &#8211; Israel, o Povo Escolhido<\/a><\/li><li class=\"wp-block-pages-list__item\"><a class=\"wp-block-pages-list__item__link\" href=\"https:\/\/bibliapresente.com\/postagens\/livros-da-biblia\/deuteronomio\/deuteronomio-8\/\">Deuteron\u00f4mio 8 &#8211; Guardar os Mandamentos<\/a><\/li><li class=\"wp-block-pages-list__item\"><a class=\"wp-block-pages-list__item__link\" href=\"https:\/\/bibliapresente.com\/postagens\/livros-da-biblia\/deuteronomio\/deuteronomio-9\/\">Deuteron\u00f4mio 9 &#8211; Rebeli\u00f5es de Israel<\/a><\/li><li class=\"wp-block-pages-list__item\"><a class=\"wp-block-pages-list__item__link\" href=\"https:\/\/bibliapresente.com\/postagens\/livros-da-biblia\/deuteronomio\/deuteronomio-10\/\">Deuteron\u00f4mio 10 &#8211; A Arca da Alian\u00e7a<\/a><\/li><li class=\"wp-block-pages-list__item\"><a class=\"wp-block-pages-list__item__link\" href=\"https:\/\/bibliapresente.com\/postagens\/livros-da-biblia\/deuteronomio\/deuteronomio-11\/\">Deuteron\u00f4mio 11 &#8211; B\u00ean\u00e7\u00e3os da Obedi\u00eancia<\/a><\/li><li class=\"wp-block-pages-list__item\"><a class=\"wp-block-pages-list__item__link\" href=\"https:\/\/bibliapresente.com\/postagens\/livros-da-biblia\/deuteronomio\/deuteronomio-12\/\">Deuteron\u00f4mio 12 &#8211; O Lugar de Adora\u00e7\u00e3o<\/a><\/li><li class=\"wp-block-pages-list__item\"><a class=\"wp-block-pages-list__item__link\" href=\"https:\/\/bibliapresente.com\/postagens\/livros-da-biblia\/deuteronomio\/deuteronomio-13\/\">Deuteron\u00f4mio 13 &#8211; Contra Falsos Profetas<\/a><\/li><li class=\"wp-block-pages-list__item\"><a class=\"wp-block-pages-list__item__link\" href=\"https:\/\/bibliapresente.com\/postagens\/livros-da-biblia\/deuteronomio\/deuteronomio-14\/\">Deuteron\u00f4mio 14 &#8211; Alimentos e D\u00edzimo<\/a><\/li><li class=\"wp-block-pages-list__item\"><a class=\"wp-block-pages-list__item__link\" href=\"https:\/\/bibliapresente.com\/postagens\/livros-da-biblia\/deuteronomio\/deuteronomio-15\/\">Deuteron\u00f4mio 15 &#8211; O Ano da Remiss\u00e3o<\/a><\/li><li class=\"wp-block-pages-list__item\"><a class=\"wp-block-pages-list__item__link\" href=\"https:\/\/bibliapresente.com\/postagens\/livros-da-biblia\/deuteronomio\/deuteronomio-16\/\">Deuteron\u00f4mio 16 &#8211; As Festas Anuais<\/a><\/li><li class=\"wp-block-pages-list__item\"><a class=\"wp-block-pages-list__item__link\" href=\"https:\/\/bibliapresente.com\/postagens\/livros-da-biblia\/deuteronomio\/deuteronomio-17\/\">Deuteron\u00f4mio 17 &#8211; Reis e Sacerdotes<\/a><\/li><li class=\"wp-block-pages-list__item\"><a class=\"wp-block-pages-list__item__link\" href=\"https:\/\/bibliapresente.com\/postagens\/livros-da-biblia\/deuteronomio\/deuteronomio-18\/\">Deuteron\u00f4mio 18 &#8211; Direitos dos Sacerdotes<\/a><\/li><li class=\"wp-block-pages-list__item\"><a class=\"wp-block-pages-list__item__link\" href=\"https:\/\/bibliapresente.com\/postagens\/livros-da-biblia\/deuteronomio\/deuteronomio-19\/\">Deuteron\u00f4mio 19 &#8211; Ref\u00fagio e Testemunhas<\/a><\/li><li class=\"wp-block-pages-list__item\"><a class=\"wp-block-pages-list__item__link\" href=\"https:\/\/bibliapresente.com\/postagens\/livros-da-biblia\/deuteronomio\/deuteronomio-20\/\">Deuteron\u00f4mio 20 &#8211; Leis para a Guerra<\/a><\/li><li class=\"wp-block-pages-list__item\"><a class=\"wp-block-pages-list__item__link\" href=\"https:\/\/bibliapresente.com\/postagens\/livros-da-biblia\/deuteronomio\/deuteronomio-21\/\">Deuteron\u00f4mio 21 &#8211; Leis para a Justi\u00e7a<\/a><\/li><li class=\"wp-block-pages-list__item\"><a class=\"wp-block-pages-list__item__link\" href=\"https:\/\/bibliapresente.com\/postagens\/livros-da-biblia\/deuteronomio\/deuteronomio-22\/\">Deuteron\u00f4mio 22 &#8211; Regras para Conduta<\/a><\/li><li class=\"wp-block-pages-list__item\"><a class=\"wp-block-pages-list__item__link\" href=\"https:\/\/bibliapresente.com\/postagens\/livros-da-biblia\/deuteronomio\/deuteronomio-23\/\">Deuteron\u00f4mio 23 &#8211; Leis da Congrega\u00e7\u00e3o<\/a><\/li><li class=\"wp-block-pages-list__item\"><a class=\"wp-block-pages-list__item__link\" href=\"https:\/\/bibliapresente.com\/postagens\/livros-da-biblia\/deuteronomio\/deuteronomio-24\/\">Deuteron\u00f4mio 24 &#8211; Fam\u00edlia e Justi\u00e7a Social<\/a><\/li><li class=\"wp-block-pages-list__item\"><a class=\"wp-block-pages-list__item__link\" href=\"https:\/\/bibliapresente.com\/postagens\/livros-da-biblia\/deuteronomio\/deuteronomio-25\/\">Deuteron\u00f4mio 25 &#8211; Leis sobre Retalia\u00e7\u00e3o<\/a><\/li><li class=\"wp-block-pages-list__item\"><a class=\"wp-block-pages-list__item__link\" href=\"https:\/\/bibliapresente.com\/postagens\/livros-da-biblia\/deuteronomio\/deuteronomio-26\/\">Deuteron\u00f4mio 26 &#8211; A Fidelidade a Deus<\/a><\/li><li class=\"wp-block-pages-list__item\"><a class=\"wp-block-pages-list__item__link\" href=\"https:\/\/bibliapresente.com\/postagens\/livros-da-biblia\/deuteronomio\/deuteronomio-27\/\">Deuteron\u00f4mio 27 &#8211; Maldi\u00e7\u00f5es no Monte Ebal<\/a><\/li><li class=\"wp-block-pages-list__item\"><a class=\"wp-block-pages-list__item__link\" href=\"https:\/\/bibliapresente.com\/postagens\/livros-da-biblia\/deuteronomio\/deuteronomio-28\/\">Deuteron\u00f4mio 28 &#8211; Sobre a Alian\u00e7a<\/a><\/li><li class=\"wp-block-pages-list__item\"><a class=\"wp-block-pages-list__item__link\" href=\"https:\/\/bibliapresente.com\/postagens\/livros-da-biblia\/deuteronomio\/deuteronomio-29\/\">Deuteron\u00f4mio 29 &#8211; Renova\u00e7\u00e3o da Alian\u00e7a<\/a><\/li><li class=\"wp-block-pages-list__item\"><a class=\"wp-block-pages-list__item__link\" href=\"https:\/\/bibliapresente.com\/postagens\/livros-da-biblia\/deuteronomio\/deuteronomio-30\/\">Deuteron\u00f4mio 30 &#8211; Promessa de Restaura\u00e7\u00e3o<\/a><\/li><li class=\"wp-block-pages-list__item\"><a class=\"wp-block-pages-list__item__link\" href=\"https:\/\/bibliapresente.com\/postagens\/livros-da-biblia\/deuteronomio\/deuteronomio-31\/\">Deuteron\u00f4mio 31 &#8211; Mois\u00e9s Prepara Josu\u00e9<\/a><\/li><li class=\"wp-block-pages-list__item\"><a class=\"wp-block-pages-list__item__link\" href=\"https:\/\/bibliapresente.com\/postagens\/livros-da-biblia\/deuteronomio\/deuteronomio-32\/\">Deuteron\u00f4mio 32 &#8211; O C\u00e2ntico de Mois\u00e9s<\/a><\/li><li class=\"wp-block-pages-list__item\"><a class=\"wp-block-pages-list__item__link\" href=\"https:\/\/bibliapresente.com\/postagens\/livros-da-biblia\/deuteronomio\/deuteronomio-33\/\">Deuteron\u00f4mio 33 &#8211; B\u00ean\u00e7\u00e3os de Mois\u00e9s<\/a><\/li><li class=\"wp-block-pages-list__item\"><a class=\"wp-block-pages-list__item__link\" href=\"https:\/\/bibliapresente.com\/postagens\/livros-da-biblia\/deuteronomio\/deuteronomio-34\/\">Deuteron\u00f4mio 34 &#8211; A Morte de Mois\u00e9s<\/a><\/li><\/ul>\n\n\n<p><\/p>\n","protected":false},"excerpt":{"rendered":"<p>1 E ser\u00e1 que, quando te sobrevierem todas estas coisas, a b\u00ean\u00e7\u00e3o e a maldi\u00e7\u00e3o que pus diante de ti, e te conscientizares em teu cora\u00e7\u00e3o em meio de todas as na\u00e7\u00f5es \u00e0s quais o SENHOR teu Deus te houver expulsado, 2 E te converteres ao SENHOR teu Deus, e obedeceres \u00e0 sua voz conforme &hellip; <\/p>\n","protected":false},"author":2,"featured_media":848,"parent":847,"menu_order":30,"comment_status":"closed","ping_status":"closed","template":"","meta":{"om_disable_all_campaigns":false,"_monsterinsights_skip_tracking":false,"_monsterinsights_sitenote_active":false,"_monsterinsights_sitenote_note":"","_monsterinsights_sitenote_category":0,"footnotes":""},"class_list":["post-908","page","type-page","status-publish","has-post-thumbnail","hentry"],"aioseo_notices":[],"_links":{"self":[{"href":"https:\/\/bibliapresente.com\/postagens\/wp-json\/wp\/v2\/pages\/908","targetHints":{"allow":["GET"]}}],"collection":[{"href":"https:\/\/bibliapresente.com\/postagens\/wp-json\/wp\/v2\/pages"}],"about":[{"href":"https:\/\/bibliapresente.com\/postagens\/wp-json\/wp\/v2\/types\/page"}],"author":[{"embeddable":true,"href":"https:\/\/bibliapresente.com\/postagens\/wp-json\/wp\/v2\/users\/2"}],"replies":[{"embeddable":true,"href":"https:\/\/bibliapresente.com\/postagens\/wp-json\/wp\/v2\/comments?post=908"}],"version-history":[{"count":5,"href":"https:\/\/bibliapresente.com\/postagens\/wp-json\/wp\/v2\/pages\/908\/revisions"}],"predecessor-version":[{"id":1582,"href":"https:\/\/bibliapresente.com\/postagens\/wp-json\/wp\/v2\/pages\/908\/revisions\/1582"}],"up":[{"embeddable":true,"href":"https:\/\/bibliapresente.com\/postagens\/wp-json\/wp\/v2\/pages\/847"}],"wp:featuredmedia":[{"embeddable":true,"href":"https:\/\/bibliapresente.com\/postagens\/wp-json\/wp\/v2\/media\/848"}],"wp:attachment":[{"href":"https:\/\/bibliapresente.com\/postagens\/wp-json\/wp\/v2\/media?parent=908"}],"curies":[{"name":"wp","href":"https:\/\/api.w.org\/{rel}","templated":true}]}}