{"id":894,"date":"2025-02-07T15:44:49","date_gmt":"2025-02-07T18:44:49","guid":{"rendered":"https:\/\/bibliapresente.com\/postagens\/?page_id=894"},"modified":"2025-02-07T15:44:49","modified_gmt":"2025-02-07T18:44:49","slug":"deuteronomio-23","status":"publish","type":"page","link":"https:\/\/bibliapresente.com\/postagens\/livros-da-biblia\/deuteronomio\/deuteronomio-23\/","title":{"rendered":"Deuteron\u00f4mio 23 &#8211; Leis da Congrega\u00e7\u00e3o"},"content":{"rendered":"\n<p class=\"has-medium-font-size\" style=\"letter-spacing:1px\"><span><span><sup><b>1<\/b><\/sup><\/span> N\u00e3o entrar\u00e1 na congrega\u00e7\u00e3o do SENHOR o que tiver os test\u00edculos esmagados, nem o castrado. <br><span><sup><b>2<\/b><\/sup><\/span> N\u00e3o entrar\u00e1 bastardo na congrega\u00e7\u00e3o do SENHOR: nem ainda na d\u00e9cima gera\u00e7\u00e3o entrar\u00e1 na congrega\u00e7\u00e3o do SENHOR. <br><span><sup><b>3<\/b><\/sup><\/span> N\u00e3o entrar\u00e1 amonita nem moabita na congrega\u00e7\u00e3o do SENHOR; nem ainda na d\u00e9cima gera\u00e7\u00e3o entrar\u00e1 na congrega\u00e7\u00e3o do SENHOR para sempre: <br><span><sup><b>4<\/b><\/sup><\/span> Porquanto n\u00e3o vos sa\u00edram a receber com p\u00e3o e \u00e1gua ao caminho, quando sa\u00edstes do Egito; e porque contratou contra ti a Bala\u00e3o filho de Beor de Petor de Mesopot\u00e2mia da S\u00edria, para que te amaldi\u00e7oasse. <br><span><sup><b>5<\/b><\/sup><\/span> Mas n\u00e3o quis o SENHOR teu Deus ouvir a Bala\u00e3o; e o SENHOR teu Deus te tornou a maldi\u00e7\u00e3o em b\u00ean\u00e7\u00e3o, porque o SENHOR teu Deus te amava. <br><span><sup><b>6<\/b><\/sup><\/span> N\u00e3o procurar\u00e1s a paz deles nem seu bem em todos os dias para sempre. <br><span><sup><b>7<\/b><\/sup><\/span> N\u00e3o abominar\u00e1s ao edomita, que teu irm\u00e3o \u00e9: n\u00e3o abominar\u00e1s ao eg\u00edpcio, que estrangeiro foste em sua terra. <br><span><sup><b>8<\/b><\/sup><\/span> Os filhos que nascerem deles, \u00e0 terceira gera\u00e7\u00e3o entrar\u00e3o na congrega\u00e7\u00e3o do SENHOR. <br><span><sup><b>9<\/b><\/sup><\/span> Quando sa\u00edres a campanha contra teus inimigos, guarda-te de toda coisa m\u00e1. <br><span><sup><b>10<\/b><\/sup><\/span> Quando houver em ti algu\u00e9m que n\u00e3o for limpo por acidente de noite, sair\u00e1 do acampamento, e n\u00e3o entrar\u00e1 nele. <br><span><sup><b>11<\/b><\/sup><\/span> E ser\u00e1 que ao declinar da tarde se lavar\u00e1 com \u00e1gua, e quando for posto o sol, entrar\u00e1 no acampamento. <br><span><sup><b>12<\/b><\/sup><\/span> E ter\u00e1s um lugar fora do acampamento, e sair\u00e1s ali fora; <br><span><sup><b>13<\/b><\/sup><\/span> Ter\u00e1s tamb\u00e9m uma estaca entre tuas armas; e ser\u00e1 que, quando estiveres ali fora, cavar\u00e1s com ela, e logo ao voltar cobrir\u00e1s teu excremento: <br><span><sup><b>14<\/b><\/sup><\/span> Porque o SENHOR teu Deus anda por meio de teu acampamento, para livrar-te e entregar teus inimigos diante de ti; portanto ser\u00e1 teu acampamento santo: para que ele n\u00e3o veja em ti coisa imunda, e se volte de tr\u00e1s de ti. <br><span><sup><b>15<\/b><\/sup><\/span> N\u00e3o entregar\u00e1s a seu senhor o servo que se fugir a ti de seu amo: <br><span><sup><b>16<\/b><\/sup><\/span> More contigo, em meio de ti, no lugar que escolher em alguma de tuas cidades, onde bem lhe estiver: n\u00e3o o oprimir\u00e1s. <br><span><sup><b>17<\/b><\/sup><\/span> N\u00e3o haver\u00e1 prostituta das filhas de Israel, nem haver\u00e1 prostituto ritual dos filhos de Israel. <br><span><sup><b>18<\/b><\/sup><\/span> N\u00e3o trar\u00e1s pagamento de prostituta, nem pagamento de prostituto \u00e0 casa do SENHOR teu Deus por nenhum voto; porque abomina\u00e7\u00e3o \u00e9 ao SENHOR teu Deus tanto um como o outro. <br><span><sup><b>19<\/b><\/sup><\/span> N\u00e3o tomar\u00e1s de teu irm\u00e3o juros de dinheiro, nem juros de comida, nem juros de coisa alguma que se costuma tomar. <br><span><sup><b>20<\/b><\/sup><\/span> Do estrangeiro tomar\u00e1s juros, mas de teu irm\u00e3o n\u00e3o o tomar\u00e1s, para que te aben\u00e7oe o SENHOR teu Deus em toda obra de tuas m\u00e3os sobre a terra \u00e0 qual entras para possu\u00ed-la. <br><span><sup><b>21<\/b><\/sup><\/span> Quando prometeres voto ao SENHOR teu Deus, n\u00e3o tardar\u00e1s em pag\u00e1-lo; porque certamente o exigir\u00e1 o SENHOR teu Deus de ti, e haveria em ti pecado. <br><span><sup><b>22<\/b><\/sup><\/span> Mas quando te abstiveres de prometer, n\u00e3o haver\u00e1 em ti pecado. <br><span><sup><b>23<\/b><\/sup><\/span> Guardar\u00e1s o que teus l\u00e1bios pronunciarem; e far\u00e1s, como prometeste ao SENHOR teu Deus, o que de tua vontade falaste por tua boca. <br><span><sup><b>24<\/b><\/sup><\/span> Quando entrares na vinha de teu pr\u00f3ximo, comer\u00e1s uvas at\u00e9 saciar teu desejo: mas n\u00e3o por\u00e1s em teu vaso. <br><span><sup><b>25<\/b><\/sup><\/span> Quando entrares na planta\u00e7\u00e3o de teu pr\u00f3ximo, poder\u00e1s cortar espigas com tua m\u00e3o; mas n\u00e3o aplicar\u00e1s foice \u00e0 planta\u00e7\u00e3o de teu pr\u00f3ximo.<\/span><\/p>\n\n\n\n<div class=\"wp-block-columns is-layout-flex wp-container-core-columns-is-layout-9d6595d7 wp-block-columns-is-layout-flex\">\n<div class=\"wp-block-column is-layout-flow wp-block-column-is-layout-flow\">\n<p><a href=\"\/deuteronomio-22\" title=\"\">Deuteron\u00f4mio 22<\/a><\/p>\n<\/div>\n\n\n\n<div class=\"wp-block-column is-layout-flow wp-block-column-is-layout-flow\">\n<p class=\"has-text-align-right\"><a href=\"\/deuteronomio-3\" title=\"\"><\/a><a href=\"\/deuteronomio-24\" title=\"\">Deuteron\u00f4mio 24<\/a><\/p>\n<\/div>\n<\/div>\n\n\n\n<h2 class=\"wp-block-heading\">Descri\u00e7\u00e3o &#8211; Deuteron\u00f4mio 23<\/h2>\n\n\n\n<p class=\"has-medium-font-size\">Deuteron\u00f4mio 23 apresenta uma s\u00e9rie de leis que visam regular aspectos da pureza e da vida comunit\u00e1ria em Israel. O cap\u00edtulo trata de quest\u00f5es como a exclus\u00e3o de certos indiv\u00edduos da congrega\u00e7\u00e3o, incluindo eunucos e bastardos, e as normas sobre o comportamento durante o acampamento de guerra. Tamb\u00e9m aborda a santidade do acampamento, com regras sobre higiene e pr\u00e1ticas sexuais. Al\u00e9m disso, ensina sobre a generosidade e o perd\u00e3o, incentivando a integridade e a fidelidade aos princ\u00edpios divinos. O cap\u00edtulo destaca o compromisso com a pureza e a ordem moral entre o povo de Deus.<\/p>\n\n\n\n<h3 class=\"wp-block-heading\">Livro do Deuteron\u00f4mio:<\/h3>\n\n\n<ul class=\"wp-block-page-list\"><li class=\"wp-block-pages-list__item\"><a class=\"wp-block-pages-list__item__link\" href=\"https:\/\/bibliapresente.com\/postagens\/livros-da-biblia\/deuteronomio\/deuteronomio-1\/\">Deuteron\u00f4mio 1 &#8211; A Jornada no Deserto<\/a><\/li><li class=\"wp-block-pages-list__item\"><a class=\"wp-block-pages-list__item__link\" href=\"https:\/\/bibliapresente.com\/postagens\/livros-da-biblia\/deuteronomio\/deuteronomio-2\/\">Deuteron\u00f4mio 2 &#8211; Vit\u00f3rias em Seom e Ogue<\/a><\/li><li class=\"wp-block-pages-list__item\"><a class=\"wp-block-pages-list__item__link\" href=\"https:\/\/bibliapresente.com\/postagens\/livros-da-biblia\/deuteronomio\/deuteronomio-3\/\">Deuteron\u00f4mio 3 &#8211; Revis\u00e3o das Conquistas<\/a><\/li><li class=\"wp-block-pages-list__item\"><a class=\"wp-block-pages-list__item__link\" href=\"https:\/\/bibliapresente.com\/postagens\/livros-da-biblia\/deuteronomio\/deuteronomio-4\/\">Deuteron\u00f4mio 4 &#8211; Advert\u00eancias<\/a><\/li><li class=\"wp-block-pages-list__item\"><a class=\"wp-block-pages-list__item__link\" href=\"https:\/\/bibliapresente.com\/postagens\/livros-da-biblia\/deuteronomio\/deuteronomio-5\/\">Deuteron\u00f4mio 5 &#8211; Os Dez Mandamentos<\/a><\/li><li class=\"wp-block-pages-list__item\"><a class=\"wp-block-pages-list__item__link\" href=\"https:\/\/bibliapresente.com\/postagens\/livros-da-biblia\/deuteronomio\/deuteronomio-6\/\">Deuteron\u00f4mio 6 &#8211; Mandamento: Amar a Deus<\/a><\/li><li class=\"wp-block-pages-list__item\"><a class=\"wp-block-pages-list__item__link\" href=\"https:\/\/bibliapresente.com\/postagens\/livros-da-biblia\/deuteronomio\/deuteronomio-7\/\">Deuteron\u00f4mio 7 &#8211; Israel, o Povo Escolhido<\/a><\/li><li class=\"wp-block-pages-list__item\"><a class=\"wp-block-pages-list__item__link\" href=\"https:\/\/bibliapresente.com\/postagens\/livros-da-biblia\/deuteronomio\/deuteronomio-8\/\">Deuteron\u00f4mio 8 &#8211; Guardar os Mandamentos<\/a><\/li><li class=\"wp-block-pages-list__item\"><a class=\"wp-block-pages-list__item__link\" href=\"https:\/\/bibliapresente.com\/postagens\/livros-da-biblia\/deuteronomio\/deuteronomio-9\/\">Deuteron\u00f4mio 9 &#8211; Rebeli\u00f5es de Israel<\/a><\/li><li class=\"wp-block-pages-list__item\"><a class=\"wp-block-pages-list__item__link\" href=\"https:\/\/bibliapresente.com\/postagens\/livros-da-biblia\/deuteronomio\/deuteronomio-10\/\">Deuteron\u00f4mio 10 &#8211; A Arca da Alian\u00e7a<\/a><\/li><li class=\"wp-block-pages-list__item\"><a class=\"wp-block-pages-list__item__link\" href=\"https:\/\/bibliapresente.com\/postagens\/livros-da-biblia\/deuteronomio\/deuteronomio-11\/\">Deuteron\u00f4mio 11 &#8211; B\u00ean\u00e7\u00e3os da Obedi\u00eancia<\/a><\/li><li class=\"wp-block-pages-list__item\"><a class=\"wp-block-pages-list__item__link\" href=\"https:\/\/bibliapresente.com\/postagens\/livros-da-biblia\/deuteronomio\/deuteronomio-12\/\">Deuteron\u00f4mio 12 &#8211; O Lugar de Adora\u00e7\u00e3o<\/a><\/li><li class=\"wp-block-pages-list__item\"><a class=\"wp-block-pages-list__item__link\" href=\"https:\/\/bibliapresente.com\/postagens\/livros-da-biblia\/deuteronomio\/deuteronomio-13\/\">Deuteron\u00f4mio 13 &#8211; Contra Falsos Profetas<\/a><\/li><li class=\"wp-block-pages-list__item\"><a class=\"wp-block-pages-list__item__link\" href=\"https:\/\/bibliapresente.com\/postagens\/livros-da-biblia\/deuteronomio\/deuteronomio-14\/\">Deuteron\u00f4mio 14 &#8211; Alimentos e D\u00edzimo<\/a><\/li><li class=\"wp-block-pages-list__item\"><a class=\"wp-block-pages-list__item__link\" href=\"https:\/\/bibliapresente.com\/postagens\/livros-da-biblia\/deuteronomio\/deuteronomio-15\/\">Deuteron\u00f4mio 15 &#8211; O Ano da Remiss\u00e3o<\/a><\/li><li class=\"wp-block-pages-list__item\"><a class=\"wp-block-pages-list__item__link\" href=\"https:\/\/bibliapresente.com\/postagens\/livros-da-biblia\/deuteronomio\/deuteronomio-16\/\">Deuteron\u00f4mio 16 &#8211; As Festas Anuais<\/a><\/li><li class=\"wp-block-pages-list__item\"><a class=\"wp-block-pages-list__item__link\" href=\"https:\/\/bibliapresente.com\/postagens\/livros-da-biblia\/deuteronomio\/deuteronomio-17\/\">Deuteron\u00f4mio 17 &#8211; Reis e Sacerdotes<\/a><\/li><li class=\"wp-block-pages-list__item\"><a class=\"wp-block-pages-list__item__link\" href=\"https:\/\/bibliapresente.com\/postagens\/livros-da-biblia\/deuteronomio\/deuteronomio-18\/\">Deuteron\u00f4mio 18 &#8211; Direitos dos Sacerdotes<\/a><\/li><li class=\"wp-block-pages-list__item\"><a class=\"wp-block-pages-list__item__link\" href=\"https:\/\/bibliapresente.com\/postagens\/livros-da-biblia\/deuteronomio\/deuteronomio-19\/\">Deuteron\u00f4mio 19 &#8211; Ref\u00fagio e Testemunhas<\/a><\/li><li class=\"wp-block-pages-list__item\"><a class=\"wp-block-pages-list__item__link\" href=\"https:\/\/bibliapresente.com\/postagens\/livros-da-biblia\/deuteronomio\/deuteronomio-20\/\">Deuteron\u00f4mio 20 &#8211; Leis para a Guerra<\/a><\/li><li class=\"wp-block-pages-list__item\"><a class=\"wp-block-pages-list__item__link\" href=\"https:\/\/bibliapresente.com\/postagens\/livros-da-biblia\/deuteronomio\/deuteronomio-21\/\">Deuteron\u00f4mio 21 &#8211; Leis para a Justi\u00e7a<\/a><\/li><li class=\"wp-block-pages-list__item\"><a class=\"wp-block-pages-list__item__link\" href=\"https:\/\/bibliapresente.com\/postagens\/livros-da-biblia\/deuteronomio\/deuteronomio-22\/\">Deuteron\u00f4mio 22 &#8211; Regras para Conduta<\/a><\/li><li class=\"wp-block-pages-list__item\"><a class=\"wp-block-pages-list__item__link\" href=\"https:\/\/bibliapresente.com\/postagens\/livros-da-biblia\/deuteronomio\/deuteronomio-23\/\">Deuteron\u00f4mio 23 &#8211; Leis da Congrega\u00e7\u00e3o<\/a><\/li><li class=\"wp-block-pages-list__item\"><a class=\"wp-block-pages-list__item__link\" href=\"https:\/\/bibliapresente.com\/postagens\/livros-da-biblia\/deuteronomio\/deuteronomio-24\/\">Deuteron\u00f4mio 24 &#8211; Fam\u00edlia e Justi\u00e7a Social<\/a><\/li><li class=\"wp-block-pages-list__item\"><a class=\"wp-block-pages-list__item__link\" href=\"https:\/\/bibliapresente.com\/postagens\/livros-da-biblia\/deuteronomio\/deuteronomio-25\/\">Deuteron\u00f4mio 25 &#8211; Leis sobre Retalia\u00e7\u00e3o<\/a><\/li><li class=\"wp-block-pages-list__item\"><a class=\"wp-block-pages-list__item__link\" href=\"https:\/\/bibliapresente.com\/postagens\/livros-da-biblia\/deuteronomio\/deuteronomio-26\/\">Deuteron\u00f4mio 26 &#8211; A Fidelidade a Deus<\/a><\/li><li class=\"wp-block-pages-list__item\"><a class=\"wp-block-pages-list__item__link\" href=\"https:\/\/bibliapresente.com\/postagens\/livros-da-biblia\/deuteronomio\/deuteronomio-27\/\">Deuteron\u00f4mio 27 &#8211; Maldi\u00e7\u00f5es no Monte Ebal<\/a><\/li><li class=\"wp-block-pages-list__item\"><a class=\"wp-block-pages-list__item__link\" href=\"https:\/\/bibliapresente.com\/postagens\/livros-da-biblia\/deuteronomio\/deuteronomio-28\/\">Deuteron\u00f4mio 28 &#8211; Sobre a Alian\u00e7a<\/a><\/li><li class=\"wp-block-pages-list__item\"><a class=\"wp-block-pages-list__item__link\" href=\"https:\/\/bibliapresente.com\/postagens\/livros-da-biblia\/deuteronomio\/deuteronomio-29\/\">Deuteron\u00f4mio 29 &#8211; Renova\u00e7\u00e3o da Alian\u00e7a<\/a><\/li><li class=\"wp-block-pages-list__item\"><a class=\"wp-block-pages-list__item__link\" href=\"https:\/\/bibliapresente.com\/postagens\/livros-da-biblia\/deuteronomio\/deuteronomio-30\/\">Deuteron\u00f4mio 30 &#8211; Promessa de Restaura\u00e7\u00e3o<\/a><\/li><li class=\"wp-block-pages-list__item\"><a class=\"wp-block-pages-list__item__link\" href=\"https:\/\/bibliapresente.com\/postagens\/livros-da-biblia\/deuteronomio\/deuteronomio-31\/\">Deuteron\u00f4mio 31 &#8211; Mois\u00e9s Prepara Josu\u00e9<\/a><\/li><li class=\"wp-block-pages-list__item\"><a class=\"wp-block-pages-list__item__link\" href=\"https:\/\/bibliapresente.com\/postagens\/livros-da-biblia\/deuteronomio\/deuteronomio-32\/\">Deuteron\u00f4mio 32 &#8211; O C\u00e2ntico de Mois\u00e9s<\/a><\/li><li class=\"wp-block-pages-list__item\"><a class=\"wp-block-pages-list__item__link\" href=\"https:\/\/bibliapresente.com\/postagens\/livros-da-biblia\/deuteronomio\/deuteronomio-33\/\">Deuteron\u00f4mio 33 &#8211; B\u00ean\u00e7\u00e3os de Mois\u00e9s<\/a><\/li><li class=\"wp-block-pages-list__item\"><a class=\"wp-block-pages-list__item__link\" href=\"https:\/\/bibliapresente.com\/postagens\/livros-da-biblia\/deuteronomio\/deuteronomio-34\/\">Deuteron\u00f4mio 34 &#8211; A Morte de Mois\u00e9s<\/a><\/li><\/ul>\n\n\n<p><\/p>\n","protected":false},"excerpt":{"rendered":"<p>1 N\u00e3o entrar\u00e1 na congrega\u00e7\u00e3o do SENHOR o que tiver os test\u00edculos esmagados, nem o castrado. 2 N\u00e3o entrar\u00e1 bastardo na congrega\u00e7\u00e3o do SENHOR: nem ainda na d\u00e9cima gera\u00e7\u00e3o entrar\u00e1 na congrega\u00e7\u00e3o do SENHOR. 3 N\u00e3o entrar\u00e1 amonita nem moabita na congrega\u00e7\u00e3o do SENHOR; nem ainda na d\u00e9cima gera\u00e7\u00e3o entrar\u00e1 na congrega\u00e7\u00e3o do SENHOR para &hellip; <\/p>\n","protected":false},"author":2,"featured_media":848,"parent":847,"menu_order":23,"comment_status":"closed","ping_status":"closed","template":"","meta":{"om_disable_all_campaigns":false,"_monsterinsights_skip_tracking":false,"_monsterinsights_sitenote_active":false,"_monsterinsights_sitenote_note":"","_monsterinsights_sitenote_category":0,"footnotes":""},"class_list":["post-894","page","type-page","status-publish","has-post-thumbnail","hentry"],"aioseo_notices":[],"_links":{"self":[{"href":"https:\/\/bibliapresente.com\/postagens\/wp-json\/wp\/v2\/pages\/894","targetHints":{"allow":["GET"]}}],"collection":[{"href":"https:\/\/bibliapresente.com\/postagens\/wp-json\/wp\/v2\/pages"}],"about":[{"href":"https:\/\/bibliapresente.com\/postagens\/wp-json\/wp\/v2\/types\/page"}],"author":[{"embeddable":true,"href":"https:\/\/bibliapresente.com\/postagens\/wp-json\/wp\/v2\/users\/2"}],"replies":[{"embeddable":true,"href":"https:\/\/bibliapresente.com\/postagens\/wp-json\/wp\/v2\/comments?post=894"}],"version-history":[{"count":4,"href":"https:\/\/bibliapresente.com\/postagens\/wp-json\/wp\/v2\/pages\/894\/revisions"}],"predecessor-version":[{"id":1575,"href":"https:\/\/bibliapresente.com\/postagens\/wp-json\/wp\/v2\/pages\/894\/revisions\/1575"}],"up":[{"embeddable":true,"href":"https:\/\/bibliapresente.com\/postagens\/wp-json\/wp\/v2\/pages\/847"}],"wp:featuredmedia":[{"embeddable":true,"href":"https:\/\/bibliapresente.com\/postagens\/wp-json\/wp\/v2\/media\/848"}],"wp:attachment":[{"href":"https:\/\/bibliapresente.com\/postagens\/wp-json\/wp\/v2\/media?parent=894"}],"curies":[{"name":"wp","href":"https:\/\/api.w.org\/{rel}","templated":true}]}}