{"id":880,"date":"2025-02-07T15:19:24","date_gmt":"2025-02-07T18:19:24","guid":{"rendered":"https:\/\/bibliapresente.com\/postagens\/?page_id=880"},"modified":"2025-02-07T15:19:25","modified_gmt":"2025-02-07T18:19:25","slug":"deuteronomio-16","status":"publish","type":"page","link":"https:\/\/bibliapresente.com\/postagens\/livros-da-biblia\/deuteronomio\/deuteronomio-16\/","title":{"rendered":"Deuteron\u00f4mio 16 &#8211; As Festas Anuais"},"content":{"rendered":"\n<p class=\"has-medium-font-size\" style=\"letter-spacing:1px\"><span><span><sup><b>1<\/b><\/sup><\/span> Guardar\u00e1s o m\u00eas de Abibe, e far\u00e1s p\u00e1scoa ao SENHOR teu Deus: porque no m\u00eas de Abibe te tirou o SENHOR teu Deus do Egito de noite. <br><span><sup><b>2<\/b><\/sup><\/span> E sacrificar\u00e1s a p\u00e1scoa ao SENHOR teu Deus, das ovelhas e das vacas, no lugar que o SENHOR escolher para fazer habitar ali seu nome. <br><span><sup><b>3<\/b><\/sup><\/span> N\u00e3o comer\u00e1s com ela levedado; sete dias comer\u00e1s com ela p\u00e3o sem levedar, p\u00e3o de afli\u00e7\u00e3o, porque apressadamente sa\u00edste da terra do Egito: para que te lembres do dia em que sa\u00edste da terra do Egito todos os dias de tua vida. <br><span><sup><b>4<\/b><\/sup><\/span> E n\u00e3o se deixar\u00e1 ver levedura contigo em todo teu termo por sete dias; e da carne que matares \u00e0 tarde do primeiro dia, n\u00e3o ficar\u00e1 at\u00e9 a manh\u00e3. <br><span><sup><b>5<\/b><\/sup><\/span> N\u00e3o poder\u00e1s sacrificar a p\u00e1scoa em nenhuma de tuas cidades, que o SENHOR teu Deus te d\u00e1; <br><span><sup><b>6<\/b><\/sup><\/span> Mas sim no lugar que o SENHOR teu Deus escolher para fazer habitar ali seu nome, sacrificar\u00e1s a p\u00e1scoa pela tarde ao p\u00f4r do sol, ao tempo que sa\u00edste do Egito: <br><span><sup><b>7<\/b><\/sup><\/span> E a assar\u00e1s e comer\u00e1s no lugar que o SENHOR teu Deus houver escolhido; e pela manh\u00e3 te voltar\u00e1s e ir\u00e1s \u00e0 tua morada. <br><span><sup><b>8<\/b><\/sup><\/span> Seis dias comer\u00e1s p\u00e3es \u00e1zimos, e no s\u00e9timo dia ser\u00e1 solenidade ao SENHOR teu Deus: n\u00e3o far\u00e1s obra nele. <br><span><sup><b>9<\/b><\/sup><\/span> Sete semanas te contar\u00e1s: desde que come\u00e7ar a foice nas planta\u00e7\u00f5es de gr\u00e3os come\u00e7ar\u00e1s a contar as sete semanas. <br><span><sup><b>10<\/b><\/sup><\/span> E far\u00e1s a solenidade das semanas ao SENHOR teu Deus: da sufici\u00eancia volunt\u00e1ria de tua m\u00e3o ser\u00e1 o que deres, segundo o SENHOR teu Deus te houver aben\u00e7oado. <br><span><sup><b>11<\/b><\/sup><\/span> E te alegrar\u00e1s diante do SENHOR teu Deus, tu, e teu filho, e tua filha, e teu servo, e tua serva, e o levita que estiver em tuas cidades, e o estrangeiro, e o \u00f3rf\u00e3o, e a vi\u00fava, que estiverem em meio de ti, no lugar que o SENHOR teu Deus houver escolhido para fazer habitar ali o seu nome. <br><span><sup><b>12<\/b><\/sup><\/span> E lembra-te que foste servo no Egito; portanto guardar\u00e1s e cumprir\u00e1s estes estatutos. <br><span><sup><b>13<\/b><\/sup><\/span> A solenidade das cabanas far\u00e1s por sete dias, quando houveres feito a colheita de tua eira e de teu lagar. <br><span><sup><b>14<\/b><\/sup><\/span> E te alegrar\u00e1s em tuas solenidades, tu, e teu filho, e tua filha, e teu servo, e tua serva, e o levita, e o estrangeiro, e o \u00f3rf\u00e3o, e a vi\u00fava, que est\u00e3o em tuas povoa\u00e7\u00f5es. <br><span><sup><b>15<\/b><\/sup><\/span> Sete dias celebrar\u00e1s solenidade ao SENHOR teu Deus no lugar que o SENHOR escolher; porque te haver\u00e1 aben\u00e7oado o SENHOR teu Deus em todos os teus frutos, e em toda obra de tuas m\u00e3os, e estar\u00e1s certamente alegre. <br><span><sup><b>16<\/b><\/sup><\/span> Tr\u00eas vezes cada ano comparecer\u00e1 todo homem teu diante do SENHOR teu Deus no lugar que ele escolher: na solenidade dos p\u00e3es \u00e1zimos, e na solenidade das semanas, e na solenidade das cabanas. E n\u00e3o comparecer\u00e1 vazio diante do SENHOR: <br><span><sup><b>17<\/b><\/sup><\/span> Cada um com o presente de sua m\u00e3o, conforme a b\u00ean\u00e7\u00e3o do SENHOR teu Deus, que te houver dado. <br><span><sup><b>18<\/b><\/sup><\/span> Ju\u00edzes e oficiais te por\u00e1s em todas tuas cidades que o SENHOR teu Deus te dar\u00e1 em tuas tribos, os quais julgar\u00e3o ao povo com justo ju\u00edzo. <br><span><sup><b>19<\/b><\/sup><\/span> N\u00e3o distor\u00e7as o direito; n\u00e3o fa\u00e7as acep\u00e7\u00e3o de pessoas, nem tomes suborno; porque o suborno cega os olhos dos s\u00e1bios, e perverte as palavras dos justos. <br><span><sup><b>20<\/b><\/sup><\/span> A justi\u00e7a, a justi\u00e7a seguir\u00e1s, para que vivas e herdes a terra que o SENHOR teu Deus te d\u00e1. <br><span><sup><b>21<\/b><\/sup><\/span> N\u00e3o te plantar\u00e1s bosque de nenhuma \u00e1rvore pr\u00f3ximo do altar do SENHOR teu Deus, que tu te houverdes feito. <br><span><sup><b>22<\/b><\/sup><\/span> Nem levantar\u00e1s para ti est\u00e1tua, a qual o SENHOR teu Deus aborrece.<\/span><\/p>\n\n\n\n<div class=\"wp-block-columns is-layout-flex wp-container-core-columns-is-layout-9d6595d7 wp-block-columns-is-layout-flex\">\n<div class=\"wp-block-column is-layout-flow wp-block-column-is-layout-flow\">\n<p><a href=\"\/deuteronomio-15\" title=\"\">Deuteron\u00f4mio 15<\/a><\/p>\n<\/div>\n\n\n\n<div class=\"wp-block-column is-layout-flow wp-block-column-is-layout-flow\">\n<p class=\"has-text-align-right\"><a href=\"\/deuteronomio-3\" title=\"\"><\/a><a href=\"\/deuteronomio-17\" title=\"\">Deuteron\u00f4mio 17<\/a><\/p>\n<\/div>\n<\/div>\n\n\n\n<h2 class=\"wp-block-heading\">Descri\u00e7\u00e3o &#8211; Deuteron\u00f4mio 16<\/h2>\n\n\n\n<p class=\"has-medium-font-size\">Deuteron\u00f4mio 16 descreve as festividades que os israelitas devem celebrar em honra ao Senhor. O cap\u00edtulo instrui sobre a celebra\u00e7\u00e3o da P\u00e1scoa, a Festa das Semanas (Pentecostes) e a Festa dos Tabern\u00e1culos, destacando a import\u00e2ncia da gratid\u00e3o a Deus pela liberta\u00e7\u00e3o do Egito e pelos frutos da terra. Mois\u00e9s tamb\u00e9m orienta sobre a justi\u00e7a e a equidade nas ofertas, condenando qualquer tipo de parcialidade. Al\u00e9m disso, \u00e9 enfatizado o compromisso de n\u00e3o aceitar suborno e garantir uma adora\u00e7\u00e3o pura. Este cap\u00edtulo refor\u00e7a a necessidade de honrar a Deus por meio de a\u00e7\u00f5es justas e celebra\u00e7\u00f5es religiosas.<\/p>\n\n\n\n<h3 class=\"wp-block-heading\">Livro do Deuteron\u00f4mio:<\/h3>\n\n\n<ul class=\"wp-block-page-list\"><li class=\"wp-block-pages-list__item\"><a class=\"wp-block-pages-list__item__link\" href=\"https:\/\/bibliapresente.com\/postagens\/livros-da-biblia\/deuteronomio\/deuteronomio-1\/\">Deuteron\u00f4mio 1 &#8211; A Jornada no Deserto<\/a><\/li><li class=\"wp-block-pages-list__item\"><a class=\"wp-block-pages-list__item__link\" href=\"https:\/\/bibliapresente.com\/postagens\/livros-da-biblia\/deuteronomio\/deuteronomio-2\/\">Deuteron\u00f4mio 2 &#8211; Vit\u00f3rias em Seom e Ogue<\/a><\/li><li class=\"wp-block-pages-list__item\"><a class=\"wp-block-pages-list__item__link\" href=\"https:\/\/bibliapresente.com\/postagens\/livros-da-biblia\/deuteronomio\/deuteronomio-3\/\">Deuteron\u00f4mio 3 &#8211; Revis\u00e3o das Conquistas<\/a><\/li><li class=\"wp-block-pages-list__item\"><a class=\"wp-block-pages-list__item__link\" href=\"https:\/\/bibliapresente.com\/postagens\/livros-da-biblia\/deuteronomio\/deuteronomio-4\/\">Deuteron\u00f4mio 4 &#8211; Advert\u00eancias<\/a><\/li><li class=\"wp-block-pages-list__item\"><a class=\"wp-block-pages-list__item__link\" href=\"https:\/\/bibliapresente.com\/postagens\/livros-da-biblia\/deuteronomio\/deuteronomio-5\/\">Deuteron\u00f4mio 5 &#8211; Os Dez Mandamentos<\/a><\/li><li class=\"wp-block-pages-list__item\"><a class=\"wp-block-pages-list__item__link\" href=\"https:\/\/bibliapresente.com\/postagens\/livros-da-biblia\/deuteronomio\/deuteronomio-6\/\">Deuteron\u00f4mio 6 &#8211; Mandamento: Amar a Deus<\/a><\/li><li class=\"wp-block-pages-list__item\"><a class=\"wp-block-pages-list__item__link\" href=\"https:\/\/bibliapresente.com\/postagens\/livros-da-biblia\/deuteronomio\/deuteronomio-7\/\">Deuteron\u00f4mio 7 &#8211; Israel, o Povo Escolhido<\/a><\/li><li class=\"wp-block-pages-list__item\"><a class=\"wp-block-pages-list__item__link\" href=\"https:\/\/bibliapresente.com\/postagens\/livros-da-biblia\/deuteronomio\/deuteronomio-8\/\">Deuteron\u00f4mio 8 &#8211; Guardar os Mandamentos<\/a><\/li><li class=\"wp-block-pages-list__item\"><a class=\"wp-block-pages-list__item__link\" href=\"https:\/\/bibliapresente.com\/postagens\/livros-da-biblia\/deuteronomio\/deuteronomio-9\/\">Deuteron\u00f4mio 9 &#8211; Rebeli\u00f5es de Israel<\/a><\/li><li class=\"wp-block-pages-list__item\"><a class=\"wp-block-pages-list__item__link\" href=\"https:\/\/bibliapresente.com\/postagens\/livros-da-biblia\/deuteronomio\/deuteronomio-10\/\">Deuteron\u00f4mio 10 &#8211; A Arca da Alian\u00e7a<\/a><\/li><li class=\"wp-block-pages-list__item\"><a class=\"wp-block-pages-list__item__link\" href=\"https:\/\/bibliapresente.com\/postagens\/livros-da-biblia\/deuteronomio\/deuteronomio-11\/\">Deuteron\u00f4mio 11 &#8211; B\u00ean\u00e7\u00e3os da Obedi\u00eancia<\/a><\/li><li class=\"wp-block-pages-list__item\"><a class=\"wp-block-pages-list__item__link\" href=\"https:\/\/bibliapresente.com\/postagens\/livros-da-biblia\/deuteronomio\/deuteronomio-12\/\">Deuteron\u00f4mio 12 &#8211; O Lugar de Adora\u00e7\u00e3o<\/a><\/li><li class=\"wp-block-pages-list__item\"><a class=\"wp-block-pages-list__item__link\" href=\"https:\/\/bibliapresente.com\/postagens\/livros-da-biblia\/deuteronomio\/deuteronomio-13\/\">Deuteron\u00f4mio 13 &#8211; Contra Falsos Profetas<\/a><\/li><li class=\"wp-block-pages-list__item\"><a class=\"wp-block-pages-list__item__link\" href=\"https:\/\/bibliapresente.com\/postagens\/livros-da-biblia\/deuteronomio\/deuteronomio-14\/\">Deuteron\u00f4mio 14 &#8211; Alimentos e D\u00edzimo<\/a><\/li><li class=\"wp-block-pages-list__item\"><a class=\"wp-block-pages-list__item__link\" href=\"https:\/\/bibliapresente.com\/postagens\/livros-da-biblia\/deuteronomio\/deuteronomio-15\/\">Deuteron\u00f4mio 15 &#8211; O Ano da Remiss\u00e3o<\/a><\/li><li class=\"wp-block-pages-list__item\"><a class=\"wp-block-pages-list__item__link\" href=\"https:\/\/bibliapresente.com\/postagens\/livros-da-biblia\/deuteronomio\/deuteronomio-16\/\">Deuteron\u00f4mio 16 &#8211; As Festas Anuais<\/a><\/li><li class=\"wp-block-pages-list__item\"><a class=\"wp-block-pages-list__item__link\" href=\"https:\/\/bibliapresente.com\/postagens\/livros-da-biblia\/deuteronomio\/deuteronomio-17\/\">Deuteron\u00f4mio 17 &#8211; Reis e Sacerdotes<\/a><\/li><li class=\"wp-block-pages-list__item\"><a class=\"wp-block-pages-list__item__link\" href=\"https:\/\/bibliapresente.com\/postagens\/livros-da-biblia\/deuteronomio\/deuteronomio-18\/\">Deuteron\u00f4mio 18 &#8211; Direitos dos Sacerdotes<\/a><\/li><li class=\"wp-block-pages-list__item\"><a class=\"wp-block-pages-list__item__link\" href=\"https:\/\/bibliapresente.com\/postagens\/livros-da-biblia\/deuteronomio\/deuteronomio-19\/\">Deuteron\u00f4mio 19 &#8211; Ref\u00fagio e Testemunhas<\/a><\/li><li class=\"wp-block-pages-list__item\"><a class=\"wp-block-pages-list__item__link\" href=\"https:\/\/bibliapresente.com\/postagens\/livros-da-biblia\/deuteronomio\/deuteronomio-20\/\">Deuteron\u00f4mio 20 &#8211; Leis para a Guerra<\/a><\/li><li class=\"wp-block-pages-list__item\"><a class=\"wp-block-pages-list__item__link\" href=\"https:\/\/bibliapresente.com\/postagens\/livros-da-biblia\/deuteronomio\/deuteronomio-21\/\">Deuteron\u00f4mio 21 &#8211; Leis para a Justi\u00e7a<\/a><\/li><li class=\"wp-block-pages-list__item\"><a class=\"wp-block-pages-list__item__link\" href=\"https:\/\/bibliapresente.com\/postagens\/livros-da-biblia\/deuteronomio\/deuteronomio-22\/\">Deuteron\u00f4mio 22 &#8211; Regras para Conduta<\/a><\/li><li class=\"wp-block-pages-list__item\"><a class=\"wp-block-pages-list__item__link\" href=\"https:\/\/bibliapresente.com\/postagens\/livros-da-biblia\/deuteronomio\/deuteronomio-23\/\">Deuteron\u00f4mio 23 &#8211; Leis da Congrega\u00e7\u00e3o<\/a><\/li><li class=\"wp-block-pages-list__item\"><a class=\"wp-block-pages-list__item__link\" href=\"https:\/\/bibliapresente.com\/postagens\/livros-da-biblia\/deuteronomio\/deuteronomio-24\/\">Deuteron\u00f4mio 24 &#8211; Fam\u00edlia e Justi\u00e7a Social<\/a><\/li><li class=\"wp-block-pages-list__item\"><a class=\"wp-block-pages-list__item__link\" href=\"https:\/\/bibliapresente.com\/postagens\/livros-da-biblia\/deuteronomio\/deuteronomio-25\/\">Deuteron\u00f4mio 25 &#8211; Leis sobre Retalia\u00e7\u00e3o<\/a><\/li><li class=\"wp-block-pages-list__item\"><a class=\"wp-block-pages-list__item__link\" href=\"https:\/\/bibliapresente.com\/postagens\/livros-da-biblia\/deuteronomio\/deuteronomio-26\/\">Deuteron\u00f4mio 26 &#8211; A Fidelidade a Deus<\/a><\/li><li class=\"wp-block-pages-list__item\"><a class=\"wp-block-pages-list__item__link\" href=\"https:\/\/bibliapresente.com\/postagens\/livros-da-biblia\/deuteronomio\/deuteronomio-27\/\">Deuteron\u00f4mio 27 &#8211; Maldi\u00e7\u00f5es no Monte Ebal<\/a><\/li><li class=\"wp-block-pages-list__item\"><a class=\"wp-block-pages-list__item__link\" href=\"https:\/\/bibliapresente.com\/postagens\/livros-da-biblia\/deuteronomio\/deuteronomio-28\/\">Deuteron\u00f4mio 28 &#8211; Sobre a Alian\u00e7a<\/a><\/li><li class=\"wp-block-pages-list__item\"><a class=\"wp-block-pages-list__item__link\" href=\"https:\/\/bibliapresente.com\/postagens\/livros-da-biblia\/deuteronomio\/deuteronomio-29\/\">Deuteron\u00f4mio 29 &#8211; Renova\u00e7\u00e3o da Alian\u00e7a<\/a><\/li><li class=\"wp-block-pages-list__item\"><a class=\"wp-block-pages-list__item__link\" href=\"https:\/\/bibliapresente.com\/postagens\/livros-da-biblia\/deuteronomio\/deuteronomio-30\/\">Deuteron\u00f4mio 30 &#8211; Promessa de Restaura\u00e7\u00e3o<\/a><\/li><li class=\"wp-block-pages-list__item\"><a class=\"wp-block-pages-list__item__link\" href=\"https:\/\/bibliapresente.com\/postagens\/livros-da-biblia\/deuteronomio\/deuteronomio-31\/\">Deuteron\u00f4mio 31 &#8211; Mois\u00e9s Prepara Josu\u00e9<\/a><\/li><li class=\"wp-block-pages-list__item\"><a class=\"wp-block-pages-list__item__link\" href=\"https:\/\/bibliapresente.com\/postagens\/livros-da-biblia\/deuteronomio\/deuteronomio-32\/\">Deuteron\u00f4mio 32 &#8211; O C\u00e2ntico de Mois\u00e9s<\/a><\/li><li class=\"wp-block-pages-list__item\"><a class=\"wp-block-pages-list__item__link\" href=\"https:\/\/bibliapresente.com\/postagens\/livros-da-biblia\/deuteronomio\/deuteronomio-33\/\">Deuteron\u00f4mio 33 &#8211; B\u00ean\u00e7\u00e3os de Mois\u00e9s<\/a><\/li><li class=\"wp-block-pages-list__item\"><a class=\"wp-block-pages-list__item__link\" href=\"https:\/\/bibliapresente.com\/postagens\/livros-da-biblia\/deuteronomio\/deuteronomio-34\/\">Deuteron\u00f4mio 34 &#8211; A Morte de Mois\u00e9s<\/a><\/li><\/ul>\n\n\n<p><\/p>\n","protected":false},"excerpt":{"rendered":"<p>1 Guardar\u00e1s o m\u00eas de Abibe, e far\u00e1s p\u00e1scoa ao SENHOR teu Deus: porque no m\u00eas de Abibe te tirou o SENHOR teu Deus do Egito de noite. 2 E sacrificar\u00e1s a p\u00e1scoa ao SENHOR teu Deus, das ovelhas e das vacas, no lugar que o SENHOR escolher para fazer habitar ali seu nome. 3 &hellip; <\/p>\n","protected":false},"author":2,"featured_media":848,"parent":847,"menu_order":16,"comment_status":"closed","ping_status":"closed","template":"","meta":{"om_disable_all_campaigns":false,"_monsterinsights_skip_tracking":false,"_monsterinsights_sitenote_active":false,"_monsterinsights_sitenote_note":"","_monsterinsights_sitenote_category":0,"footnotes":""},"class_list":["post-880","page","type-page","status-publish","has-post-thumbnail","hentry"],"aioseo_notices":[],"_links":{"self":[{"href":"https:\/\/bibliapresente.com\/postagens\/wp-json\/wp\/v2\/pages\/880","targetHints":{"allow":["GET"]}}],"collection":[{"href":"https:\/\/bibliapresente.com\/postagens\/wp-json\/wp\/v2\/pages"}],"about":[{"href":"https:\/\/bibliapresente.com\/postagens\/wp-json\/wp\/v2\/types\/page"}],"author":[{"embeddable":true,"href":"https:\/\/bibliapresente.com\/postagens\/wp-json\/wp\/v2\/users\/2"}],"replies":[{"embeddable":true,"href":"https:\/\/bibliapresente.com\/postagens\/wp-json\/wp\/v2\/comments?post=880"}],"version-history":[{"count":5,"href":"https:\/\/bibliapresente.com\/postagens\/wp-json\/wp\/v2\/pages\/880\/revisions"}],"predecessor-version":[{"id":1568,"href":"https:\/\/bibliapresente.com\/postagens\/wp-json\/wp\/v2\/pages\/880\/revisions\/1568"}],"up":[{"embeddable":true,"href":"https:\/\/bibliapresente.com\/postagens\/wp-json\/wp\/v2\/pages\/847"}],"wp:featuredmedia":[{"embeddable":true,"href":"https:\/\/bibliapresente.com\/postagens\/wp-json\/wp\/v2\/media\/848"}],"wp:attachment":[{"href":"https:\/\/bibliapresente.com\/postagens\/wp-json\/wp\/v2\/media?parent=880"}],"curies":[{"name":"wp","href":"https:\/\/api.w.org\/{rel}","templated":true}]}}