{"id":860,"date":"2025-02-07T14:27:20","date_gmt":"2025-02-07T17:27:20","guid":{"rendered":"https:\/\/bibliapresente.com\/postagens\/?page_id=860"},"modified":"2025-02-07T14:27:20","modified_gmt":"2025-02-07T17:27:20","slug":"deuteronomio-6","status":"publish","type":"page","link":"https:\/\/bibliapresente.com\/postagens\/livros-da-biblia\/deuteronomio\/deuteronomio-6\/","title":{"rendered":"Deuteron\u00f4mio 6 &#8211; Mandamento: Amar a Deus"},"content":{"rendered":"\n<p class=\"has-medium-font-size\" style=\"letter-spacing:1px\"><span><span><sup><b>1<\/b><\/sup><\/span> Estes, pois s\u00e3o os mandamentos, estatutos, e regulamentos que o SENHOR vosso Deus mandou que vos ensinasse, para que os ponhais por obra na terra \u00e0 qual passais v\u00f3s para possu\u00ed-la: <br><span><sup><b>2<\/b><\/sup><\/span> Para que temas ao SENHOR teu Deus, guardando todos os seus estatutos e seus mandamentos que eu te mando, tu, e teu filho, e o filho de teu filho, todos os dias de tua vida, e que teus dias sejam prolongados. <br><span><sup><b>3<\/b><\/sup><\/span> Ouve, pois, \u00f3 Israel, e cuida de pratic\u00e1-los, para que te v\u00e1 bem, e sejais multiplicados, como te disse o SENHOR o Deus de teus pais, na terra que destila leite e mel. <br><span><sup><b>4<\/b><\/sup><\/span> Ouve, Israel: o SENHOR nosso Deus, o SENHOR um \u00e9: <br><span><sup><b>5<\/b><\/sup><\/span> E Amar\u00e1s ao SENHOR teu Deus de todo teu cora\u00e7\u00e3o, e de toda tua alma, e com todo tua poder. <br><span><sup><b>6<\/b><\/sup><\/span> E estas palavras que eu te mando hoje, estar\u00e3o sobre teu cora\u00e7\u00e3o: <br><span><sup><b>7<\/b><\/sup><\/span> E as repetir\u00e1s a teus filhos, e falar\u00e1s delas estando em tua casa, e andando pelo caminho, e ao deitar-te, e quando te levantes: <br><span><sup><b>8<\/b><\/sup><\/span> E h\u00e1s de at\u00e1-las por sinal em tua m\u00e3o, e estar\u00e3o por frontais entre teus olhos: <br><span><sup><b>9<\/b><\/sup><\/span> E as escrever\u00e1s nos umbrais de tua casa, e em tuas entradas. <br><span><sup><b>10<\/b><\/sup><\/span> E ser\u00e1, quando o SENHOR teu Deus te houver introduzido na terra que jurou a teus pais Abra\u00e3o, Isaque, e Jac\u00f3, que te daria; em cidades grandes e boas que tu n\u00e3o edificaste, <br><span><sup><b>11<\/b><\/sup><\/span> E casas cheias de todo ainda que tu n\u00e3o encheste, e cisternas cavadas, que tu n\u00e3o cavaste, vinhas e olivais que n\u00e3o plantaste: logo que comeres e te fartares, <br><span><sup><b>12<\/b><\/sup><\/span> Guarda-te que n\u00e3o te esque\u00e7as do SENHOR, que te tirou da terra do Egito, de casa de servos. <br><span><sup><b>13<\/b><\/sup><\/span> Ao SENHOR teu Deus temer\u00e1s, e a ele servir\u00e1s, e por seu nome jurar\u00e1s. <br><span><sup><b>14<\/b><\/sup><\/span> N\u00e3o andareis ap\u00f3s deuses alheios, dos deuses dos povos que est\u00e3o em vossos entornos: <br><span><sup><b>15<\/b><\/sup><\/span> Porque o Deus zeloso, o SENHOR teu Deus, em meio de ti est\u00e1; para que n\u00e3o se inflame o furor do SENHOR teu Deus contra ti, e te destrua de sobre a face da terra. <br><span><sup><b>16<\/b><\/sup><\/span> N\u00e3o tentareis ao SENHOR vosso Deus, como o tentastes em Mass\u00e1. <br><span><sup><b>17<\/b><\/sup><\/span> Guardai cuidadosamente os mandamentos do SENHOR vosso Deus, e seus testemunhos, e seus estatutos, que te mandou. <br><span><sup><b>18<\/b><\/sup><\/span> E far\u00e1s o correto e bom aos olhos do SENHOR, para que te v\u00e1 bem, e entres e possuas a boa terra que o SENHOR jurou a teus pais; <br><span><sup><b>19<\/b><\/sup><\/span> Para que ele expulse a todos os seus inimigos de diante de ti, como o SENHOR disse. <br><span><sup><b>20<\/b><\/sup><\/span> Quando amanh\u00e3 te perguntar teu filho, dizendo: Que significam os testemunhos, e estatutos, e regulamentos, que o SENHOR nosso Deus vos mandou? <br><span><sup><b>21<\/b><\/sup><\/span> Ent\u00e3o dir\u00e1s a teu filho: N\u00f3s \u00e9ramos servos de Fara\u00f3 no Egito, e o SENHOR tirou do Egito com m\u00e3o forte; <br><span><sup><b>22<\/b><\/sup><\/span> E deu o SENHOR sinais e milagres grandes e nocivos no Egito, sobre Fara\u00f3 e sobre toda sua casa, diante de nossos olhos; <br><span><sup><b>23<\/b><\/sup><\/span> E tirou-nos dali, para trazer-nos e dar-nos a terra que jurou a nossos pais; <br><span><sup><b>24<\/b><\/sup><\/span> E mandou-nos o SENHOR que execut\u00e1ssemos todos estes estatutos, e que temamos ao SENHOR nosso Deus, para que nos v\u00e1 bem todos os dias, e para que nos d\u00ea vida, como hoje. <br><span><sup><b>25<\/b><\/sup><\/span> E teremos justi\u00e7a quando cuidarmos de p\u00f4r por obra todos estes mandamentos diante do SENHOR nosso Deus, como ele nos mandou.<\/span><\/p>\n\n\n\n<div class=\"wp-block-columns is-layout-flex wp-container-core-columns-is-layout-9d6595d7 wp-block-columns-is-layout-flex\">\n<div class=\"wp-block-column is-layout-flow wp-block-column-is-layout-flow\">\n<p><a href=\"\/deuteronomio-5\" title=\"\">Deuteron\u00f4mio 5<\/a><\/p>\n<\/div>\n\n\n\n<div class=\"wp-block-column is-layout-flow wp-block-column-is-layout-flow\">\n<p class=\"has-text-align-right\"><a href=\"\/deuteronomio-3\" title=\"\"><\/a><a href=\"\/deuteronomio-7\" title=\"\">Deuteron\u00f4mio 7<\/a><\/p>\n<\/div>\n<\/div>\n\n\n\n<h2 class=\"wp-block-heading\">Descri\u00e7\u00e3o &#8211; Deuteron\u00f4mio 6<\/h2>\n\n\n\n<p class=\"has-medium-font-size\">Deuteron\u00f4mio 6 destaca a import\u00e2ncia da obedi\u00eancia \u00e0 Lei de Deus e introduz o Shem\u00e1, uma das ora\u00e7\u00f5es mais importantes do juda\u00edsmo: \u201cOuve, Israel, o Senhor nosso Deus \u00e9 o \u00fanico Senhor\u201d. Mois\u00e9s instrui o povo a amar a Deus de todo o cora\u00e7\u00e3o, alma e for\u00e7a, ensinando Seus mandamentos continuamente \u00e0s futuras gera\u00e7\u00f5es. O cap\u00edtulo alerta contra o esquecimento de Deus ao entrarem na Terra Prometida e enfatiza a fidelidade como chave para b\u00ean\u00e7\u00e3os duradouras. Essa passagem refor\u00e7a a necessidade de um compromisso sincero com Deus, vinculando obedi\u00eancia, amor e temor ao Senhor na vida di\u00e1ria de Israel.<\/p>\n\n\n\n<h3 class=\"wp-block-heading\">Livro do Deuteron\u00f4mio:<\/h3>\n\n\n<ul class=\"wp-block-page-list\"><li class=\"wp-block-pages-list__item\"><a class=\"wp-block-pages-list__item__link\" href=\"https:\/\/bibliapresente.com\/postagens\/livros-da-biblia\/deuteronomio\/deuteronomio-1\/\">Deuteron\u00f4mio 1 &#8211; A Jornada no Deserto<\/a><\/li><li class=\"wp-block-pages-list__item\"><a class=\"wp-block-pages-list__item__link\" href=\"https:\/\/bibliapresente.com\/postagens\/livros-da-biblia\/deuteronomio\/deuteronomio-2\/\">Deuteron\u00f4mio 2 &#8211; Vit\u00f3rias em Seom e Ogue<\/a><\/li><li class=\"wp-block-pages-list__item\"><a class=\"wp-block-pages-list__item__link\" href=\"https:\/\/bibliapresente.com\/postagens\/livros-da-biblia\/deuteronomio\/deuteronomio-3\/\">Deuteron\u00f4mio 3 &#8211; Revis\u00e3o das Conquistas<\/a><\/li><li class=\"wp-block-pages-list__item\"><a class=\"wp-block-pages-list__item__link\" href=\"https:\/\/bibliapresente.com\/postagens\/livros-da-biblia\/deuteronomio\/deuteronomio-4\/\">Deuteron\u00f4mio 4 &#8211; Advert\u00eancias<\/a><\/li><li class=\"wp-block-pages-list__item\"><a class=\"wp-block-pages-list__item__link\" href=\"https:\/\/bibliapresente.com\/postagens\/livros-da-biblia\/deuteronomio\/deuteronomio-5\/\">Deuteron\u00f4mio 5 &#8211; Os Dez Mandamentos<\/a><\/li><li class=\"wp-block-pages-list__item\"><a class=\"wp-block-pages-list__item__link\" href=\"https:\/\/bibliapresente.com\/postagens\/livros-da-biblia\/deuteronomio\/deuteronomio-6\/\">Deuteron\u00f4mio 6 &#8211; Mandamento: Amar a Deus<\/a><\/li><li class=\"wp-block-pages-list__item\"><a class=\"wp-block-pages-list__item__link\" href=\"https:\/\/bibliapresente.com\/postagens\/livros-da-biblia\/deuteronomio\/deuteronomio-7\/\">Deuteron\u00f4mio 7 &#8211; Israel, o Povo Escolhido<\/a><\/li><li class=\"wp-block-pages-list__item\"><a class=\"wp-block-pages-list__item__link\" href=\"https:\/\/bibliapresente.com\/postagens\/livros-da-biblia\/deuteronomio\/deuteronomio-8\/\">Deuteron\u00f4mio 8 &#8211; Guardar os Mandamentos<\/a><\/li><li class=\"wp-block-pages-list__item\"><a class=\"wp-block-pages-list__item__link\" href=\"https:\/\/bibliapresente.com\/postagens\/livros-da-biblia\/deuteronomio\/deuteronomio-9\/\">Deuteron\u00f4mio 9 &#8211; Rebeli\u00f5es de Israel<\/a><\/li><li class=\"wp-block-pages-list__item\"><a class=\"wp-block-pages-list__item__link\" href=\"https:\/\/bibliapresente.com\/postagens\/livros-da-biblia\/deuteronomio\/deuteronomio-10\/\">Deuteron\u00f4mio 10 &#8211; A Arca da Alian\u00e7a<\/a><\/li><li class=\"wp-block-pages-list__item\"><a class=\"wp-block-pages-list__item__link\" href=\"https:\/\/bibliapresente.com\/postagens\/livros-da-biblia\/deuteronomio\/deuteronomio-11\/\">Deuteron\u00f4mio 11 &#8211; B\u00ean\u00e7\u00e3os da Obedi\u00eancia<\/a><\/li><li class=\"wp-block-pages-list__item\"><a class=\"wp-block-pages-list__item__link\" href=\"https:\/\/bibliapresente.com\/postagens\/livros-da-biblia\/deuteronomio\/deuteronomio-12\/\">Deuteron\u00f4mio 12 &#8211; O Lugar de Adora\u00e7\u00e3o<\/a><\/li><li class=\"wp-block-pages-list__item\"><a class=\"wp-block-pages-list__item__link\" href=\"https:\/\/bibliapresente.com\/postagens\/livros-da-biblia\/deuteronomio\/deuteronomio-13\/\">Deuteron\u00f4mio 13 &#8211; Contra Falsos Profetas<\/a><\/li><li class=\"wp-block-pages-list__item\"><a class=\"wp-block-pages-list__item__link\" href=\"https:\/\/bibliapresente.com\/postagens\/livros-da-biblia\/deuteronomio\/deuteronomio-14\/\">Deuteron\u00f4mio 14 &#8211; Alimentos e D\u00edzimo<\/a><\/li><li class=\"wp-block-pages-list__item\"><a class=\"wp-block-pages-list__item__link\" href=\"https:\/\/bibliapresente.com\/postagens\/livros-da-biblia\/deuteronomio\/deuteronomio-15\/\">Deuteron\u00f4mio 15 &#8211; O Ano da Remiss\u00e3o<\/a><\/li><li class=\"wp-block-pages-list__item\"><a class=\"wp-block-pages-list__item__link\" href=\"https:\/\/bibliapresente.com\/postagens\/livros-da-biblia\/deuteronomio\/deuteronomio-16\/\">Deuteron\u00f4mio 16 &#8211; As Festas Anuais<\/a><\/li><li class=\"wp-block-pages-list__item\"><a class=\"wp-block-pages-list__item__link\" href=\"https:\/\/bibliapresente.com\/postagens\/livros-da-biblia\/deuteronomio\/deuteronomio-17\/\">Deuteron\u00f4mio 17 &#8211; Reis e Sacerdotes<\/a><\/li><li class=\"wp-block-pages-list__item\"><a class=\"wp-block-pages-list__item__link\" href=\"https:\/\/bibliapresente.com\/postagens\/livros-da-biblia\/deuteronomio\/deuteronomio-18\/\">Deuteron\u00f4mio 18 &#8211; Direitos dos Sacerdotes<\/a><\/li><li class=\"wp-block-pages-list__item\"><a class=\"wp-block-pages-list__item__link\" href=\"https:\/\/bibliapresente.com\/postagens\/livros-da-biblia\/deuteronomio\/deuteronomio-19\/\">Deuteron\u00f4mio 19 &#8211; Ref\u00fagio e Testemunhas<\/a><\/li><li class=\"wp-block-pages-list__item\"><a class=\"wp-block-pages-list__item__link\" href=\"https:\/\/bibliapresente.com\/postagens\/livros-da-biblia\/deuteronomio\/deuteronomio-20\/\">Deuteron\u00f4mio 20 &#8211; Leis para a Guerra<\/a><\/li><li class=\"wp-block-pages-list__item\"><a class=\"wp-block-pages-list__item__link\" href=\"https:\/\/bibliapresente.com\/postagens\/livros-da-biblia\/deuteronomio\/deuteronomio-21\/\">Deuteron\u00f4mio 21 &#8211; Leis para a Justi\u00e7a<\/a><\/li><li class=\"wp-block-pages-list__item\"><a class=\"wp-block-pages-list__item__link\" href=\"https:\/\/bibliapresente.com\/postagens\/livros-da-biblia\/deuteronomio\/deuteronomio-22\/\">Deuteron\u00f4mio 22 &#8211; Regras para Conduta<\/a><\/li><li class=\"wp-block-pages-list__item\"><a class=\"wp-block-pages-list__item__link\" href=\"https:\/\/bibliapresente.com\/postagens\/livros-da-biblia\/deuteronomio\/deuteronomio-23\/\">Deuteron\u00f4mio 23 &#8211; Leis da Congrega\u00e7\u00e3o<\/a><\/li><li class=\"wp-block-pages-list__item\"><a class=\"wp-block-pages-list__item__link\" href=\"https:\/\/bibliapresente.com\/postagens\/livros-da-biblia\/deuteronomio\/deuteronomio-24\/\">Deuteron\u00f4mio 24 &#8211; Fam\u00edlia e Justi\u00e7a Social<\/a><\/li><li class=\"wp-block-pages-list__item\"><a class=\"wp-block-pages-list__item__link\" href=\"https:\/\/bibliapresente.com\/postagens\/livros-da-biblia\/deuteronomio\/deuteronomio-25\/\">Deuteron\u00f4mio 25 &#8211; Leis sobre Retalia\u00e7\u00e3o<\/a><\/li><li class=\"wp-block-pages-list__item\"><a class=\"wp-block-pages-list__item__link\" href=\"https:\/\/bibliapresente.com\/postagens\/livros-da-biblia\/deuteronomio\/deuteronomio-26\/\">Deuteron\u00f4mio 26 &#8211; A Fidelidade a Deus<\/a><\/li><li class=\"wp-block-pages-list__item\"><a class=\"wp-block-pages-list__item__link\" href=\"https:\/\/bibliapresente.com\/postagens\/livros-da-biblia\/deuteronomio\/deuteronomio-27\/\">Deuteron\u00f4mio 27 &#8211; Maldi\u00e7\u00f5es no Monte Ebal<\/a><\/li><li class=\"wp-block-pages-list__item\"><a class=\"wp-block-pages-list__item__link\" href=\"https:\/\/bibliapresente.com\/postagens\/livros-da-biblia\/deuteronomio\/deuteronomio-28\/\">Deuteron\u00f4mio 28 &#8211; Sobre a Alian\u00e7a<\/a><\/li><li class=\"wp-block-pages-list__item\"><a class=\"wp-block-pages-list__item__link\" href=\"https:\/\/bibliapresente.com\/postagens\/livros-da-biblia\/deuteronomio\/deuteronomio-29\/\">Deuteron\u00f4mio 29 &#8211; Renova\u00e7\u00e3o da Alian\u00e7a<\/a><\/li><li class=\"wp-block-pages-list__item\"><a class=\"wp-block-pages-list__item__link\" href=\"https:\/\/bibliapresente.com\/postagens\/livros-da-biblia\/deuteronomio\/deuteronomio-30\/\">Deuteron\u00f4mio 30 &#8211; Promessa de Restaura\u00e7\u00e3o<\/a><\/li><li class=\"wp-block-pages-list__item\"><a class=\"wp-block-pages-list__item__link\" href=\"https:\/\/bibliapresente.com\/postagens\/livros-da-biblia\/deuteronomio\/deuteronomio-31\/\">Deuteron\u00f4mio 31 &#8211; Mois\u00e9s Prepara Josu\u00e9<\/a><\/li><li class=\"wp-block-pages-list__item\"><a class=\"wp-block-pages-list__item__link\" href=\"https:\/\/bibliapresente.com\/postagens\/livros-da-biblia\/deuteronomio\/deuteronomio-32\/\">Deuteron\u00f4mio 32 &#8211; O C\u00e2ntico de Mois\u00e9s<\/a><\/li><li class=\"wp-block-pages-list__item\"><a class=\"wp-block-pages-list__item__link\" href=\"https:\/\/bibliapresente.com\/postagens\/livros-da-biblia\/deuteronomio\/deuteronomio-33\/\">Deuteron\u00f4mio 33 &#8211; B\u00ean\u00e7\u00e3os de Mois\u00e9s<\/a><\/li><li class=\"wp-block-pages-list__item\"><a class=\"wp-block-pages-list__item__link\" href=\"https:\/\/bibliapresente.com\/postagens\/livros-da-biblia\/deuteronomio\/deuteronomio-34\/\">Deuteron\u00f4mio 34 &#8211; A Morte de Mois\u00e9s<\/a><\/li><\/ul>\n\n\n<p><\/p>\n","protected":false},"excerpt":{"rendered":"<p>1 Estes, pois s\u00e3o os mandamentos, estatutos, e regulamentos que o SENHOR vosso Deus mandou que vos ensinasse, para que os ponhais por obra na terra \u00e0 qual passais v\u00f3s para possu\u00ed-la: 2 Para que temas ao SENHOR teu Deus, guardando todos os seus estatutos e seus mandamentos que eu te mando, tu, e teu &hellip; <\/p>\n","protected":false},"author":2,"featured_media":848,"parent":847,"menu_order":6,"comment_status":"closed","ping_status":"closed","template":"","meta":{"om_disable_all_campaigns":false,"_monsterinsights_skip_tracking":false,"_monsterinsights_sitenote_active":false,"_monsterinsights_sitenote_note":"","_monsterinsights_sitenote_category":0,"footnotes":""},"class_list":["post-860","page","type-page","status-publish","has-post-thumbnail","hentry"],"aioseo_notices":[],"_links":{"self":[{"href":"https:\/\/bibliapresente.com\/postagens\/wp-json\/wp\/v2\/pages\/860","targetHints":{"allow":["GET"]}}],"collection":[{"href":"https:\/\/bibliapresente.com\/postagens\/wp-json\/wp\/v2\/pages"}],"about":[{"href":"https:\/\/bibliapresente.com\/postagens\/wp-json\/wp\/v2\/types\/page"}],"author":[{"embeddable":true,"href":"https:\/\/bibliapresente.com\/postagens\/wp-json\/wp\/v2\/users\/2"}],"replies":[{"embeddable":true,"href":"https:\/\/bibliapresente.com\/postagens\/wp-json\/wp\/v2\/comments?post=860"}],"version-history":[{"count":6,"href":"https:\/\/bibliapresente.com\/postagens\/wp-json\/wp\/v2\/pages\/860\/revisions"}],"predecessor-version":[{"id":1558,"href":"https:\/\/bibliapresente.com\/postagens\/wp-json\/wp\/v2\/pages\/860\/revisions\/1558"}],"up":[{"embeddable":true,"href":"https:\/\/bibliapresente.com\/postagens\/wp-json\/wp\/v2\/pages\/847"}],"wp:featuredmedia":[{"embeddable":true,"href":"https:\/\/bibliapresente.com\/postagens\/wp-json\/wp\/v2\/media\/848"}],"wp:attachment":[{"href":"https:\/\/bibliapresente.com\/postagens\/wp-json\/wp\/v2\/media?parent=860"}],"curies":[{"name":"wp","href":"https:\/\/api.w.org\/{rel}","templated":true}]}}