{"id":856,"date":"2025-02-07T14:25:30","date_gmt":"2025-02-07T17:25:30","guid":{"rendered":"https:\/\/bibliapresente.com\/postagens\/?page_id=856"},"modified":"2025-02-07T14:25:31","modified_gmt":"2025-02-07T17:25:31","slug":"deuteronomio-4","status":"publish","type":"page","link":"https:\/\/bibliapresente.com\/postagens\/livros-da-biblia\/deuteronomio\/deuteronomio-4\/","title":{"rendered":"Deuteron\u00f4mio 4 &#8211; Advert\u00eancias"},"content":{"rendered":"\n<p class=\"has-medium-font-size\" style=\"letter-spacing:1px\"><span><span><sup><b>1<\/b><\/sup><\/span> Agora, pois, \u00f3 Israel, ouve os estatutos e regulamentos que eu vos ensino, para que os executeis, e vivais, e entreis, e possuais a terra que o SENHOR o Deus de vossos pais te d\u00e1. <br><span><sup><b>2<\/b><\/sup><\/span> N\u00e3o acrescentareis \u00e0 palavra que eu vos mando, nem diminuireis dela, para que guardeis os mandamentos do SENHOR vosso Deus que eu vos ordeno. <br><span><sup><b>3<\/b><\/sup><\/span> Vossos olhos viram o que fez o SENHOR por motivo de Baal-Peor; que a todo homem que foi atr\u00e1s de Baal-Peor destruiu o SENHOR teu Deus do meio de ti. <br><span><sup><b>4<\/b><\/sup><\/span> Mas v\u00f3s que vos achegastes ao SENHOR vosso Deus, todos estais vivos hoje. <br><span><sup><b>5<\/b><\/sup><\/span> Olhai, eu vos ensinei estatutos e regulamentos, como o SENHOR meu Deus me mandou, para que fa\u00e7ais assim em meio da terra na qual entrais para possu\u00ed-la. <br><span><sup><b>6<\/b><\/sup><\/span> Guardai-os, pois, e ponde-os por obra: porque esta \u00e9 vossa sabedoria e vossa intelig\u00eancia aos olhos dos povos, os quais ouvir\u00e3o todos estes estatutos, e dir\u00e3o: Certamente povo s\u00e1bio e entendido, gente grande \u00e9 esta. <br><span><sup><b>7<\/b><\/sup><\/span> Porque que gente grande h\u00e1 que tenha os deuses pr\u00f3ximo a si, como o est\u00e1 o SENHOR nosso Deus em tudo quanto lhe pedimos? <br><span><sup><b>8<\/b><\/sup><\/span> E que gente grande h\u00e1 que tenha estatutos e regulamentos justos, como \u00e9 toda esta lei que eu ponho hoje diante de v\u00f3s? <br><span><sup><b>9<\/b><\/sup><\/span> Portanto, guarda-te, e guarda tua alma com empenho, que n\u00e3o te esque\u00e7as das coisas que teus olhos viram, nem se apartem de teu cora\u00e7\u00e3o todos os dias de tua vida: e as ensinar\u00e1s a teus filhos, e aos filhos de teus filhos; <br><span><sup><b>10<\/b><\/sup><\/span> No dia que estiveste diante do SENHOR teu Deus em Horebe, quando o SENHOR me disse: Junta-me o povo, para que eu lhes fa\u00e7a ouvir minhas palavras, as quais aprender\u00e3o, para temer-me todos os dias que viverem sobre a terra: e as ensinar\u00e3o a seus filhos; <br><span><sup><b>11<\/b><\/sup><\/span> E vos aproximastes, e vos pusestes ao p\u00e9 do monte; e o monte ardia em fogo at\u00e9 em meio dos c\u00e9us com trevas, nuvem, e escurid\u00e3o. <br><span><sup><b>12<\/b><\/sup><\/span> E falou o SENHOR convosco do meio do fogo: ouvistes a voz de suas palavras, mas a exce\u00e7\u00e3o de ouvir a voz, nenhuma forma vistes: <br><span><sup><b>13<\/b><\/sup><\/span> E ele vos anunciou seu pacto, o qual vos mandou p\u00f4r por obra, os dez mandamentos; e escreveu-os em duas t\u00e1buas de pedra. <br><span><sup><b>14<\/b><\/sup><\/span> A mim tamb\u00e9m me mandou o SENHOR ent\u00e3o ensinar-vos os estatutos e regulamentos, para que os pusestes por obra na terra \u00e0 qual passais para possu\u00ed-la. <br><span><sup><b>15<\/b><\/sup><\/span> Guardai pois muito vossas almas: pois nenhuma forma vistes no dia que o SENHOR falou convosco do meio do fogo: <br><span><sup><b>16<\/b><\/sup><\/span> Para que n\u00e3o vos corrompais, e fa\u00e7ais para v\u00f3s escultura, imagem de forma alguma, ef\u00edgie de macho ou f\u00eamea, <br><span><sup><b>17<\/b><\/sup><\/span> Figura de algum animal que seja na terra, forma de ave alguma de asas que voe pelo ar, <br><span><sup><b>18<\/b><\/sup><\/span> Figura de nenhum animal que v\u00e1 arrastando pela terra, forma de peixe algum que haja na \u00e1gua debaixo da terra: <br><span><sup><b>19<\/b><\/sup><\/span> E para que levantando teus olhos ao c\u00e9u, e vendo o sol e a lua e as estrelas, e todo o ex\u00e9rcito do c\u00e9u, n\u00e3o sejas incitado, e te inclines a eles, e lhes sirvas; que o SENHOR teu Deus os concedeu a todos os povos debaixo de todos os c\u00e9us. <br><span><sup><b>20<\/b><\/sup><\/span> Por\u00e9m a v\u00f3s o SENHOR vos tomou, e vos tirou do forno de ferro, do Egito, para que lhe sejais por povo de heran\u00e7a como neste dia. <br><span><sup><b>21<\/b><\/sup><\/span> E o SENHOR se irou contra mim sobre vossos neg\u00f3cios, e jurou que eu n\u00e3o passaria o Jord\u00e3o, nem entraria na boa terra, que o SENHOR teu Deus te d\u00e1 por heran\u00e7a. <br><span><sup><b>22<\/b><\/sup><\/span> Assim eu vou a morrer nesta terra; e n\u00e3o passo o Jord\u00e3o: mas v\u00f3s passareis, e possuireis aquela boa terra. <br><span><sup><b>23<\/b><\/sup><\/span> Guardai-vos que n\u00e3o vos esque\u00e7ais do pacto do SENHOR vosso Deus, que ele estabeleceu convosco, e vos fa\u00e7ais escultura ou imagem de qualquer coisa, que o SENHOR teu Deus te proibiu. <br><span><sup><b>24<\/b><\/sup><\/span> Porque o SENHOR teu Deus \u00e9 fogo que consome, Deus zeloso. <br><span><sup><b>25<\/b><\/sup><\/span> Quando houverdes gerado filhos e netos, e houverdes envelhecido na terra, e vos corromperdes, e fizerdes escultura ou imagem de qualquer coisa, e fizerdes mal aos olhos do SENHOR vosso Deus, para ir\u00e1-lo; <br><span><sup><b>26<\/b><\/sup><\/span> Eu ponho hoje por testemunhas ao c\u00e9u e \u00e0 terra, que logo perecereis totalmente da terra at\u00e9 a qual passais o Jord\u00e3o para possu\u00ed-la: n\u00e3o estareis nela longos dias sem que sejais destru\u00eddos. <br><span><sup><b>27<\/b><\/sup><\/span> E o SENHOR vos espalhar\u00e1 entre os povos, e restareis poucos em n\u00famero entre as na\u00e7\u00f5es \u00e0s quais vos levar\u00e1 o SENHOR: <br><span><sup><b>28<\/b><\/sup><\/span> E servireis ali a deuses feitos das m\u00e3os de homens, a madeira e a pedra, que n\u00e3o vem, nem ouvem, nem comem, nem cheiram. <br><span><sup><b>29<\/b><\/sup><\/span> Mas se desde ali buscares ao SENHOR teu Deus, o achar\u00e1s, se o buscares de todo teu cora\u00e7\u00e3o e de toda tua alma. <br><span><sup><b>30<\/b><\/sup><\/span> Quando estiveres em ang\u00fastia, e te alcan\u00e7arem todas estas coisas, se nos \u00faltimos dias te voltares ao SENHOR teu Deus, e ouvires sua voz; <br><span><sup><b>31<\/b><\/sup><\/span> Porque Deus misericordioso \u00e9 o SENHOR teu Deus; n\u00e3o te deixar\u00e1, nem te destruir\u00e1, nem se esquecer\u00e1 do pacto de teus pais que lhes jurou. <br><span><sup><b>32<\/b><\/sup><\/span> Porque pergunta agora dos tempos passados, que foram antes de ti, desde o dia que criou Deus ao homem sobre a terra, e desde um fim do c\u00e9u ao outro, se se fez coisa semelhante a esta grande coisa, ou se tenha ouvido outra como ela. <br><span><sup><b>33<\/b><\/sup><\/span> Ouviu povo a voz de Deus, que falasse do meio do fogo, como tu a ouviste, e viveste? <br><span><sup><b>34<\/b><\/sup><\/span> Ou experimentou Deus a vir a tomar para si na\u00e7\u00e3o do meio de outra na\u00e7\u00e3o, com provas, com sinais, com milagres, e com guerra, e m\u00e3o forte, e bra\u00e7o estendido, e grandes espantos, segundo todas as coisas que fez convosco o SENHOR vosso Deus no Egito diante de teus olhos? <br><span><sup><b>35<\/b><\/sup><\/span> A ti te foi mostrado, para que soubesses que o SENHOR ele \u00e9 Deus; n\u00e3o h\u00e1 mais al\u00e9m dele. <br><span><sup><b>36<\/b><\/sup><\/span> Dos c\u00e9us te fez ouvir sua voz, para ensinar-te: e sobre a terra te mostrou seu grande fogo: e ouviste suas palavras do meio do fogo. <br><span><sup><b>37<\/b><\/sup><\/span> E porquanto ele amou a teus pais, escolheu sua descend\u00eancia depois deles, e te tirou diante de si do Egito com seu grande poder; <br><span><sup><b>38<\/b><\/sup><\/span> Para lan\u00e7ar de diante de ti na\u00e7\u00f5es grandes e mais fortes que tu, e para te introduzir, e dar-te sua terra por heran\u00e7a, como hoje. <br><span><sup><b>39<\/b><\/sup><\/span> Aprende pois hoje, e medita em teu cora\u00e7\u00e3o que o SENHOR ele \u00e9 o Deus acima no c\u00e9u, e abaixo sobre a terra; n\u00e3o h\u00e1 outro. <br><span><sup><b>40<\/b><\/sup><\/span> E guarda seus estatutos e seus mandamentos, que eu te mando hoje, para que te v\u00e1 bem a ti e a teus filhos depois de ti, e prolongues teus dias sobre a terra que o SENHOR teu Deus te d\u00e1 para sempre. <br><span><sup><b>41<\/b><\/sup><\/span> Ent\u00e3o separou Mois\u00e9s tr\u00eas cidades desta parte do Jord\u00e3o ao oriente, <br><span><sup><b>42<\/b><\/sup><\/span> Para que fugisse ali o homicida que matasse a seu pr\u00f3ximo por acidente, sem haver tido inimizade com ele desde ontem nem antes de ontem; e que fugindo de uma vez destas cidades salvara a vida: <br><span><sup><b>43<\/b><\/sup><\/span> A Bezer no deserto, em terra da plan\u00edcie, dos rubenitas; e a Ramote em Gileade, dos gaditas; e a Gol\u00e3 em Bas\u00e3, dos de Manass\u00e9s. <br><span><sup><b>44<\/b><\/sup><\/span> Esta, pois, \u00e9 a lei que Mois\u00e9s prop\u00f4s diante dos filhos de Israel. <br><span><sup><b>45<\/b><\/sup><\/span> Estes s\u00e3o os testemunhos, e os estatutos, e os regulamentos, que Mois\u00e9s notificou aos filhos de Israel, quando houveram sa\u00eddo do Egito; <br><span><sup><b>46<\/b><\/sup><\/span> Desta parte do Jord\u00e3o, no vale diante de Bete-Peor, na terra de Seom rei dos amorreus, que habitava em Hesbom, ao qual feriu Mois\u00e9s com os filhos de Israel, quando sa\u00edram do Egito: <br><span><sup><b>47<\/b><\/sup><\/span> E possu\u00edram sua terra, e a terra de Ogue rei de Bas\u00e3; dois reis dos amorreus que estavam desta parte do Jord\u00e3o, ao oriente: <br><span><sup><b>48<\/b><\/sup><\/span> Desde Aroer, que est\u00e1 junto \u00e0 beira do ribeiro de Arnom, at\u00e9 o monte de Si\u00e3o, que \u00e9 Hermom; <br><span><sup><b>49<\/b><\/sup><\/span> E toda a plan\u00edcie desta parte do Jord\u00e3o, ao oriente, at\u00e9 o mar da plan\u00edcie, as encostas das \u00e1guas abaixo do Pisga.<\/span><\/p>\n\n\n\n<div class=\"wp-block-columns is-layout-flex wp-container-core-columns-is-layout-9d6595d7 wp-block-columns-is-layout-flex\">\n<div class=\"wp-block-column is-layout-flow wp-block-column-is-layout-flow\">\n<p><a href=\"\/deuteronomio-3\" title=\"\">Deuteron\u00f4mio 3<\/a><\/p>\n<\/div>\n\n\n\n<div class=\"wp-block-column is-layout-flow wp-block-column-is-layout-flow\">\n<p class=\"has-text-align-right\"><a href=\"\/deuteronomio-3\" title=\"\"><\/a><a href=\"\/deuteronomio-5\" title=\"\">Deuteron\u00f4mio 5<\/a><\/p>\n<\/div>\n<\/div>\n\n\n\n<h2 class=\"wp-block-heading\">Descri\u00e7\u00e3o &#8211; Deuteron\u00f4mio 4<\/h2>\n\n\n\n<p class=\"has-medium-font-size\">Deuteron\u00f4mio 4 apresenta um chamado de Mois\u00e9s para que Israel obede\u00e7a fielmente aos mandamentos de Deus. O cap\u00edtulo enfatiza a import\u00e2ncia de n\u00e3o acrescentar nem retirar nada da Lei, destacando a obedi\u00eancia como chave para a b\u00ean\u00e7\u00e3o e a prosperidade na Terra Prometida. Mois\u00e9s relembra a revela\u00e7\u00e3o no Sinai, advertindo contra a idolatria e as consequ\u00eancias da desobedi\u00eancia. Tamb\u00e9m reafirma a unicidade de Deus e Seu amor pelo povo escolhido. O cap\u00edtulo encerra com a designa\u00e7\u00e3o de cidades de ref\u00fagio. Essa passagem refor\u00e7a o compromisso com a alian\u00e7a e a necessidade de fidelidade \u00e0 vontade divina.<\/p>\n\n\n\n<h3 class=\"wp-block-heading\">Livro do Deuteron\u00f4mio:<\/h3>\n\n\n<ul class=\"wp-block-page-list\"><li class=\"wp-block-pages-list__item\"><a class=\"wp-block-pages-list__item__link\" href=\"https:\/\/bibliapresente.com\/postagens\/livros-da-biblia\/deuteronomio\/deuteronomio-1\/\">Deuteron\u00f4mio 1 &#8211; A Jornada no Deserto<\/a><\/li><li class=\"wp-block-pages-list__item\"><a class=\"wp-block-pages-list__item__link\" href=\"https:\/\/bibliapresente.com\/postagens\/livros-da-biblia\/deuteronomio\/deuteronomio-2\/\">Deuteron\u00f4mio 2 &#8211; Vit\u00f3rias em Seom e Ogue<\/a><\/li><li class=\"wp-block-pages-list__item\"><a class=\"wp-block-pages-list__item__link\" href=\"https:\/\/bibliapresente.com\/postagens\/livros-da-biblia\/deuteronomio\/deuteronomio-3\/\">Deuteron\u00f4mio 3 &#8211; Revis\u00e3o das Conquistas<\/a><\/li><li class=\"wp-block-pages-list__item\"><a class=\"wp-block-pages-list__item__link\" href=\"https:\/\/bibliapresente.com\/postagens\/livros-da-biblia\/deuteronomio\/deuteronomio-4\/\">Deuteron\u00f4mio 4 &#8211; Advert\u00eancias<\/a><\/li><li class=\"wp-block-pages-list__item\"><a class=\"wp-block-pages-list__item__link\" href=\"https:\/\/bibliapresente.com\/postagens\/livros-da-biblia\/deuteronomio\/deuteronomio-5\/\">Deuteron\u00f4mio 5 &#8211; Os Dez Mandamentos<\/a><\/li><li class=\"wp-block-pages-list__item\"><a class=\"wp-block-pages-list__item__link\" href=\"https:\/\/bibliapresente.com\/postagens\/livros-da-biblia\/deuteronomio\/deuteronomio-6\/\">Deuteron\u00f4mio 6 &#8211; Mandamento: Amar a Deus<\/a><\/li><li class=\"wp-block-pages-list__item\"><a class=\"wp-block-pages-list__item__link\" href=\"https:\/\/bibliapresente.com\/postagens\/livros-da-biblia\/deuteronomio\/deuteronomio-7\/\">Deuteron\u00f4mio 7 &#8211; Israel, o Povo Escolhido<\/a><\/li><li class=\"wp-block-pages-list__item\"><a class=\"wp-block-pages-list__item__link\" href=\"https:\/\/bibliapresente.com\/postagens\/livros-da-biblia\/deuteronomio\/deuteronomio-8\/\">Deuteron\u00f4mio 8 &#8211; Guardar os Mandamentos<\/a><\/li><li class=\"wp-block-pages-list__item\"><a class=\"wp-block-pages-list__item__link\" href=\"https:\/\/bibliapresente.com\/postagens\/livros-da-biblia\/deuteronomio\/deuteronomio-9\/\">Deuteron\u00f4mio 9 &#8211; Rebeli\u00f5es de Israel<\/a><\/li><li class=\"wp-block-pages-list__item\"><a class=\"wp-block-pages-list__item__link\" href=\"https:\/\/bibliapresente.com\/postagens\/livros-da-biblia\/deuteronomio\/deuteronomio-10\/\">Deuteron\u00f4mio 10 &#8211; A Arca da Alian\u00e7a<\/a><\/li><li class=\"wp-block-pages-list__item\"><a class=\"wp-block-pages-list__item__link\" href=\"https:\/\/bibliapresente.com\/postagens\/livros-da-biblia\/deuteronomio\/deuteronomio-11\/\">Deuteron\u00f4mio 11 &#8211; B\u00ean\u00e7\u00e3os da Obedi\u00eancia<\/a><\/li><li class=\"wp-block-pages-list__item\"><a class=\"wp-block-pages-list__item__link\" href=\"https:\/\/bibliapresente.com\/postagens\/livros-da-biblia\/deuteronomio\/deuteronomio-12\/\">Deuteron\u00f4mio 12 &#8211; O Lugar de Adora\u00e7\u00e3o<\/a><\/li><li class=\"wp-block-pages-list__item\"><a class=\"wp-block-pages-list__item__link\" href=\"https:\/\/bibliapresente.com\/postagens\/livros-da-biblia\/deuteronomio\/deuteronomio-13\/\">Deuteron\u00f4mio 13 &#8211; Contra Falsos Profetas<\/a><\/li><li class=\"wp-block-pages-list__item\"><a class=\"wp-block-pages-list__item__link\" href=\"https:\/\/bibliapresente.com\/postagens\/livros-da-biblia\/deuteronomio\/deuteronomio-14\/\">Deuteron\u00f4mio 14 &#8211; Alimentos e D\u00edzimo<\/a><\/li><li class=\"wp-block-pages-list__item\"><a class=\"wp-block-pages-list__item__link\" href=\"https:\/\/bibliapresente.com\/postagens\/livros-da-biblia\/deuteronomio\/deuteronomio-15\/\">Deuteron\u00f4mio 15 &#8211; O Ano da Remiss\u00e3o<\/a><\/li><li class=\"wp-block-pages-list__item\"><a class=\"wp-block-pages-list__item__link\" href=\"https:\/\/bibliapresente.com\/postagens\/livros-da-biblia\/deuteronomio\/deuteronomio-16\/\">Deuteron\u00f4mio 16 &#8211; As Festas Anuais<\/a><\/li><li class=\"wp-block-pages-list__item\"><a class=\"wp-block-pages-list__item__link\" href=\"https:\/\/bibliapresente.com\/postagens\/livros-da-biblia\/deuteronomio\/deuteronomio-17\/\">Deuteron\u00f4mio 17 &#8211; Reis e Sacerdotes<\/a><\/li><li class=\"wp-block-pages-list__item\"><a class=\"wp-block-pages-list__item__link\" href=\"https:\/\/bibliapresente.com\/postagens\/livros-da-biblia\/deuteronomio\/deuteronomio-18\/\">Deuteron\u00f4mio 18 &#8211; Direitos dos Sacerdotes<\/a><\/li><li class=\"wp-block-pages-list__item\"><a class=\"wp-block-pages-list__item__link\" href=\"https:\/\/bibliapresente.com\/postagens\/livros-da-biblia\/deuteronomio\/deuteronomio-19\/\">Deuteron\u00f4mio 19 &#8211; Ref\u00fagio e Testemunhas<\/a><\/li><li class=\"wp-block-pages-list__item\"><a class=\"wp-block-pages-list__item__link\" href=\"https:\/\/bibliapresente.com\/postagens\/livros-da-biblia\/deuteronomio\/deuteronomio-20\/\">Deuteron\u00f4mio 20 &#8211; Leis para a Guerra<\/a><\/li><li class=\"wp-block-pages-list__item\"><a class=\"wp-block-pages-list__item__link\" href=\"https:\/\/bibliapresente.com\/postagens\/livros-da-biblia\/deuteronomio\/deuteronomio-21\/\">Deuteron\u00f4mio 21 &#8211; Leis para a Justi\u00e7a<\/a><\/li><li class=\"wp-block-pages-list__item\"><a class=\"wp-block-pages-list__item__link\" href=\"https:\/\/bibliapresente.com\/postagens\/livros-da-biblia\/deuteronomio\/deuteronomio-22\/\">Deuteron\u00f4mio 22 &#8211; Regras para Conduta<\/a><\/li><li class=\"wp-block-pages-list__item\"><a class=\"wp-block-pages-list__item__link\" href=\"https:\/\/bibliapresente.com\/postagens\/livros-da-biblia\/deuteronomio\/deuteronomio-23\/\">Deuteron\u00f4mio 23 &#8211; Leis da Congrega\u00e7\u00e3o<\/a><\/li><li class=\"wp-block-pages-list__item\"><a class=\"wp-block-pages-list__item__link\" href=\"https:\/\/bibliapresente.com\/postagens\/livros-da-biblia\/deuteronomio\/deuteronomio-24\/\">Deuteron\u00f4mio 24 &#8211; Fam\u00edlia e Justi\u00e7a Social<\/a><\/li><li class=\"wp-block-pages-list__item\"><a class=\"wp-block-pages-list__item__link\" href=\"https:\/\/bibliapresente.com\/postagens\/livros-da-biblia\/deuteronomio\/deuteronomio-25\/\">Deuteron\u00f4mio 25 &#8211; Leis sobre Retalia\u00e7\u00e3o<\/a><\/li><li class=\"wp-block-pages-list__item\"><a class=\"wp-block-pages-list__item__link\" href=\"https:\/\/bibliapresente.com\/postagens\/livros-da-biblia\/deuteronomio\/deuteronomio-26\/\">Deuteron\u00f4mio 26 &#8211; A Fidelidade a Deus<\/a><\/li><li class=\"wp-block-pages-list__item\"><a class=\"wp-block-pages-list__item__link\" href=\"https:\/\/bibliapresente.com\/postagens\/livros-da-biblia\/deuteronomio\/deuteronomio-27\/\">Deuteron\u00f4mio 27 &#8211; Maldi\u00e7\u00f5es no Monte Ebal<\/a><\/li><li class=\"wp-block-pages-list__item\"><a class=\"wp-block-pages-list__item__link\" href=\"https:\/\/bibliapresente.com\/postagens\/livros-da-biblia\/deuteronomio\/deuteronomio-28\/\">Deuteron\u00f4mio 28 &#8211; Sobre a Alian\u00e7a<\/a><\/li><li class=\"wp-block-pages-list__item\"><a class=\"wp-block-pages-list__item__link\" href=\"https:\/\/bibliapresente.com\/postagens\/livros-da-biblia\/deuteronomio\/deuteronomio-29\/\">Deuteron\u00f4mio 29 &#8211; Renova\u00e7\u00e3o da Alian\u00e7a<\/a><\/li><li class=\"wp-block-pages-list__item\"><a class=\"wp-block-pages-list__item__link\" href=\"https:\/\/bibliapresente.com\/postagens\/livros-da-biblia\/deuteronomio\/deuteronomio-30\/\">Deuteron\u00f4mio 30 &#8211; Promessa de Restaura\u00e7\u00e3o<\/a><\/li><li class=\"wp-block-pages-list__item\"><a class=\"wp-block-pages-list__item__link\" href=\"https:\/\/bibliapresente.com\/postagens\/livros-da-biblia\/deuteronomio\/deuteronomio-31\/\">Deuteron\u00f4mio 31 &#8211; Mois\u00e9s Prepara Josu\u00e9<\/a><\/li><li class=\"wp-block-pages-list__item\"><a class=\"wp-block-pages-list__item__link\" href=\"https:\/\/bibliapresente.com\/postagens\/livros-da-biblia\/deuteronomio\/deuteronomio-32\/\">Deuteron\u00f4mio 32 &#8211; O C\u00e2ntico de Mois\u00e9s<\/a><\/li><li class=\"wp-block-pages-list__item\"><a class=\"wp-block-pages-list__item__link\" href=\"https:\/\/bibliapresente.com\/postagens\/livros-da-biblia\/deuteronomio\/deuteronomio-33\/\">Deuteron\u00f4mio 33 &#8211; B\u00ean\u00e7\u00e3os de Mois\u00e9s<\/a><\/li><li class=\"wp-block-pages-list__item\"><a class=\"wp-block-pages-list__item__link\" href=\"https:\/\/bibliapresente.com\/postagens\/livros-da-biblia\/deuteronomio\/deuteronomio-34\/\">Deuteron\u00f4mio 34 &#8211; A Morte de Mois\u00e9s<\/a><\/li><\/ul>\n\n\n<p><\/p>\n","protected":false},"excerpt":{"rendered":"<p>1 Agora, pois, \u00f3 Israel, ouve os estatutos e regulamentos que eu vos ensino, para que os executeis, e vivais, e entreis, e possuais a terra que o SENHOR o Deus de vossos pais te d\u00e1. 2 N\u00e3o acrescentareis \u00e0 palavra que eu vos mando, nem diminuireis dela, para que guardeis os mandamentos do SENHOR &hellip; <\/p>\n","protected":false},"author":2,"featured_media":848,"parent":847,"menu_order":4,"comment_status":"closed","ping_status":"closed","template":"","meta":{"om_disable_all_campaigns":false,"_monsterinsights_skip_tracking":false,"_monsterinsights_sitenote_active":false,"_monsterinsights_sitenote_note":"","_monsterinsights_sitenote_category":0,"footnotes":""},"class_list":["post-856","page","type-page","status-publish","has-post-thumbnail","hentry"],"aioseo_notices":[],"_links":{"self":[{"href":"https:\/\/bibliapresente.com\/postagens\/wp-json\/wp\/v2\/pages\/856","targetHints":{"allow":["GET"]}}],"collection":[{"href":"https:\/\/bibliapresente.com\/postagens\/wp-json\/wp\/v2\/pages"}],"about":[{"href":"https:\/\/bibliapresente.com\/postagens\/wp-json\/wp\/v2\/types\/page"}],"author":[{"embeddable":true,"href":"https:\/\/bibliapresente.com\/postagens\/wp-json\/wp\/v2\/users\/2"}],"replies":[{"embeddable":true,"href":"https:\/\/bibliapresente.com\/postagens\/wp-json\/wp\/v2\/comments?post=856"}],"version-history":[{"count":5,"href":"https:\/\/bibliapresente.com\/postagens\/wp-json\/wp\/v2\/pages\/856\/revisions"}],"predecessor-version":[{"id":1556,"href":"https:\/\/bibliapresente.com\/postagens\/wp-json\/wp\/v2\/pages\/856\/revisions\/1556"}],"up":[{"embeddable":true,"href":"https:\/\/bibliapresente.com\/postagens\/wp-json\/wp\/v2\/pages\/847"}],"wp:featuredmedia":[{"embeddable":true,"href":"https:\/\/bibliapresente.com\/postagens\/wp-json\/wp\/v2\/media\/848"}],"wp:attachment":[{"href":"https:\/\/bibliapresente.com\/postagens\/wp-json\/wp\/v2\/media?parent=856"}],"curies":[{"name":"wp","href":"https:\/\/api.w.org\/{rel}","templated":true}]}}