{"id":835,"date":"2025-02-04T20:02:44","date_gmt":"2025-02-04T23:02:44","guid":{"rendered":"https:\/\/bibliapresente.com\/postagens\/?page_id=835"},"modified":"2025-02-04T20:02:44","modified_gmt":"2025-02-04T23:02:44","slug":"numeros-31","status":"publish","type":"page","link":"https:\/\/bibliapresente.com\/postagens\/livros-da-biblia\/numeros\/numeros-31\/","title":{"rendered":"N\u00fameros 31 &#8211; A Vingan\u00e7a contra Midi\u00e3"},"content":{"rendered":"\n<p class=\"has-medium-font-size\" style=\"letter-spacing:1px\"><span><span><sup><b>1<\/b><\/sup><\/span> E o SENHOR falou a Mois\u00e9s, dizendo: <br><span><sup><b>2<\/b><\/sup><\/span> Faze a vingan\u00e7a dos filhos de Israel sobre os midianitas; depois ser\u00e1s recolhido a teus povos. <br><span><sup><b>3<\/b><\/sup><\/span> Ent\u00e3o Mois\u00e9s falou ao povo, dizendo: Armai-vos alguns de v\u00f3s para a guerra, e ir\u00e3o contra Midi\u00e3, e far\u00e3o a vingan\u00e7a do SENHOR em Midi\u00e3. <br><span><sup><b>4<\/b><\/sup><\/span> Mil de cada tribo de todas as tribos dos filhos de Israel, enviareis \u00e0 guerra. <br><span><sup><b>5<\/b><\/sup><\/span> Assim foram dados dos milhares de Israel, mil cada tribo, doze mil a ponto de guerra. <br><span><sup><b>6<\/b><\/sup><\/span> E Mois\u00e9s os enviou \u00e0 guerra: mil cada tribo enviou: e Fineias, filho de Eleazar sacerdote, foi \u00e0 guerra com os santos instrumentos, com as trombetas em sua m\u00e3o para tocar. <br><span><sup><b>7<\/b><\/sup><\/span> E lutaram contra Midi\u00e3, como o SENHOR o mandou a Mois\u00e9s, e mataram a todo homem. <br><span><sup><b>8<\/b><\/sup><\/span> Mataram tamb\u00e9m, entre os mortos deles, aos reis de Midi\u00e3: Evi, e Requ\u00e9m, e Zur, e Hur, e Reba, cinco reis de Midi\u00e3; a Bala\u00e3o tamb\u00e9m, filho de Beor, mataram \u00e0 espada. <br><span><sup><b>9<\/b><\/sup><\/span> E levaram cativas os filhos de Israel as mulheres dos midianitas, e suas crian\u00e7as e todos suas animais, e todos os seus gados; e arrebataram todos os seus pertences. <br><span><sup><b>10<\/b><\/sup><\/span> E abrasaram com fogo todas suas cidades, aldeias e castelos. <br><span><sup><b>11<\/b><\/sup><\/span> E tomaram todo o despojo, e toda a presa, tanto de homens como de animais. <br><span><sup><b>12<\/b><\/sup><\/span> E trouxeram a Mois\u00e9s, e a Eleazar o sacerdote, e \u00e0 congrega\u00e7\u00e3o dos filhos de Israel, os cativos e a presa e os despojos, ao acampamento nas plan\u00edcies de Moabe, que est\u00e3o junto ao Jord\u00e3o de Jeric\u00f3. <br><span><sup><b>13<\/b><\/sup><\/span> E sa\u00edram Mois\u00e9s e Eleazar o sacerdote, e todos os pr\u00edncipes da congrega\u00e7\u00e3o, a receb\u00ea-los fora do acampamento. <br><span><sup><b>14<\/b><\/sup><\/span> E irou-se Mois\u00e9s contra os capit\u00e3es do ex\u00e9rcito, contra os comandantes de mil e comandantes de cem que voltavam da guerra; <br><span><sup><b>15<\/b><\/sup><\/span> E disse-lhes Mois\u00e9s: Todas as mulheres preservastes? <br><span><sup><b>16<\/b><\/sup><\/span> Eis que elas foram aos filhos de Israel, por conselho de Bala\u00e3o, para causar transgress\u00e3o contra o SENHOR no neg\u00f3cio de Peor; pelo que houve mortandade na congrega\u00e7\u00e3o do SENHOR. <br><span><sup><b>17<\/b><\/sup><\/span> Matai, pois, agora todos os machos entre as crian\u00e7as: matai tamb\u00e9m toda mulher que tenha conhecido homem carnalmente. <br><span><sup><b>18<\/b><\/sup><\/span> E todas as meninas entre as mulheres, que n\u00e3o tenham conhecido ajuntamento de homem, vos preservareis vivas. <br><span><sup><b>19<\/b><\/sup><\/span> E v\u00f3s ficai fora do acampamento sete dias: e todos os que houverem matado pessoa, e qualquer um que houver tocado morto, vos purificareis ao terceiro e ao s\u00e9timo dia, v\u00f3s e vossos cativos. <br><span><sup><b>20<\/b><\/sup><\/span> Tamb\u00e9m purificareis toda roupa, e todo artigo de peles, e toda obra de pelos de cabra, e todo vaso de madeira. <br><span><sup><b>21<\/b><\/sup><\/span> E Eleazar o sacerdote disse aos homens de guerra que vinham da guerra: Esta \u00e9 a ordenan\u00e7a da lei que o SENHOR mandou a Mois\u00e9s: <br><span><sup><b>22<\/b><\/sup><\/span> Certamente o ouro, e a prata, bronze, ferro, estanho, e chumbo, <br><span><sup><b>23<\/b><\/sup><\/span> Tudo o que resiste ao fogo, por fogo o fareis passar, e ser\u00e1 limpo, ainda que nas \u00e1guas de purifica\u00e7\u00e3o haver\u00e1 de purificar-se: mas fareis passar por \u00e1gua tudo o que n\u00e3o aguenta o fogo. <br><span><sup><b>24<\/b><\/sup><\/span> Al\u00e9m disso lavareis vossas roupas no s\u00e9timo dia, e assim sereis limpos; e depois entrareis no acampamento. <br><span><sup><b>25<\/b><\/sup><\/span> E o SENHOR falou a Mois\u00e9s, dizendo: <br><span><sup><b>26<\/b><\/sup><\/span> Toma a contagem da presa que se fez, tanto das pessoas como dos animais, tu e o sacerdote Eleazar, e os chefes dos pais da congrega\u00e7\u00e3o: <br><span><sup><b>27<\/b><\/sup><\/span> E partir\u00e1s pela metade a presa entre os que lutaram, os que sa\u00edram \u00e0 guerra, e toda a congrega\u00e7\u00e3o. <br><span><sup><b>28<\/b><\/sup><\/span> E separar\u00e1s para o SENHOR o tributo dos homens de guerra, que sa\u00edram \u00e0 guerra: de quinhentos um, tanto das pessoas como dos bois, dos asnos, e das ovelhas: <br><span><sup><b>29<\/b><\/sup><\/span> Da metade deles o tomar\u00e1s; e dar\u00e1s a Eleazar o sacerdote a oferta do SENHOR. <br><span><sup><b>30<\/b><\/sup><\/span> E da metade pertencente aos filhos de Israel tomar\u00e1s um de cinquenta, das pessoas, dos bois, dos asnos, e das ovelhas, de todo animal; e os dar\u00e1s aos levitas, que t\u00eam a guarda do tabern\u00e1culo do SENHOR. <br><span><sup><b>31<\/b><\/sup><\/span> E fizeram Mois\u00e9s e Eleazar o sacerdote como o SENHOR mandou a Mois\u00e9s. <br><span><sup><b>32<\/b><\/sup><\/span> E foi a presa, o resto da presa que tomaram os homens de guerra, seiscentas e setenta e cinco mil ovelhas, <br><span><sup><b>33<\/b><\/sup><\/span> E setenta e dois mil bois, <br><span><sup><b>34<\/b><\/sup><\/span> E setenta e um mil asnos; <br><span><sup><b>35<\/b><\/sup><\/span> E quanto \u00e0s pessoas, de mulheres que n\u00e3o conheciam ajuntamento de homem, ao todo trinta e duas mil. <br><span><sup><b>36<\/b><\/sup><\/span> E a metade, a parte dos que haviam sa\u00eddo \u00e0 guerra, foi o n\u00famero de trezentas trinta e sete mil e quinhentas ovelhas. <br><span><sup><b>37<\/b><\/sup><\/span> E o tributo para o SENHOR das ovelhas foi seiscentas e setenta e cinco. <br><span><sup><b>38<\/b><\/sup><\/span> E dos bois, trinta e seis mil: e deles o tributo para o SENHOR, setenta e dois. <br><span><sup><b>39<\/b><\/sup><\/span> E dos asnos, trinta mil e quinhentos: e deles o tributo para o SENHOR, setenta e um. <br><span><sup><b>40<\/b><\/sup><\/span> E das pessoas, dezesseis mil: e delas o tributo para o SENHOR, trinta e duas pessoas. <br><span><sup><b>41<\/b><\/sup><\/span> E deu Mois\u00e9s o tributo, por elevada oferta ao SENHOR, a Eleazar o sacerdote, como o SENHOR o mandou a Mois\u00e9s. <br><span><sup><b>42<\/b><\/sup><\/span> E da metade para os filhos de Israel, que separou Mois\u00e9s dos homens que haviam ido \u00e0 guerra; <br><span><sup><b>43<\/b><\/sup><\/span> (A metade para a congrega\u00e7\u00e3o foi: das ovelhas, trezentas e trinta e sete mil e quinhentas; <br><span><sup><b>44<\/b><\/sup><\/span> E dos bois, trinta e seis mil; <br><span><sup><b>45<\/b><\/sup><\/span> E dos asnos, trinta mil e quinhentos; <br><span><sup><b>46<\/b><\/sup><\/span> E das pessoas, dezesseis mil:) <br><span><sup><b>47<\/b><\/sup><\/span> Da metade, pois, para os filhos de Israel tomou Mois\u00e9s um de cada cinquenta, tanto das pessoas como dos animais, e deu-os aos levitas, que tinham a guarda do tabern\u00e1culo do SENHOR; como o SENHOR o havia mandado a Mois\u00e9s. <br><span><sup><b>48<\/b><\/sup><\/span> E chegaram a Mois\u00e9s os chefes dos milhares daquele ex\u00e9rcito, os comandantes de mil e comandantes de cem; <br><span><sup><b>49<\/b><\/sup><\/span> E disseram a Mois\u00e9s: Teus servos tomaram a soma dos homens de guerra que est\u00e3o em nosso poder, e nenhum faltou de n\u00f3s. <br><span><sup><b>50<\/b><\/sup><\/span> Pelo qual temos oferecido ao SENHOR oferta, cada um do que achou, objetos de ouro, braceletes, pulseiras, an\u00e9is, pendentes, e correntes, para fazer expia\u00e7\u00e3o por nossas almas diante do SENHOR. <br><span><sup><b>51<\/b><\/sup><\/span> E Mois\u00e9s e o sacerdote Eleazar receberam o ouro deles, joias, todas elaboradas. <br><span><sup><b>52<\/b><\/sup><\/span> E todo o ouro da oferta que ofereceram ao SENHOR dos comandantes de mil e comandantes de cem, foi dezesseis mil setecentos e cinquenta siclos. <br><span><sup><b>53<\/b><\/sup><\/span> Os homens do ex\u00e9rcito haviam despojado cada um para si. <br><span><sup><b>54<\/b><\/sup><\/span> Receberam, pois, Mois\u00e9s e o sacerdote Eleazar, o ouro dos comandantes de mil e comandantes de cem, e trouxeram-no ao tabern\u00e1culo do testemunho, por mem\u00f3ria dos filhos de Israel diante do SENHOR.<\/span><\/p>\n\n\n\n<div class=\"wp-block-columns is-layout-flex wp-container-core-columns-is-layout-9d6595d7 wp-block-columns-is-layout-flex\">\n<div class=\"wp-block-column is-layout-flow wp-block-column-is-layout-flow\">\n<p><a href=\"\/numeros-30\" title=\"\">N\u00fameros 30<\/a><\/p>\n<\/div>\n\n\n\n<div class=\"wp-block-column is-layout-flow wp-block-column-is-layout-flow\">\n<p class=\"has-text-align-right\"><a href=\"\/numeros-32\" title=\"\">N\u00fameros 32<\/a><\/p>\n<\/div>\n<\/div>\n\n\n\n<h2 class=\"wp-block-heading\">Descri\u00e7\u00e3o &#8211; N\u00fameros 31<\/h2>\n\n\n\n<p class=\"has-medium-font-size\">N\u00fameros 31 relata a batalha de Israel contra os midianitas, um ato de vingan\u00e7a ordenado por Deus devido aos enganos de Bala\u00e3o. Mois\u00e9s, obedecendo a Deus, comanda um ex\u00e9rcito israelita para derrotar os midianitas. Ap\u00f3s a vit\u00f3ria, os israelitas retornam com prisioneiros, despojos e riquezas, mas Mois\u00e9s ordena que o povo purifique-se, separando o que \u00e9 consagrado a Deus. O cap\u00edtulo tamb\u00e9m inclui uma divis\u00e3o do saque e a atribui\u00e7\u00e3o das partes aos soldados e \u00e0 tribo de Levi. Este evento simboliza a justi\u00e7a divina e a import\u00e2ncia da santidade em todas as a\u00e7\u00f5es do povo de Deus.<\/p>\n\n\n\n<h3 class=\"wp-block-heading\">Livro dos N\u00fameros:<\/h3>\n\n\n\n\n\n<p><\/p>\n","protected":false},"excerpt":{"rendered":"<p>1 E o SENHOR falou a Mois\u00e9s, dizendo: 2 Faze a vingan\u00e7a dos filhos de Israel sobre os midianitas; depois ser\u00e1s recolhido a teus povos. 3 Ent\u00e3o Mois\u00e9s falou ao povo, dizendo: Armai-vos alguns de v\u00f3s para a guerra, e ir\u00e3o contra Midi\u00e3, e far\u00e3o a vingan\u00e7a do SENHOR em Midi\u00e3. 4 Mil de cada &hellip; <\/p>\n","protected":false},"author":2,"featured_media":772,"parent":771,"menu_order":31,"comment_status":"closed","ping_status":"closed","template":"","meta":{"om_disable_all_campaigns":false,"_monsterinsights_skip_tracking":false,"_monsterinsights_sitenote_active":false,"_monsterinsights_sitenote_note":"","_monsterinsights_sitenote_category":0,"footnotes":""},"class_list":["post-835","page","type-page","status-publish","has-post-thumbnail","hentry"],"aioseo_notices":[],"_links":{"self":[{"href":"https:\/\/bibliapresente.com\/postagens\/wp-json\/wp\/v2\/pages\/835","targetHints":{"allow":["GET"]}}],"collection":[{"href":"https:\/\/bibliapresente.com\/postagens\/wp-json\/wp\/v2\/pages"}],"about":[{"href":"https:\/\/bibliapresente.com\/postagens\/wp-json\/wp\/v2\/types\/page"}],"author":[{"embeddable":true,"href":"https:\/\/bibliapresente.com\/postagens\/wp-json\/wp\/v2\/users\/2"}],"replies":[{"embeddable":true,"href":"https:\/\/bibliapresente.com\/postagens\/wp-json\/wp\/v2\/comments?post=835"}],"version-history":[{"count":5,"href":"https:\/\/bibliapresente.com\/postagens\/wp-json\/wp\/v2\/pages\/835\/revisions"}],"predecessor-version":[{"id":1466,"href":"https:\/\/bibliapresente.com\/postagens\/wp-json\/wp\/v2\/pages\/835\/revisions\/1466"}],"up":[{"embeddable":true,"href":"https:\/\/bibliapresente.com\/postagens\/wp-json\/wp\/v2\/pages\/771"}],"wp:featuredmedia":[{"embeddable":true,"href":"https:\/\/bibliapresente.com\/postagens\/wp-json\/wp\/v2\/media\/772"}],"wp:attachment":[{"href":"https:\/\/bibliapresente.com\/postagens\/wp-json\/wp\/v2\/media?parent=835"}],"curies":[{"name":"wp","href":"https:\/\/api.w.org\/{rel}","templated":true}]}}