{"id":831,"date":"2025-02-04T19:58:04","date_gmt":"2025-02-04T22:58:04","guid":{"rendered":"https:\/\/bibliapresente.com\/postagens\/?page_id=831"},"modified":"2025-02-04T19:58:04","modified_gmt":"2025-02-04T22:58:04","slug":"numeros-29","status":"publish","type":"page","link":"https:\/\/bibliapresente.com\/postagens\/livros-da-biblia\/numeros\/numeros-29\/","title":{"rendered":"N\u00fameros 29 &#8211; Ofertas para as Festas"},"content":{"rendered":"\n<p class=\"has-medium-font-size\" style=\"letter-spacing:1px\"><span><span><sup><b>1<\/b><\/sup><\/span> E no s\u00e9timo m\u00eas, ao primeiro do m\u00eas tereis santa convoca\u00e7\u00e3o: nenhuma obra servil fareis; vos ser\u00e1 dia de soar as trombetas. <br><span><sup><b>2<\/b><\/sup><\/span> E oferecereis holocausto por cheiro suave ao SENHOR, um bezerro das vacas, um carneiro, sete cordeiros de ano sem defeito; <br><span><sup><b>3<\/b><\/sup><\/span> E a oferta de cereais deles, de flor de farinha amassada com azeite, tr\u00eas d\u00edzimas com cada bezerro, duas d\u00edzimas com cada carneiro, <br><span><sup><b>4<\/b><\/sup><\/span> E com cada um dos sete cordeiros, uma d\u00edzima; <br><span><sup><b>5<\/b><\/sup><\/span> E um bode macho por expia\u00e7\u00e3o, para reconciliar-vos: <br><span><sup><b>6<\/b><\/sup><\/span> Al\u00e9m do holocausto do m\u00eas, e sua oferta de cereais, e o holocausto cont\u00ednuo e sua oferta de cereais, e suas liba\u00e7\u00f5es, conforme sua lei, por oferta acesa ao SENHOR em cheiro suave. <br><span><sup><b>7<\/b><\/sup><\/span> E no dez deste m\u00eas s\u00e9timo tereis santa convoca\u00e7\u00e3o, e afligireis vossas almas: nenhuma obra fareis: <br><span><sup><b>8<\/b><\/sup><\/span> E oferecereis em holocausto ao SENHOR por cheiro suave, um bezerro das vacas, um carneiro, sete cordeiros de ano; sem defeito os tomareis: <br><span><sup><b>9<\/b><\/sup><\/span> E suas ofertas de cereais, flor de farinha amassada com azeite, tr\u00eas d\u00edzimas com cada bezerro, duas d\u00edzimas com cada carneiro, <br><span><sup><b>10<\/b><\/sup><\/span> E com cada um dos sete cordeiros, uma d\u00edzima; <br><span><sup><b>11<\/b><\/sup><\/span> Um bode macho por expia\u00e7\u00e3o: al\u00e9m da oferta das expia\u00e7\u00f5es pelo pecado, e do holocausto cont\u00ednuo, e de suas ofertas de cereais, e de suas liba\u00e7\u00f5es. <br><span><sup><b>12<\/b><\/sup><\/span> Tamb\u00e9m aos quinze dias do m\u00eas s\u00e9timo tereis santa convoca\u00e7\u00e3o; nenhuma obra servil fareis, e celebrareis solenidade ao SENHOR por sete dias; <br><span><sup><b>13<\/b><\/sup><\/span> E oferecereis em holocausto, em oferta acesa ao SENHOR em cheiro suave, treze bezerros das vacas, dois carneiros, catorze cordeiros de ano: h\u00e3o de ser sem defeito; <br><span><sup><b>14<\/b><\/sup><\/span> E as ofertas de cereais deles, de flor de farinha amassada com azeite, tr\u00eas d\u00edzimas com cada um dos treze bezerros, duas d\u00edzimas com cada um dos dois carneiros, <br><span><sup><b>15<\/b><\/sup><\/span> E com cada um dos catorze cordeiros, uma d\u00edzima; <br><span><sup><b>16<\/b><\/sup><\/span> E um bode macho por expia\u00e7\u00e3o: al\u00e9m do holocausto cont\u00ednuo, sua oferta de cereais e sua liba\u00e7\u00e3o. <br><span><sup><b>17<\/b><\/sup><\/span> E no segundo dia, doze bezerros das vacas, dois carneiros, catorze cordeiros de ano sem defeito; <br><span><sup><b>18<\/b><\/sup><\/span> E suas ofertas de cereais e suas liba\u00e7\u00f5es com os bezerros, com os carneiros, e com os cordeiros, segundo o n\u00famero deles, conforme a lei; <br><span><sup><b>19<\/b><\/sup><\/span> E um bode macho por expia\u00e7\u00e3o: al\u00e9m do holocausto cont\u00ednuo, e sua oferta de cereais e sua liba\u00e7\u00e3o. <br><span><sup><b>20<\/b><\/sup><\/span> E no dia terceiro, onze bezerros, dois carneiros, catorze cordeiros de ano sem defeito; <br><span><sup><b>21<\/b><\/sup><\/span> E suas ofertas de cereais e suas liba\u00e7\u00f5es com os bezerros, com os carneiros, e com os cordeiros, segundo o n\u00famero deles, conforme a lei; <br><span><sup><b>22<\/b><\/sup><\/span> E um bode macho por expia\u00e7\u00e3o: al\u00e9m do holocausto cont\u00ednuo, e sua presente e sua liba\u00e7\u00e3o. <br><span><sup><b>23<\/b><\/sup><\/span> E no quarto dia, dez bezerros, dois carneiros, catorze cordeiros de ano sem defeito; <br><span><sup><b>24<\/b><\/sup><\/span> Suas ofertas de cereais e suas liba\u00e7\u00f5es com os bezerros, com os carneiros, e com os cordeiros, segundo o n\u00famero deles, conforme a lei; <br><span><sup><b>25<\/b><\/sup><\/span> E um bode macho por expia\u00e7\u00e3o: al\u00e9m do holocausto cont\u00ednuo, sua oferta de cereais e sua liba\u00e7\u00e3o. <br><span><sup><b>26<\/b><\/sup><\/span> E no quinto dia, nove bezerros, dois carneiros, catorze cordeiros de ano sem defeito; <br><span><sup><b>27<\/b><\/sup><\/span> E suas ofertas de cereais e suas liba\u00e7\u00f5es com os bezerros, com os carneiros, e com os cordeiros, segundo o n\u00famero deles, conforme a lei; <br><span><sup><b>28<\/b><\/sup><\/span> E um bode macho por expia\u00e7\u00e3o: al\u00e9m do holocausto cont\u00ednuo, sua oferta de cereais e sua liba\u00e7\u00e3o. <br><span><sup><b>29<\/b><\/sup><\/span> E no sexto dia, oito bezerros, dois carneiros, catorze cordeiros de ano sem defeito; <br><span><sup><b>30<\/b><\/sup><\/span> E suas ofertas de cereais e suas liba\u00e7\u00f5es com os bezerros, com os carneiros, e com os cordeiros, segundo o n\u00famero deles, conforme a lei; <br><span><sup><b>31<\/b><\/sup><\/span> E um bode macho por expia\u00e7\u00e3o: al\u00e9m do holocausto cont\u00ednuo, sua oferta de cereais e suas liba\u00e7\u00f5es. <br><span><sup><b>32<\/b><\/sup><\/span> E no s\u00e9timo dia, sete bezerros, dois carneiros, catorze cordeiros de ano sem defeito; <br><span><sup><b>33<\/b><\/sup><\/span> E suas ofertas de cereais e suas liba\u00e7\u00f5es com os bezerros, com os carneiros, e com os cordeiros, segundo o n\u00famero deles, conforme a lei; <br><span><sup><b>34<\/b><\/sup><\/span> E um bode macho por expia\u00e7\u00e3o: al\u00e9m do holocausto cont\u00ednuo, com sua oferta de cereais e sua liba\u00e7\u00e3o. <br><span><sup><b>35<\/b><\/sup><\/span> No oitavo dia tereis solenidade: nenhuma obra servil fareis: <br><span><sup><b>36<\/b><\/sup><\/span> E oferecereis em holocausto, em oferta acesa de cheiro suave ao SENHOR, um novilho, um carneiro, sete cordeiros de ano sem defeito; <br><span><sup><b>37<\/b><\/sup><\/span> Suas ofertas de cereais e suas liba\u00e7\u00f5es com o novilho, com o carneiro, e com os cordeiros, segundo o n\u00famero deles, conforme a lei; <br><span><sup><b>38<\/b><\/sup><\/span> E um bode macho por expia\u00e7\u00e3o: al\u00e9m do holocausto cont\u00ednuo, com sua oferta de cereais e sua liba\u00e7\u00e3o. <br><span><sup><b>39<\/b><\/sup><\/span> Estas coisas oferecereis ao SENHOR em vossas solenidades, al\u00e9m de vossos votos, e de vossas ofertas livres, para vossos holocaustos, e para vossas ofertas de cereais, e para vossas liba\u00e7\u00f5es e para vossas ofertas pac\u00edficas. <br><span><sup><b>40<\/b><\/sup><\/span> E Mois\u00e9s disse aos filhos de Israel, conforme tudo o que o SENHOR lhe havia mandado.<\/span><\/p>\n\n\n\n<div class=\"wp-block-columns is-layout-flex wp-container-core-columns-is-layout-9d6595d7 wp-block-columns-is-layout-flex\">\n<div class=\"wp-block-column is-layout-flow wp-block-column-is-layout-flow\">\n<p><a href=\"\/numeros-28\" title=\"\">N\u00fameros 28<\/a><\/p>\n<\/div>\n\n\n\n<div class=\"wp-block-column is-layout-flow wp-block-column-is-layout-flow\">\n<p class=\"has-text-align-right\"><a href=\"\/numeros-30\" title=\"\">N\u00fameros 30<\/a><\/p>\n<\/div>\n<\/div>\n\n\n\n<h2 class=\"wp-block-heading\">Descri\u00e7\u00e3o &#8211; N\u00fameros 29<\/h2>\n\n\n\n<p class=\"has-medium-font-size\">N\u00fameros 29 apresenta detalhadamente as ofertas e sacrif\u00edcios a serem realizados durante as principais festas religiosas de Israel. Este cap\u00edtulo descreve as exig\u00eancias para o Dia da Expi\u00e7\u00e3o, a Festa dos Tabern\u00e1culos e outras celebra\u00e7\u00f5es anuais, incluindo os holocaustos, as ofertas de manjares, os sacrif\u00edcios de animais e as ofertas de liba\u00e7\u00e3o. As instru\u00e7\u00f5es reafirmam a import\u00e2ncia da obedi\u00eancia e da consagra\u00e7\u00e3o a Deus em tempos de festividade. O cap\u00edtulo evidencia a continuidade das orienta\u00e7\u00f5es dadas por Deus ao povo, refor\u00e7ando os princ\u00edpios da santidade e da adora\u00e7\u00e3o a Deus, fundamentais na caminhada de Israel.<\/p>\n\n\n\n<h3 class=\"wp-block-heading\">Livro dos N\u00fameros:<\/h3>\n\n\n\n\n\n<p><\/p>\n","protected":false},"excerpt":{"rendered":"<p>1 E no s\u00e9timo m\u00eas, ao primeiro do m\u00eas tereis santa convoca\u00e7\u00e3o: nenhuma obra servil fareis; vos ser\u00e1 dia de soar as trombetas. 2 E oferecereis holocausto por cheiro suave ao SENHOR, um bezerro das vacas, um carneiro, sete cordeiros de ano sem defeito; 3 E a oferta de cereais deles, de flor de farinha &hellip; <\/p>\n","protected":false},"author":2,"featured_media":772,"parent":771,"menu_order":29,"comment_status":"closed","ping_status":"closed","template":"","meta":{"om_disable_all_campaigns":false,"_monsterinsights_skip_tracking":false,"_monsterinsights_sitenote_active":false,"_monsterinsights_sitenote_note":"","_monsterinsights_sitenote_category":0,"footnotes":""},"class_list":["post-831","page","type-page","status-publish","has-post-thumbnail","hentry"],"aioseo_notices":[],"_links":{"self":[{"href":"https:\/\/bibliapresente.com\/postagens\/wp-json\/wp\/v2\/pages\/831","targetHints":{"allow":["GET"]}}],"collection":[{"href":"https:\/\/bibliapresente.com\/postagens\/wp-json\/wp\/v2\/pages"}],"about":[{"href":"https:\/\/bibliapresente.com\/postagens\/wp-json\/wp\/v2\/types\/page"}],"author":[{"embeddable":true,"href":"https:\/\/bibliapresente.com\/postagens\/wp-json\/wp\/v2\/users\/2"}],"replies":[{"embeddable":true,"href":"https:\/\/bibliapresente.com\/postagens\/wp-json\/wp\/v2\/comments?post=831"}],"version-history":[{"count":6,"href":"https:\/\/bibliapresente.com\/postagens\/wp-json\/wp\/v2\/pages\/831\/revisions"}],"predecessor-version":[{"id":1464,"href":"https:\/\/bibliapresente.com\/postagens\/wp-json\/wp\/v2\/pages\/831\/revisions\/1464"}],"up":[{"embeddable":true,"href":"https:\/\/bibliapresente.com\/postagens\/wp-json\/wp\/v2\/pages\/771"}],"wp:featuredmedia":[{"embeddable":true,"href":"https:\/\/bibliapresente.com\/postagens\/wp-json\/wp\/v2\/media\/772"}],"wp:attachment":[{"href":"https:\/\/bibliapresente.com\/postagens\/wp-json\/wp\/v2\/media?parent=831"}],"curies":[{"name":"wp","href":"https:\/\/api.w.org\/{rel}","templated":true}]}}