{"id":823,"date":"2025-02-04T19:44:25","date_gmt":"2025-02-04T22:44:25","guid":{"rendered":"https:\/\/bibliapresente.com\/postagens\/?page_id=823"},"modified":"2025-02-04T19:44:26","modified_gmt":"2025-02-04T22:44:26","slug":"numeros-25","status":"publish","type":"page","link":"https:\/\/bibliapresente.com\/postagens\/livros-da-biblia\/numeros\/numeros-25\/","title":{"rendered":"N\u00fameros 25 &#8211; O Zelo de Fin\u00e9ias"},"content":{"rendered":"\n<p class=\"has-medium-font-size\" style=\"letter-spacing:1px\"><span><span><sup><b>1<\/b><\/sup><\/span> E repousou Israel em Sitim, e o povo come\u00e7ou a se prostituir com as filhas de Moabe: <br><span><sup><b>2<\/b><\/sup><\/span> As quais chamaram ao povo aos sacrif\u00edcios de seus deuses: e o povo comeu, e inclinou-se a seus deuses. <br><span><sup><b>3<\/b><\/sup><\/span> E achegou-se o povo a Baal-Peor; e o furor do SENHOR se acendeu contra Israel. <br><span><sup><b>4<\/b><\/sup><\/span> E o SENHOR disse a Mois\u00e9s: Toma todos os pr\u00edncipes do povo, e enforca-os ao SENHOR diante do sol; e a ira do furor do SENHOR se apartar\u00e1 de Israel. <br><span><sup><b>5<\/b><\/sup><\/span> Ent\u00e3o Mois\u00e9s disse aos ju\u00edzes de Israel: Matai cada um \u00e0queles dos seus que se recolheram a Baal-Peor. <br><span><sup><b>6<\/b><\/sup><\/span> E eis que um homem dos filhos de Israel veio e trouxe uma midianita a seus irm\u00e3os, \u00e0 vista de Mois\u00e9s e de toda a congrega\u00e7\u00e3o dos filhos de Israel, chorando eles \u00e0 porta do tabern\u00e1culo do testemunho. <br><span><sup><b>7<\/b><\/sup><\/span> E viu-o Fineias, filho de Eleazar, filho de Ar\u00e3o o sacerdote, e levantou-se do meio da congrega\u00e7\u00e3o, e tomou uma lan\u00e7a em sua m\u00e3o: <br><span><sup><b>8<\/b><\/sup><\/span> E foi atr\u00e1s do homem de Israel \u00e0 tenda, e perfurou com a lan\u00e7a a ambos, ao homem de Israel, e \u00e0 mulher por seu ventre. E cessou a mortandade dos filhos de Israel. <br><span><sup><b>9<\/b><\/sup><\/span> E morreram daquela mortandade vinte e quatro mil. <br><span><sup><b>10<\/b><\/sup><\/span> Ent\u00e3o o SENHOR falou a Mois\u00e9s, dizendo: <br><span><sup><b>11<\/b><\/sup><\/span> Fineias, filho de Eleazar, filho de Ar\u00e3o o sacerdote, fez afastar meu furor dos filhos de Israel, levado de zelo entre eles: pelo qual eu n\u00e3o consumi em meu zelo aos filhos de Israel. <br><span><sup><b>12<\/b><\/sup><\/span> Portanto dize lhes: Eis que eu estabele\u00e7o meu pacto de paz com ele; <br><span><sup><b>13<\/b><\/sup><\/span> E ter\u00e1 ele, e sua descend\u00eancia depois dele, o pacto do sacerd\u00f3cio perp\u00e9tuo; porquanto teve zelo por seu Deus, e fez expia\u00e7\u00e3o pelos filhos de Israel. <br><span><sup><b>14<\/b><\/sup><\/span> E o nome do homem morto, que foi morto com a midianita, era Zinri filho de Salu, chefe de uma fam\u00edlia da tribo de Sime\u00e3o. <br><span><sup><b>15<\/b><\/sup><\/span> E o nome da mulher midianita morta, era Cosbi, filha de Zur, pr\u00edncipe de povos, pai de fam\u00edlia em Midi\u00e3. <br><span><sup><b>16<\/b><\/sup><\/span> E o SENHOR falou a Mois\u00e9s, dizendo: <br><span><sup><b>17<\/b><\/sup><\/span> Sereis hostis aos midianitas, e os ferireis: <br><span><sup><b>18<\/b><\/sup><\/span> Porquanto eles vos afligiram com suas ast\u00facias, com que vos enganaram no neg\u00f3cio de Peor, e no neg\u00f3cio de Cosbi, filha do pr\u00edncipe de Midi\u00e3, sua irm\u00e3, a qual foi morta no dia da mortandade por causa de Peor.<\/span><\/p>\n\n\n\n<div class=\"wp-block-columns is-layout-flex wp-container-core-columns-is-layout-9d6595d7 wp-block-columns-is-layout-flex\">\n<div class=\"wp-block-column is-layout-flow wp-block-column-is-layout-flow\">\n<p><a href=\"\/numeros-24\" title=\"\">N\u00fameros 24<\/a><\/p>\n<\/div>\n\n\n\n<div class=\"wp-block-column is-layout-flow wp-block-column-is-layout-flow\">\n<p class=\"has-text-align-right\"><a href=\"\/numeros-26\" title=\"\">N\u00fameros 26<\/a><\/p>\n<\/div>\n<\/div>\n\n\n\n<h2 class=\"wp-block-heading\">Descri\u00e7\u00e3o &#8211; N\u00fameros 25<\/h2>\n\n\n\n<p class=\"has-medium-font-size\">N\u00fameros 25 descreve um momento de crise moral para os israelitas, que, durante sua estadia em Sitim, se envolvem com as mulheres moabitas e praticam idolatria, adorando o deus Baal-Peor. Essa infidelidade provoca a ira de Deus, que envia uma praga que mata 24.000 israelitas. A a\u00e7\u00e3o de Fin\u00e9ias, filho de Eleazar, ao matar um israelita e uma mulher midianita em ato de prostitui\u00e7\u00e3o religiosa, \u00e9 elogiada como um ato de zelo pela pureza espiritual do povo de Deus, interrompendo a praga. O cap\u00edtulo destaca a import\u00e2ncia da fidelidade a Deus e da santidade no relacionamento com Ele.<\/p>\n\n\n\n<h3 class=\"wp-block-heading\">Livro dos N\u00fameros:<\/h3>\n\n\n\n\n\n<p><\/p>\n","protected":false},"excerpt":{"rendered":"<p>1 E repousou Israel em Sitim, e o povo come\u00e7ou a se prostituir com as filhas de Moabe: 2 As quais chamaram ao povo aos sacrif\u00edcios de seus deuses: e o povo comeu, e inclinou-se a seus deuses. 3 E achegou-se o povo a Baal-Peor; e o furor do SENHOR se acendeu contra Israel. 4 &hellip; <\/p>\n","protected":false},"author":2,"featured_media":772,"parent":771,"menu_order":25,"comment_status":"closed","ping_status":"closed","template":"","meta":{"om_disable_all_campaigns":false,"_monsterinsights_skip_tracking":false,"_monsterinsights_sitenote_active":false,"_monsterinsights_sitenote_note":"","_monsterinsights_sitenote_category":0,"footnotes":""},"class_list":["post-823","page","type-page","status-publish","has-post-thumbnail","hentry"],"aioseo_notices":[],"_links":{"self":[{"href":"https:\/\/bibliapresente.com\/postagens\/wp-json\/wp\/v2\/pages\/823","targetHints":{"allow":["GET"]}}],"collection":[{"href":"https:\/\/bibliapresente.com\/postagens\/wp-json\/wp\/v2\/pages"}],"about":[{"href":"https:\/\/bibliapresente.com\/postagens\/wp-json\/wp\/v2\/types\/page"}],"author":[{"embeddable":true,"href":"https:\/\/bibliapresente.com\/postagens\/wp-json\/wp\/v2\/users\/2"}],"replies":[{"embeddable":true,"href":"https:\/\/bibliapresente.com\/postagens\/wp-json\/wp\/v2\/comments?post=823"}],"version-history":[{"count":5,"href":"https:\/\/bibliapresente.com\/postagens\/wp-json\/wp\/v2\/pages\/823\/revisions"}],"predecessor-version":[{"id":1460,"href":"https:\/\/bibliapresente.com\/postagens\/wp-json\/wp\/v2\/pages\/823\/revisions\/1460"}],"up":[{"embeddable":true,"href":"https:\/\/bibliapresente.com\/postagens\/wp-json\/wp\/v2\/pages\/771"}],"wp:featuredmedia":[{"embeddable":true,"href":"https:\/\/bibliapresente.com\/postagens\/wp-json\/wp\/v2\/media\/772"}],"wp:attachment":[{"href":"https:\/\/bibliapresente.com\/postagens\/wp-json\/wp\/v2\/media?parent=823"}],"curies":[{"name":"wp","href":"https:\/\/api.w.org\/{rel}","templated":true}]}}