{"id":819,"date":"2025-02-04T19:40:23","date_gmt":"2025-02-04T22:40:23","guid":{"rendered":"https:\/\/bibliapresente.com\/postagens\/?page_id=819"},"modified":"2025-02-04T19:40:23","modified_gmt":"2025-02-04T22:40:23","slug":"numeros-23","status":"publish","type":"page","link":"https:\/\/bibliapresente.com\/postagens\/livros-da-biblia\/numeros\/numeros-23\/","title":{"rendered":"N\u00fameros 23 &#8211; As B\u00ean\u00e7\u00e3os de Bala\u00e3o"},"content":{"rendered":"\n<p class=\"has-medium-font-size\" style=\"letter-spacing:1px\"><span><span><sup><b>1<\/b><\/sup><\/span> E Bala\u00e3o disse a Balaque: Edifica para mim aqui sete altares, e prepara-me aqui sete bezerros e sete carneiros. <br><span><sup><b>2<\/b><\/sup><\/span> E Balaque fez como lhe disse Bala\u00e3o: e ofereceram Balaque e Bala\u00e3o um bezerro e um carneiro em cada altar. <br><span><sup><b>3<\/b><\/sup><\/span> E Bala\u00e3o disse a Balaque: P\u00f5e-te junto a teu holocausto, e eu irei: talvez o SENHOR me vir\u00e1 ao encontro, e qualquer um coisa que me mostrar, eu a contarei a ti. E assim se foi s\u00f3. <br><span><sup><b>4<\/b><\/sup><\/span> E veio Deus ao encontro de Bala\u00e3o, e este lhe disse: Sete altares ordenei, e em cada altar ofereci um bezerro e um carneiro. <br><span><sup><b>5<\/b><\/sup><\/span> E o SENHOR p\u00f4s palavra na boca de Bala\u00e3o, e disse-lhe: Volta a Balaque, e h\u00e1s de falar assim. <br><span><sup><b>6<\/b><\/sup><\/span> E voltou a ele, e eis que estava ele junto a seu holocausto, ele e todos os pr\u00edncipes de Moabe. <br><span><sup><b>7<\/b><\/sup><\/span> E ele tomou sua par\u00e1bola, e disse: De Ar\u00e3 me trouxe Balaque, rei de Moabe, dos montes do oriente: Vem, amaldi\u00e7oa para mim a Jac\u00f3; E vem, condena a Israel. <br><span><sup><b>8<\/b><\/sup><\/span> Por que amaldi\u00e7oarei eu ao que Deus n\u00e3o amaldi\u00e7oou? E por que condenarei ao que o SENHOR n\u00e3o condenou? <br><span><sup><b>9<\/b><\/sup><\/span> Porque do cume das penhas o verei, E desde as colinas o olharei: Eis aqui um povo que habitar\u00e1 confiante, e n\u00e3o ser\u00e1 contado entre as na\u00e7\u00f5es. <br><span><sup><b>10<\/b><\/sup><\/span> Quem contar\u00e1 o p\u00f3 de Jac\u00f3, Ou o n\u00famero da quarta parte de Israel? Morra minha pessoa da morte dos corretos, E meu fim seja como o seu. <br><span><sup><b>11<\/b><\/sup><\/span> Ent\u00e3o Balaque disse a Bala\u00e3o: Que me fizeste? Tomei-te para que amaldi\u00e7oes a meus inimigos, e eis que proferiste b\u00ean\u00e7\u00e3os. <br><span><sup><b>12<\/b><\/sup><\/span> E ele respondeu, e disse: N\u00e3o observarei eu o que o SENHOR puser em minha boca para diz\u00ea-lo? <br><span><sup><b>13<\/b><\/sup><\/span> E disse Balaque: Rogo-te que venhas comigo a outro lugar desde o qual o vejas; sua extremidade somente ver\u00e1s, que n\u00e3o o ver\u00e1s todo; e desde ali me o amaldi\u00e7oar\u00e1s. <br><span><sup><b>14<\/b><\/sup><\/span> E levou-o ao campo de Zofim, ao cume de Pisga, e edificou sete altares, e ofereceu um bezerro e um carneiro em cada altar. <br><span><sup><b>15<\/b><\/sup><\/span> Ent\u00e3o ele disse a Balaque: P\u00f5e-te aqui junto a teu holocausto, e eu irei a encontrar a Deus ali. <br><span><sup><b>16<\/b><\/sup><\/span> E o SENHOR saiu ao encontro de Bala\u00e3o, e p\u00f4s palavra em sua boca, e disse-lhe: Volta a Balaque, e assim dir\u00e1s. <br><span><sup><b>17<\/b><\/sup><\/span> E veio a ele, e eis que ele estava junto a seu holocausto, e com ele os pr\u00edncipes de Moabe: e disse-lhe Balaque: Que disse o SENHOR? <br><span><sup><b>18<\/b><\/sup><\/span> Ent\u00e3o ele tomou sua par\u00e1bola, e disse: Balaque, levanta-te e ouve; Escuta minhas palavras, filho de Zipor: <br><span><sup><b>19<\/b><\/sup><\/span> Deus n\u00e3o \u00e9 homem, para que minta; nem filho de homem para que se arrependa: ele disse, e n\u00e3o far\u00e1?; Falou, e n\u00e3o o executar\u00e1? <br><span><sup><b>20<\/b><\/sup><\/span> Eis que, eu tomei b\u00ean\u00e7\u00e3o: E ele aben\u00e7oou, e n\u00e3o poderei revog\u00e1-la. <br><span><sup><b>21<\/b><\/sup><\/span> N\u00e3o notou iniquidade em Jac\u00f3, nem viu perversidade em Israel: o SENHOR seu Deus \u00e9 com ele, E j\u00fabilo de rei nele. <br><span><sup><b>22<\/b><\/sup><\/span> Deus os tirou do Egito; Tem for\u00e7as como de boi selvagem. <br><span><sup><b>23<\/b><\/sup><\/span> Porque em Jac\u00f3 n\u00e3o h\u00e1 agouro, nem adivinha\u00e7\u00e3o em Israel: Como agora, ser\u00e1 dito de Jac\u00f3 e de Israel: O que fez Deus! <br><span><sup><b>24<\/b><\/sup><\/span> Eis que o povo, que como le\u00e3o se levantar\u00e1, E como le\u00e3o se erguer\u00e1: N\u00e3o se deitar\u00e1 at\u00e9 que coma a presa, E beba o sangue dos mortos. <br><span><sup><b>25<\/b><\/sup><\/span> Ent\u00e3o Balaque disse a Bala\u00e3o: J\u00e1 que n\u00e3o o amaldi\u00e7oas, nem tampouco o aben\u00e7oes. <br><span><sup><b>26<\/b><\/sup><\/span> E Bala\u00e3o respondeu, e disse a Balaque: N\u00e3o te disse que tudo o que o SENHOR me disser, aquilo tenho de fazer? <br><span><sup><b>27<\/b><\/sup><\/span> E disse Balaque a Bala\u00e3o: Rogo-te que venhas, te levarei a outro lugar; porventura comparecer\u00e1 bem a Deus que desde ali me o amaldi\u00e7oes. <br><span><sup><b>28<\/b><\/sup><\/span> E Balaque levou a Bala\u00e3o ao cume de Peor, que est\u00e1 voltado at\u00e9 Jesimom. <br><span><sup><b>29<\/b><\/sup><\/span> Ent\u00e3o Bala\u00e3o disse a Balaque: Edifica para mim aqui sete altares, e prepara-me aqui sete bezerros e sete carneiros. <br><span><sup><b>30<\/b><\/sup><\/span> E Balaque fez como Bala\u00e3o lhe disse; e ofereceu um bezerro e um carneiro em cada altar.<\/span><\/p>\n\n\n\n<div class=\"wp-block-columns is-layout-flex wp-container-core-columns-is-layout-9d6595d7 wp-block-columns-is-layout-flex\">\n<div class=\"wp-block-column is-layout-flow wp-block-column-is-layout-flow\">\n<p><a href=\"\/numeros-22\" title=\"\">N\u00fameros 22<\/a><\/p>\n<\/div>\n\n\n\n<div class=\"wp-block-column is-layout-flow wp-block-column-is-layout-flow\">\n<p class=\"has-text-align-right\"><a href=\"\/numeros-24\" title=\"\">N\u00fameros 24<\/a><\/p>\n<\/div>\n<\/div>\n\n\n\n<h2 class=\"wp-block-heading\">Descri\u00e7\u00e3o &#8211; N\u00fameros 23<\/h2>\n\n\n\n<p class=\"has-medium-font-size\">N\u00fameros 23 descreve as tentativas frustradas de Bala\u00e3o, o profeta contratado pelo rei Balaque de Moabe, de amaldi\u00e7oar os israelitas. Mesmo ap\u00f3s ser levado a v\u00e1rios locais para realizar maldi\u00e7\u00f5es, Bala\u00e3o \u00e9 for\u00e7ado por Deus a aben\u00e7oar o povo de Israel em tr\u00eas ocasi\u00f5es. Essas b\u00ean\u00e7\u00e3os refor\u00e7am a prote\u00e7\u00e3o divina sobre os israelitas e mostram que, apesar dos planos de Balaque, os prop\u00f3sitos de Deus prevalecem. O cap\u00edtulo destaca a soberania de Deus e Sua fidelidade \u00e0 Sua promessa de b\u00ean\u00e7\u00e3o para Israel, mostrando que ningu\u00e9m pode impedir o cumprimento do plano divino para Seu povo.<\/p>\n\n\n\n<h3 class=\"wp-block-heading\">Livro dos N\u00fameros:<\/h3>\n\n\n\n\n\n<p><\/p>\n","protected":false},"excerpt":{"rendered":"<p>1 E Bala\u00e3o disse a Balaque: Edifica para mim aqui sete altares, e prepara-me aqui sete bezerros e sete carneiros. 2 E Balaque fez como lhe disse Bala\u00e3o: e ofereceram Balaque e Bala\u00e3o um bezerro e um carneiro em cada altar. 3 E Bala\u00e3o disse a Balaque: P\u00f5e-te junto a teu holocausto, e eu irei: &hellip; <\/p>\n","protected":false},"author":2,"featured_media":772,"parent":771,"menu_order":23,"comment_status":"closed","ping_status":"closed","template":"","meta":{"om_disable_all_campaigns":false,"_monsterinsights_skip_tracking":false,"_monsterinsights_sitenote_active":false,"_monsterinsights_sitenote_note":"","_monsterinsights_sitenote_category":0,"footnotes":""},"class_list":["post-819","page","type-page","status-publish","has-post-thumbnail","hentry"],"aioseo_notices":[],"_links":{"self":[{"href":"https:\/\/bibliapresente.com\/postagens\/wp-json\/wp\/v2\/pages\/819","targetHints":{"allow":["GET"]}}],"collection":[{"href":"https:\/\/bibliapresente.com\/postagens\/wp-json\/wp\/v2\/pages"}],"about":[{"href":"https:\/\/bibliapresente.com\/postagens\/wp-json\/wp\/v2\/types\/page"}],"author":[{"embeddable":true,"href":"https:\/\/bibliapresente.com\/postagens\/wp-json\/wp\/v2\/users\/2"}],"replies":[{"embeddable":true,"href":"https:\/\/bibliapresente.com\/postagens\/wp-json\/wp\/v2\/comments?post=819"}],"version-history":[{"count":5,"href":"https:\/\/bibliapresente.com\/postagens\/wp-json\/wp\/v2\/pages\/819\/revisions"}],"predecessor-version":[{"id":1459,"href":"https:\/\/bibliapresente.com\/postagens\/wp-json\/wp\/v2\/pages\/819\/revisions\/1459"}],"up":[{"embeddable":true,"href":"https:\/\/bibliapresente.com\/postagens\/wp-json\/wp\/v2\/pages\/771"}],"wp:featuredmedia":[{"embeddable":true,"href":"https:\/\/bibliapresente.com\/postagens\/wp-json\/wp\/v2\/media\/772"}],"wp:attachment":[{"href":"https:\/\/bibliapresente.com\/postagens\/wp-json\/wp\/v2\/media?parent=819"}],"curies":[{"name":"wp","href":"https:\/\/api.w.org\/{rel}","templated":true}]}}