{"id":807,"date":"2025-02-04T16:58:20","date_gmt":"2025-02-04T19:58:20","guid":{"rendered":"https:\/\/bibliapresente.com\/postagens\/?page_id=807"},"modified":"2025-02-04T16:58:21","modified_gmt":"2025-02-04T19:58:21","slug":"numeros-17","status":"publish","type":"page","link":"https:\/\/bibliapresente.com\/postagens\/livros-da-biblia\/numeros\/numeros-17\/","title":{"rendered":"N\u00fameros 17 &#8211; A Vara de Ar\u00e3o Floresce"},"content":{"rendered":"\n<p class=\"has-medium-font-size\" style=\"letter-spacing:1px\"><span><span><sup><b>1<\/b><\/sup><\/span> E falou o SENHOR a Mois\u00e9s, dizendo: <br><span><sup><b>2<\/b><\/sup><\/span> Fala aos filhos de Israel, e toma deles uma vara por cada casa dos pais, de todos os pr\u00edncipes deles, doze varas conforme as casas de seus pais; e escrever\u00e1s o nome de cada um sobre sua vara. <br><span><sup><b>3<\/b><\/sup><\/span> E escrever\u00e1s o nome de Ar\u00e3o sobre a vara de Levi; porque cada cabe\u00e7a de fam\u00edlia de seus pais ter\u00e1 uma vara. <br><span><sup><b>4<\/b><\/sup><\/span> E as por\u00e1s no tabern\u00e1culo do testemunho diante do testemunho, onde eu me declararei a v\u00f3s. <br><span><sup><b>5<\/b><\/sup><\/span> E ser\u00e1, que o homem que eu escolher, sua vara florescer\u00e1: e farei cessar de sobre mim as queixas dos filhos de Israel, com que murmuram contra v\u00f3s. <br><span><sup><b>6<\/b><\/sup><\/span> E Mois\u00e9s falou aos filhos de Israel, e todos os pr\u00edncipes deles lhe deram varas; cada pr\u00edncipe pelas casas de seus pais uma vara, em todas doze varas; e a vara de Ar\u00e3o estava entre as varas deles. <br><span><sup><b>7<\/b><\/sup><\/span> E Mois\u00e9s p\u00f4s as varas diante do SENHOR no tabern\u00e1culo do testemunho. <br><span><sup><b>8<\/b><\/sup><\/span> E aconteceu que no dia seguinte veio Mois\u00e9s ao tabern\u00e1culo do testemunho; e eis que a vara de Ar\u00e3o da casa de Levi havia brotado, e produzido flores, e lan\u00e7ado renovos, e produzido am\u00eandoas. <br><span><sup><b>9<\/b><\/sup><\/span> Ent\u00e3o tirou Mois\u00e9s todas as varas de diante do SENHOR a todos os filhos de Israel; e eles o viram, e tomaram cada um sua vara. <br><span><sup><b>10<\/b><\/sup><\/span> E o SENHOR disse a Mois\u00e9s: Volta a vara de Ar\u00e3o diante do testemunho, para que se guarde por sinal aos filhos rebeldes; e far\u00e1s cessar suas queixas de sobre mim, para que n\u00e3o morram. <br><span><sup><b>11<\/b><\/sup><\/span> E o fez Mois\u00e9s: como lhe mandou o SENHOR, assim fez. <br><span><sup><b>12<\/b><\/sup><\/span> Ent\u00e3o os filhos de Israel falaram a Mois\u00e9s, dizendo: Eis que n\u00f3s somos mortos, perdidos somos, todos n\u00f3s somos perdidos. <br><span><sup><b>13<\/b><\/sup><\/span> Qualquer um que se chegar, o que se aproximar ao tabern\u00e1culo do SENHOR morrer\u00e1: Acabaremos de perecer todos?<\/span><\/p>\n\n\n\n<div class=\"wp-block-columns is-layout-flex wp-container-core-columns-is-layout-9d6595d7 wp-block-columns-is-layout-flex\">\n<div class=\"wp-block-column is-layout-flow wp-block-column-is-layout-flow\">\n<p><a href=\"\/numeros-16\" title=\"\">N\u00fameros 16<\/a><\/p>\n<\/div>\n\n\n\n<div class=\"wp-block-column is-layout-flow wp-block-column-is-layout-flow\">\n<p class=\"has-text-align-right\"><a href=\"\/numeros-18\" title=\"\">N\u00fameros 18<\/a><\/p>\n<\/div>\n<\/div>\n\n\n\n<h2 class=\"wp-block-heading\">Descri\u00e7\u00e3o &#8211; N\u00fameros 17<\/h2>\n\n\n\n<p class=\"has-medium-font-size\">N\u00fameros 17 confirma a escolha divina de Ar\u00e3o como sumo sacerdote ap\u00f3s a rebeli\u00e3o de Cor\u00e1. Deus ordena que cada tribo de Israel apresente uma vara com o nome de seu l\u00edder, colocando-as diante da Arca da Alian\u00e7a. No dia seguinte, a vara de Ar\u00e3o, da tribo de Levi, floresce milagrosamente, produzindo brotos, flores e am\u00eandoas. Esse sinal divino encerra as disputas sobre o sacerd\u00f3cio e refor\u00e7a a autoridade da linhagem lev\u00edtica. O cap\u00edtulo destaca a import\u00e2ncia da obedi\u00eancia e da designa\u00e7\u00e3o divina, assegurando a lideran\u00e7a espiritual de Israel antes da entrada na Terra Prometida.<\/p>\n\n\n\n<h3 class=\"wp-block-heading\">Livro dos N\u00fameros:<\/h3>\n\n\n\n\n\n<p><\/p>\n","protected":false},"excerpt":{"rendered":"<p>1 E falou o SENHOR a Mois\u00e9s, dizendo: 2 Fala aos filhos de Israel, e toma deles uma vara por cada casa dos pais, de todos os pr\u00edncipes deles, doze varas conforme as casas de seus pais; e escrever\u00e1s o nome de cada um sobre sua vara. 3 E escrever\u00e1s o nome de Ar\u00e3o sobre &hellip; <\/p>\n","protected":false},"author":2,"featured_media":772,"parent":771,"menu_order":17,"comment_status":"closed","ping_status":"closed","template":"","meta":{"om_disable_all_campaigns":false,"_monsterinsights_skip_tracking":false,"_monsterinsights_sitenote_active":false,"_monsterinsights_sitenote_note":"","_monsterinsights_sitenote_category":0,"footnotes":""},"class_list":["post-807","page","type-page","status-publish","has-post-thumbnail","hentry"],"aioseo_notices":[],"_links":{"self":[{"href":"https:\/\/bibliapresente.com\/postagens\/wp-json\/wp\/v2\/pages\/807","targetHints":{"allow":["GET"]}}],"collection":[{"href":"https:\/\/bibliapresente.com\/postagens\/wp-json\/wp\/v2\/pages"}],"about":[{"href":"https:\/\/bibliapresente.com\/postagens\/wp-json\/wp\/v2\/types\/page"}],"author":[{"embeddable":true,"href":"https:\/\/bibliapresente.com\/postagens\/wp-json\/wp\/v2\/users\/2"}],"replies":[{"embeddable":true,"href":"https:\/\/bibliapresente.com\/postagens\/wp-json\/wp\/v2\/comments?post=807"}],"version-history":[{"count":5,"href":"https:\/\/bibliapresente.com\/postagens\/wp-json\/wp\/v2\/pages\/807\/revisions"}],"predecessor-version":[{"id":1453,"href":"https:\/\/bibliapresente.com\/postagens\/wp-json\/wp\/v2\/pages\/807\/revisions\/1453"}],"up":[{"embeddable":true,"href":"https:\/\/bibliapresente.com\/postagens\/wp-json\/wp\/v2\/pages\/771"}],"wp:featuredmedia":[{"embeddable":true,"href":"https:\/\/bibliapresente.com\/postagens\/wp-json\/wp\/v2\/media\/772"}],"wp:attachment":[{"href":"https:\/\/bibliapresente.com\/postagens\/wp-json\/wp\/v2\/media?parent=807"}],"curies":[{"name":"wp","href":"https:\/\/api.w.org\/{rel}","templated":true}]}}