{"id":777,"date":"2025-02-03T21:22:38","date_gmt":"2025-02-04T00:22:38","guid":{"rendered":"https:\/\/bibliapresente.com\/postagens\/?page_id=777"},"modified":"2025-02-04T16:37:02","modified_gmt":"2025-02-04T19:37:02","slug":"numeros-2","status":"publish","type":"page","link":"https:\/\/bibliapresente.com\/postagens\/livros-da-biblia\/numeros\/numeros-2\/","title":{"rendered":"N\u00fameros 2 &#8211; Organiza\u00e7\u00e3o do Acampamento"},"content":{"rendered":"\n<p class=\"has-medium-font-size\" style=\"letter-spacing:1px\"><span><span><sup><b>1<\/b><\/sup><\/span> E falou o SENHOR a Mois\u00e9s e a Ar\u00e3o, dizendo: <br><span><sup><b>2<\/b><\/sup><\/span> Os filhos de Israel acampar\u00e3o cada um junto \u00e0 sua bandeira, segundo as ins\u00edgnias das casas de seus pais; ao redor do tabern\u00e1culo do testemunho acampar\u00e3o. <br><span><sup><b>3<\/b><\/sup><\/span> Estes acampar\u00e3o ao levante, ao oriente: a bandeira do ex\u00e9rcito de Jud\u00e1, por seus esquadr\u00f5es; e o chefe dos filhos de Jud\u00e1, Naassom filho de Aminadabe: <br><span><sup><b>4<\/b><\/sup><\/span> Seu ex\u00e9rcito, com os contados deles, setenta e quatro mil e seiscentos. <br><span><sup><b>5<\/b><\/sup><\/span> Junto a ele acampar\u00e3o os da tribo de Issacar: e o chefe dos filhos de Issacar, Natanael filho de Zuar; <br><span><sup><b>6<\/b><\/sup><\/span> E seu ex\u00e9rcito, com seus contados, cinquenta e quatro mil e quatrocentos: <br><span><sup><b>7<\/b><\/sup><\/span> E a tribo de Zebulom: e o chefe dos filhos de Zebulom, Eliabe filho de Helom; <br><span><sup><b>8<\/b><\/sup><\/span> E seu ex\u00e9rcito, com seus contados, cinquenta e sete mil e quatrocentos. <br><span><sup><b>9<\/b><\/sup><\/span> Todos os contados no ex\u00e9rcito de Jud\u00e1, cento e oitenta e seis mil e quatrocentos, por seus esquadr\u00f5es, ir\u00e3o diante. <br><span><sup><b>10<\/b><\/sup><\/span> A bandeira do ex\u00e9rcito de R\u00faben ao sul, por seus esquadr\u00f5es: e o chefe dos filhos de R\u00faben, Elizur filho de Sedeur; <br><span><sup><b>11<\/b><\/sup><\/span> E seu ex\u00e9rcito, seus contados, quarenta e seis mil e quinhentos. <br><span><sup><b>12<\/b><\/sup><\/span> E acampar\u00e3o junto a ele os da tribo de Sime\u00e3o: e o chefe dos filhos de Sime\u00e3o, Selumiel filho de Zurisadai; <br><span><sup><b>13<\/b><\/sup><\/span> E seu ex\u00e9rcito, com os contados deles, cinquenta e nove mil e trezentos: <br><span><sup><b>14<\/b><\/sup><\/span> E a tribo de Gade: e o chefe dos filhos de Gade, Eliasafe filho de Reuel; <br><span><sup><b>15<\/b><\/sup><\/span> E seu ex\u00e9rcito, com os contados deles, quarenta e cinco mil seiscentos e cinquenta. <br><span><sup><b>16<\/b><\/sup><\/span> Todos os contados no ex\u00e9rcito de R\u00faben, cento cinquenta e um mil quatrocentos e cinquenta, por seus esquadr\u00f5es, ir\u00e3o na segunda posi\u00e7\u00e3o. <br><span><sup><b>17<\/b><\/sup><\/span> Logo ir\u00e1 o tabern\u00e1culo do testemunho, o acampamento dos levitas em meio dos ex\u00e9rcitos: da maneira que assentam o acampamento, assim caminhar\u00e3o, cada um em seu lugar, junto a suas bandeiras. <br><span><sup><b>18<\/b><\/sup><\/span> A bandeira do ex\u00e9rcito de Efraim por seus esquadr\u00f5es, ao ocidente: e o chefe dos filhos de Efraim, Elisama filho de Ami\u00fade; <br><span><sup><b>19<\/b><\/sup><\/span> E seu ex\u00e9rcito, com os contados deles, quarenta mil e quinhentos. <br><span><sup><b>20<\/b><\/sup><\/span> Junto a ele estar\u00e1 a tribo de Manass\u00e9s; e o chefe dos filhos de Manass\u00e9s, Gamaliel filho de Pedazur; <br><span><sup><b>21<\/b><\/sup><\/span> E seu ex\u00e9rcito, com os contados deles, trinta e dois mil e duzentos: <br><span><sup><b>22<\/b><\/sup><\/span> E a tribo de Benjamim: e o chefe dos filhos de Benjamim, Abid\u00e3 filho de Gideoni; <br><span><sup><b>23<\/b><\/sup><\/span> E seu ex\u00e9rcito, com os contados deles, trinta e cinco mil e quatrocentos. <br><span><sup><b>24<\/b><\/sup><\/span> Todos os contados no ex\u00e9rcito de Efraim, cento e oito mil e cem, por seus esquadr\u00f5es, ir\u00e3o na terceira posi\u00e7\u00e3o. <br><span><sup><b>25<\/b><\/sup><\/span> A bandeira do ex\u00e9rcito de D\u00e3 estar\u00e1 ao norte, por seus esquadr\u00f5es: e o chefe dos filhos de D\u00e3, Aiezer filho de Amisadai; <br><span><sup><b>26<\/b><\/sup><\/span> E seu ex\u00e9rcito, com os contados deles, sessenta e dois mil e setecentos. <br><span><sup><b>27<\/b><\/sup><\/span> Junto a ele acampar\u00e3o os da tribo de Aser: e o chefe dos filhos de Aser, Pagiel filho de Ocr\u00e3; <br><span><sup><b>28<\/b><\/sup><\/span> E seu ex\u00e9rcito, com os contados deles, quarenta e um mil e quinhentos: <br><span><sup><b>29<\/b><\/sup><\/span> E a tribo de Naftali: e o chefe dos filhos de Naftali, Aira filho de En\u00e3; <br><span><sup><b>30<\/b><\/sup><\/span> E seu ex\u00e9rcito, com os contados deles, cinquenta e tr\u00eas mil e quatrocentos. <br><span><sup><b>31<\/b><\/sup><\/span> Todos os contados no ex\u00e9rcito de D\u00e3, cento cinquenta e sete mil e seiscentos: ir\u00e3o os \u00faltimos atr\u00e1s de suas bandeiras. <br><span><sup><b>32<\/b><\/sup><\/span> Estes s\u00e3o os contados dos filhos de Israel, pelas casas de seus pais: todos os contados por ex\u00e9rcitos, por seus esquadr\u00f5es, seiscentos tr\u00eas mil quinhentos e cinquenta. <br><span><sup><b>33<\/b><\/sup><\/span> Mas os levitas n\u00e3o foram contados entre os filhos de Israel; como o SENHOR o mandou a Mois\u00e9s. <br><span><sup><b>34<\/b><\/sup><\/span> E fizeram os filhos de Israel conforme todas as coisas que o SENHOR mandou a Mois\u00e9s; assim assentaram o acampamento por suas bandeiras, e assim marcharam cada um por suas fam\u00edlias, segundo as casas de seus pais.<\/span><\/p>\n\n\n\n<div class=\"wp-block-columns is-layout-flex wp-container-core-columns-is-layout-9d6595d7 wp-block-columns-is-layout-flex\">\n<div class=\"wp-block-column is-layout-flow wp-block-column-is-layout-flow\">\n<p><a href=\"\/numeros-1\" title=\"\">N\u00fameros 1<\/a><\/p>\n<\/div>\n\n\n\n<div class=\"wp-block-column is-layout-flow wp-block-column-is-layout-flow\">\n<p class=\"has-text-align-right\"><a href=\"\/numeros-1\" title=\"\">N\u00fameros 3<\/a><\/p>\n<\/div>\n<\/div>\n\n\n\n<h2 class=\"wp-block-heading\">Descri\u00e7\u00e3o &#8211; N\u00fameros 2<\/h2>\n\n\n\n<p class=\"has-medium-font-size\">N\u00fameros 2 apresenta a organiza\u00e7\u00e3o do acampamento dos filhos de Israel no deserto, conforme a ordem divina. Cada tribo recebe uma posi\u00e7\u00e3o espec\u00edfica ao redor do Tabern\u00e1culo, formando um arranjo estrat\u00e9gico para a jornada rumo \u00e0 Terra Prometida. As tribos s\u00e3o divididas em quatro grupos, cada um liderado por uma tribo principal. No centro, os levitas cuidam do Tabern\u00e1culo. Esse cap\u00edtulo refor\u00e7a a import\u00e2ncia da ordem e da obedi\u00eancia a Deus na estrutura\u00e7\u00e3o do povo. No contexto do livro, destaca como Israel deveria se preparar para avan\u00e7ar pelo deserto de maneira organizada, seguindo a lideran\u00e7a de Mois\u00e9s e Aar\u00e3o.<\/p>\n\n\n\n<h3 class=\"wp-block-heading\">Livro dos N\u00fameros:<\/h3>\n\n\n\n\n\n<p><\/p>\n","protected":false},"excerpt":{"rendered":"<p>1 E falou o SENHOR a Mois\u00e9s e a Ar\u00e3o, dizendo: 2 Os filhos de Israel acampar\u00e3o cada um junto \u00e0 sua bandeira, segundo as ins\u00edgnias das casas de seus pais; ao redor do tabern\u00e1culo do testemunho acampar\u00e3o. 3 Estes acampar\u00e3o ao levante, ao oriente: a bandeira do ex\u00e9rcito de Jud\u00e1, por seus esquadr\u00f5es; e &hellip; <\/p>\n","protected":false},"author":2,"featured_media":772,"parent":771,"menu_order":2,"comment_status":"closed","ping_status":"closed","template":"","meta":{"om_disable_all_campaigns":false,"_monsterinsights_skip_tracking":false,"_monsterinsights_sitenote_active":false,"_monsterinsights_sitenote_note":"","_monsterinsights_sitenote_category":0,"footnotes":""},"class_list":["post-777","page","type-page","status-publish","has-post-thumbnail","hentry"],"aioseo_notices":[],"_links":{"self":[{"href":"https:\/\/bibliapresente.com\/postagens\/wp-json\/wp\/v2\/pages\/777","targetHints":{"allow":["GET"]}}],"collection":[{"href":"https:\/\/bibliapresente.com\/postagens\/wp-json\/wp\/v2\/pages"}],"about":[{"href":"https:\/\/bibliapresente.com\/postagens\/wp-json\/wp\/v2\/types\/page"}],"author":[{"embeddable":true,"href":"https:\/\/bibliapresente.com\/postagens\/wp-json\/wp\/v2\/users\/2"}],"replies":[{"embeddable":true,"href":"https:\/\/bibliapresente.com\/postagens\/wp-json\/wp\/v2\/comments?post=777"}],"version-history":[{"count":6,"href":"https:\/\/bibliapresente.com\/postagens\/wp-json\/wp\/v2\/pages\/777\/revisions"}],"predecessor-version":[{"id":1438,"href":"https:\/\/bibliapresente.com\/postagens\/wp-json\/wp\/v2\/pages\/777\/revisions\/1438"}],"up":[{"embeddable":true,"href":"https:\/\/bibliapresente.com\/postagens\/wp-json\/wp\/v2\/pages\/771"}],"wp:featuredmedia":[{"embeddable":true,"href":"https:\/\/bibliapresente.com\/postagens\/wp-json\/wp\/v2\/media\/772"}],"wp:attachment":[{"href":"https:\/\/bibliapresente.com\/postagens\/wp-json\/wp\/v2\/media?parent=777"}],"curies":[{"name":"wp","href":"https:\/\/api.w.org\/{rel}","templated":true}]}}