{"id":765,"date":"2025-02-03T18:10:35","date_gmt":"2025-02-03T21:10:35","guid":{"rendered":"https:\/\/bibliapresente.com\/postagens\/?page_id=765"},"modified":"2025-02-03T18:10:35","modified_gmt":"2025-02-03T21:10:35","slug":"levitico-25","status":"publish","type":"page","link":"https:\/\/bibliapresente.com\/postagens\/livros-da-biblia\/levitico\/levitico-25\/","title":{"rendered":"Lev\u00edtico 25 &#8211; O Ano Sab\u00e1tico e o Jubileu"},"content":{"rendered":"\n<p class=\"has-medium-font-size\" style=\"letter-spacing:1px\"><span><span><sup><b>1<\/b><\/sup><\/span> E o SENHOR falou a Mois\u00e9s no monte Sinai, dizendo: <br><span><sup><b>2<\/b><\/sup><\/span> Fala aos filhos de Israel, e dize-lhes: Quando houverdes entrado na terra que eu vos dou, a terra far\u00e1 s\u00e1bado ao SENHOR. <br><span><sup><b>3<\/b><\/sup><\/span> Seis anos semear\u00e1s tua terra, e seis anos podar\u00e1s tua vinha, e colher\u00e1s seus frutos; <br><span><sup><b>4<\/b><\/sup><\/span> E no s\u00e9timo ano a terra ter\u00e1 s\u00e1bado de descanso, s\u00e1bado ao SENHOR: n\u00e3o semear\u00e1s tua terra, nem podar\u00e1s tua vinha. <br><span><sup><b>5<\/b><\/sup><\/span> O que de seu se nascer em tua terra ceifada, n\u00e3o o ceifar\u00e1s; e as uvas de teu vinhedo n\u00e3o vindimar\u00e1s: ano de descanso ser\u00e1 \u00e0 terra. <br><span><sup><b>6<\/b><\/sup><\/span> Mas o s\u00e1bado da terra vos ser\u00e1 para comer a ti, e a teu servo, e a tua serva, e a tua criado, e a tua estrangeiro que morar contigo: <br><span><sup><b>7<\/b><\/sup><\/span> E a teu animal, e \u00e0 animal que houver em tua terra, ser\u00e1 todo o fruto dela para comer. <br><span><sup><b>8<\/b><\/sup><\/span> E te h\u00e1s de contar sete semanas de anos, sete vezes sete anos; de modo que os dias das sete semanas de anos vir\u00e3o a ser para ti quarenta e nove anos. <br><span><sup><b>9<\/b><\/sup><\/span> Ent\u00e3o far\u00e1s passar a trombeta de j\u00fabilo no m\u00eas s\u00e9timo aos dez do m\u00eas; o dia da expia\u00e7\u00e3o fareis passar a trombeta por toda vossa terra. <br><span><sup><b>10<\/b><\/sup><\/span> E santificareis o ano cinquenta, e apregoareis liberdade na terra a todos os seus moradores: este vos ser\u00e1 jubileu; e voltareis cada um \u00e0 sua possess\u00e3o, e cada qual voltar\u00e1 \u00e0 sua fam\u00edlia. <br><span><sup><b>11<\/b><\/sup><\/span> O ano dos cinquenta anos vos ser\u00e1 jubileu: n\u00e3o semeareis, nem colhereis o que nascer de seu na terra, nem vindimareis seus vinhedos: <br><span><sup><b>12<\/b><\/sup><\/span> Porque \u00e9 jubileu: santo ser\u00e1 a v\u00f3s; o produto da terra comereis. <br><span><sup><b>13<\/b><\/sup><\/span> Em este ano de jubileu voltareis cada um \u00e0 sua possess\u00e3o. <br><span><sup><b>14<\/b><\/sup><\/span> E quando venderdes algo a vosso pr\u00f3ximo, ou comprardes da m\u00e3o de vosso pr\u00f3ximo, n\u00e3o engane ningu\u00e9m a seu irm\u00e3o: <br><span><sup><b>15<\/b><\/sup><\/span> Conforme o n\u00famero dos anos depois do jubileu comprar\u00e1s de teu pr\u00f3ximo; conforme o n\u00famero dos anos dos frutos te vender\u00e1 ele a ti. <br><span><sup><b>16<\/b><\/sup><\/span> Conforme a abund\u00e2ncia dos anos aumentar\u00e1s o pre\u00e7o, e conforme a diminui\u00e7\u00e3o dos anos diminuir\u00e1s o pre\u00e7o; porque segundo o n\u00famero dos rendimentos te h\u00e1 de vender ele. <br><span><sup><b>17<\/b><\/sup><\/span> E n\u00e3o engane ningu\u00e9m a seu pr\u00f3ximo; mas ter\u00e1s temor de teu Deus: porque eu sou o SENHOR vosso Deus. <br><span><sup><b>18<\/b><\/sup><\/span> Executai, pois, meus estatutos, e guardai meus regulamentos, e ponde-os por obra, e habitareis na terra seguros; <br><span><sup><b>19<\/b><\/sup><\/span> E a terra dar\u00e1 seu fruto, e comereis at\u00e9 fartura, e habitareis nela com seguran\u00e7a. <br><span><sup><b>20<\/b><\/sup><\/span> E se disserdes: Que comeremos no s\u00e9timo ano? eis que n\u00e3o temos de semear, nem temos de colher nossos frutos: <br><span><sup><b>21<\/b><\/sup><\/span> Ent\u00e3o eu vos enviarei minha b\u00ean\u00e7\u00e3o no sexto ano, e far\u00e1 fruto por tr\u00eas anos. <br><span><sup><b>22<\/b><\/sup><\/span> E semeareis no ano oitavo, e comereis do fruto alheio; at\u00e9 o ano nono, at\u00e9 que venha seu fruto comereis do alheio. <br><span><sup><b>23<\/b><\/sup><\/span> E a terra n\u00e3o se vender\u00e1 definitivamente, porque a terra minha \u00e9; que v\u00f3s peregrinos e estrangeiros sois para comigo. <br><span><sup><b>24<\/b><\/sup><\/span> Portanto, em toda a terra de vossa possess\u00e3o, outorgareis remiss\u00e3o \u00e0 terra. <br><span><sup><b>25<\/b><\/sup><\/span> Quando teu irm\u00e3o empobrecer, e vender algo de sua possess\u00e3o, vir\u00e1 o resgatador, seu pr\u00f3ximo, e resgatar\u00e1 o que seu irm\u00e3o houver vendido. <br><span><sup><b>26<\/b><\/sup><\/span> E quando o homem n\u00e3o tiver resgatador, se alcan\u00e7ar sua m\u00e3o, e achar o que basta para seu resgate; <br><span><sup><b>27<\/b><\/sup><\/span> Ent\u00e3o contar\u00e1 os anos de sua venda, e pagar\u00e1 o que restar ao homem a quem vendeu, e voltar\u00e1 \u00e0 sua possess\u00e3o. <br><span><sup><b>28<\/b><\/sup><\/span> Mas se n\u00e3o alcan\u00e7ar sua m\u00e3o o que basta para que volte a ele, o que vendeu estar\u00e1 em poder do que o comprou at\u00e9 o ano do jubileu; e ao jubileu sair\u00e1, e ele voltar\u00e1 \u00e0 sua possess\u00e3o. <br><span><sup><b>29<\/b><\/sup><\/span> E o homem que vender casa de morada em cidade cercado, poder\u00e1 resgat\u00e1-la at\u00e9 acabar-se o ano de sua venda: ano ser\u00e1 o termo de se poder resgatar. <br><span><sup><b>30<\/b><\/sup><\/span> E se n\u00e3o for resgatada dentro de ano inteiro, a casa que estiver na cidade murada ficar\u00e1 para sempre por daquele que a comprou, e para seus descendentes: n\u00e3o sair\u00e1 no jubileu. <br><span><sup><b>31<\/b><\/sup><\/span> Mas as casas das aldeias que n\u00e3o t\u00eam muro ao redor, ser\u00e3o estimadas como uma planta\u00e7\u00e3o da terra: ter\u00e3o remiss\u00e3o, e sair\u00e3o no jubileu. <br><span><sup><b>32<\/b><\/sup><\/span> Por\u00e9m em quanto \u00e0s cidades dos levitas, sempre poder\u00e3o resgatar os levitas as casas das cidades que possu\u00edrem. <br><span><sup><b>33<\/b><\/sup><\/span> E o que comprar dos levitas, sair\u00e1 da casa vendida, ou da cidade de sua possess\u00e3o, no jubileu: porquanto as casas das cidades dos levitas \u00e9 a possess\u00e3o deles entre os filhos de Israel. <br><span><sup><b>34<\/b><\/sup><\/span> Mas a terra dos arredores de suas cidades n\u00e3o se vender\u00e1, porque \u00e9 perp\u00e9tua possess\u00e3o deles. <br><span><sup><b>35<\/b><\/sup><\/span> E quando teu irm\u00e3o empobrecer, e se refugiar a ti, tu o amparar\u00e1s: como peregrino e estrangeiro viver\u00e1 contigo. <br><span><sup><b>36<\/b><\/sup><\/span> N\u00e3o tomar\u00e1s juros dele, nem lucro; mas ter\u00e1s temor de teu Deus, e teu irm\u00e3o viver\u00e1 contigo. <br><span><sup><b>37<\/b><\/sup><\/span> N\u00e3o lhe dar\u00e1s teu dinheiro a juros, nem tua comida a ganho: <br><span><sup><b>38<\/b><\/sup><\/span> Eu sou o SENHOR vosso Deus, que vos tirei da terra do Egito, para vos dar a terra de Cana\u00e3, para ser vosso Deus. <br><span><sup><b>39<\/b><\/sup><\/span> E quando teu irm\u00e3o empobrecer, estando contigo, e se vender a ti, n\u00e3o lhe far\u00e1s servir como servo: <br><span><sup><b>40<\/b><\/sup><\/span> Como criado, como estrangeiro estar\u00e1 contigo; at\u00e9 o ano do jubileu te servir\u00e1. <br><span><sup><b>41<\/b><\/sup><\/span> Ent\u00e3o sair\u00e1 de tua presen\u00e7a, ele e seus filhos consigo, e voltar\u00e1 \u00e0 sua fam\u00edlia, e \u00e0 possess\u00e3o de seus pais se restituir\u00e1. <br><span><sup><b>42<\/b><\/sup><\/span> Porque s\u00e3o meus servos, os quais tirei eu da terra do Egito: n\u00e3o ser\u00e3o vendidos \u00e0 maneira de servos. <br><span><sup><b>43<\/b><\/sup><\/span> N\u00e3o ser\u00e1s senhor dele com dureza, mas ter\u00e1s temor de teu Deus. <br><span><sup><b>44<\/b><\/sup><\/span> Assim teu servo como tua serva que tiveres, ser\u00e3o das na\u00e7\u00f5es que est\u00e3o em vosso ao redor: deles comprareis servos e servas. <br><span><sup><b>45<\/b><\/sup><\/span> Tamb\u00e9m comprareis dos filhos dos forasteiros que vivem entre v\u00f3s, e dos que da linhagem deles s\u00e3o nascidos em vossa terra, que est\u00e3o convosco; os quais tereis por possess\u00e3o: <br><span><sup><b>46<\/b><\/sup><\/span> E os possuireis por heran\u00e7a para vossos filhos depois de v\u00f3s, como possess\u00e3o heredit\u00e1ria; para sempre vos servireis deles; por\u00e9m em vossos irm\u00e3os os filhos de Israel, n\u00e3o vos dominareis cada um sobre seu irm\u00e3o com dureza. <br><span><sup><b>47<\/b><\/sup><\/span> E se o peregrino ou estrangeiro que est\u00e1 contigo, adquirisse meios, e teu irm\u00e3o que est\u00e1 com ele empobrecer, e se vender ao peregrino ou estrangeiro que est\u00e1 contigo, ou \u00e0 ra\u00e7a da fam\u00edlia do estrangeiro; <br><span><sup><b>48<\/b><\/sup><\/span> Depois que se houver vendido, poder\u00e1 ser resgatado: um de seus irm\u00e3os o resgatar\u00e1; <br><span><sup><b>49<\/b><\/sup><\/span> Ou seu tio, ou o filho de seu tio o resgatar\u00e1, ou o pr\u00f3ximo de sua carne, de sua linhagem, o resgatar\u00e1; ou se seus meios alcan\u00e7arem, ele mesmo se resgatar\u00e1. <br><span><sup><b>50<\/b><\/sup><\/span> E contar\u00e1 com o que o comprou, desde o ano que se vendeu a ele at\u00e9 o ano do jubileu: e h\u00e1 de estabelecer pre\u00e7o o dinheiro de sua venda conforme o n\u00famero dos anos, e se far\u00e1 com ele conforme o tempo de um criado assalariado. <br><span><sup><b>51<\/b><\/sup><\/span> Se ainda forem muitos anos, conforme eles voltar\u00e1 para seu resgate do dinheiro pelo qual se vendeu. <br><span><sup><b>52<\/b><\/sup><\/span> E se restar pouco tempo at\u00e9 o ano do jubileu, ent\u00e3o contar\u00e1 com ele, e devolver\u00e1 seu resgate conforme seus anos. <br><span><sup><b>53<\/b><\/sup><\/span> Como com tomado a sal\u00e1rio anualmente far\u00e1 com ele: n\u00e3o ser\u00e1 senhor dele com aspereza diante de teus olhos. <br><span><sup><b>54<\/b><\/sup><\/span> Mas se n\u00e3o se resgatar em esses anos, no ano do jubileu sair\u00e1, ele, e seus filhos com ele. <br><span><sup><b>55<\/b><\/sup><\/span> Porque meus servos s\u00e3o os filhos de Israel; s\u00e3o servos meus, aos quais tirei da terra do Egito: Eu sou o SENHOR vosso Deus.<\/span><\/p>\n\n\n\n<div class=\"wp-block-columns is-layout-flex wp-container-core-columns-is-layout-9d6595d7 wp-block-columns-is-layout-flex\">\n<div class=\"wp-block-column is-layout-flow wp-block-column-is-layout-flow\">\n<p><a href=\"\/levitico-24\" title=\"\">Lev\u00edtico 24<\/a><\/p>\n<\/div>\n\n\n\n<div class=\"wp-block-column is-layout-flow wp-block-column-is-layout-flow\">\n<p class=\"has-text-align-right\"><a href=\"\/levitico-26\" title=\"\">Lev\u00edtico 26<\/a><\/p>\n<\/div>\n<\/div>\n\n\n\n<h2 class=\"wp-block-heading\">Descri\u00e7\u00e3o &#8211; Lev\u00edtico 25<\/h2>\n\n\n\n<p class=\"has-medium-font-size\">Lev\u00edtico 25 apresenta as leis do Ano do Jubileu e o Ano Sab\u00e1tico, que t\u00eam como objetivo restaurar a justi\u00e7a social e econ\u00f4mica em Israel. A cada sete anos, os israelitas devem descansar a terra, e a cada cinquenta anos, no Ano do Jubileu, todas as propriedades devem ser devolvidas aos seus donos originais, e os escravizados devem ser libertados. Essas pr\u00e1ticas garantem a equidade e a preserva\u00e7\u00e3o da dignidade humana, evitando a concentra\u00e7\u00e3o de riquezas. No contexto de Lev\u00edtico, o cap\u00edtulo enfatiza o compromisso com a justi\u00e7a, a liberdade e a fidelidade a Deus, criando uma sociedade mais justa e equilibrada.<\/p>\n\n\n\n<h3 class=\"wp-block-heading\">Livro do Lev\u00edtico:<\/h3>\n\n\n<ul class=\"wp-block-page-list\"><li class=\"wp-block-pages-list__item\"><a class=\"wp-block-pages-list__item__link\" href=\"https:\/\/bibliapresente.com\/postagens\/livros-da-biblia\/levitico\/levitico-1\/\">Lev\u00edtico 1 &#8211; A Oferta do Holocausto<\/a><\/li><li class=\"wp-block-pages-list__item\"><a class=\"wp-block-pages-list__item__link\" href=\"https:\/\/bibliapresente.com\/postagens\/livros-da-biblia\/levitico\/levitico-2\/\">Lev\u00edtico 2 &#8211; A Oferta de Manjares e Gr\u00e3os<\/a><\/li><li class=\"wp-block-pages-list__item\"><a class=\"wp-block-pages-list__item__link\" href=\"https:\/\/bibliapresente.com\/postagens\/livros-da-biblia\/levitico\/levitico-3\/\">Lev\u00edtico 3 &#8211; Oferta Pac\u00edfica e Sacrif\u00edcios<\/a><\/li><li class=\"wp-block-pages-list__item\"><a class=\"wp-block-pages-list__item__link\" href=\"https:\/\/bibliapresente.com\/postagens\/livros-da-biblia\/levitico\/levitico-4\/\">Lev\u00edtico 4 &#8211; A Oferta Pelo Pecado<\/a><\/li><li class=\"wp-block-pages-list__item\"><a class=\"wp-block-pages-list__item__link\" href=\"https:\/\/bibliapresente.com\/postagens\/livros-da-biblia\/levitico\/levitico-5\/\">Lev\u00edtico 5 &#8211; Oferta pela Culpa e Repara\u00e7\u00e3o<\/a><\/li><li class=\"wp-block-pages-list__item\"><a class=\"wp-block-pages-list__item__link\" href=\"https:\/\/bibliapresente.com\/postagens\/livros-da-biblia\/levitico\/levitico-6\/\">Lev\u00edtico 6 &#8211; Leis do Holocausto<\/a><\/li><li class=\"wp-block-pages-list__item\"><a class=\"wp-block-pages-list__item__link\" href=\"https:\/\/bibliapresente.com\/postagens\/livros-da-biblia\/levitico\/levitico-7\/\">Lev\u00edtico 7 &#8211; Ofertas Pac\u00edficas<\/a><\/li><li class=\"wp-block-pages-list__item\"><a class=\"wp-block-pages-list__item__link\" href=\"https:\/\/bibliapresente.com\/postagens\/livros-da-biblia\/levitico\/levitico-8\/\">Lev\u00edtico 8 &#8211; Consagra\u00e7\u00e3o de Aar\u00e3o<\/a><\/li><li class=\"wp-block-pages-list__item\"><a class=\"wp-block-pages-list__item__link\" href=\"https:\/\/bibliapresente.com\/postagens\/livros-da-biblia\/levitico\/levitico-9\/\">Lev\u00edtico 9 &#8211; Primeiro Sacrif\u00edcio de Aar\u00e3o<\/a><\/li><li class=\"wp-block-pages-list__item\"><a class=\"wp-block-pages-list__item__link\" href=\"https:\/\/bibliapresente.com\/postagens\/livros-da-biblia\/levitico\/levitico-10\/\">Lev\u00edtico 10 &#8211; Nadabe e Abi\u00fa<\/a><\/li><li class=\"wp-block-pages-list__item\"><a class=\"wp-block-pages-list__item__link\" href=\"https:\/\/bibliapresente.com\/postagens\/livros-da-biblia\/levitico\/levitico-11\/\">Lev\u00edtico 11 &#8211; Animais Puros e Impuros<\/a><\/li><li class=\"wp-block-pages-list__item\"><a class=\"wp-block-pages-list__item__link\" href=\"https:\/\/bibliapresente.com\/postagens\/livros-da-biblia\/levitico\/levitico-12\/\">Lev\u00edtico 12 &#8211; Purifica\u00e7\u00e3o ap\u00f3s o Parto<\/a><\/li><li class=\"wp-block-pages-list__item\"><a class=\"wp-block-pages-list__item__link\" href=\"https:\/\/bibliapresente.com\/postagens\/livros-da-biblia\/levitico\/levitico-13\/\">Lev\u00edtico 13 &#8211; Lepra e Diagn\u00f3stico<\/a><\/li><li class=\"wp-block-pages-list__item\"><a class=\"wp-block-pages-list__item__link\" href=\"https:\/\/bibliapresente.com\/postagens\/livros-da-biblia\/levitico\/levitico-14\/\">Lev\u00edtico 14 &#8211; Purifica\u00e7\u00e3o do Leproso<\/a><\/li><li class=\"wp-block-pages-list__item\"><a class=\"wp-block-pages-list__item__link\" href=\"https:\/\/bibliapresente.com\/postagens\/livros-da-biblia\/levitico\/levitico-15\/\">Lev\u00edtico 15 &#8211; Fluxos Corporais e Impureza<\/a><\/li><li class=\"wp-block-pages-list__item\"><a class=\"wp-block-pages-list__item__link\" href=\"https:\/\/bibliapresente.com\/postagens\/livros-da-biblia\/levitico\/levitico-16\/\">Lev\u00edtico 16 &#8211; Yom Kipur: O Dia da Expia\u00e7\u00e3o<\/a><\/li><li class=\"wp-block-pages-list__item\"><a class=\"wp-block-pages-list__item__link\" href=\"https:\/\/bibliapresente.com\/postagens\/livros-da-biblia\/levitico\/levitico-17\/\">Lev\u00edtico 17 &#8211; A Proibi\u00e7\u00e3o de Comer Sangue<\/a><\/li><li class=\"wp-block-pages-list__item\"><a class=\"wp-block-pages-list__item__link\" href=\"https:\/\/bibliapresente.com\/postagens\/livros-da-biblia\/levitico\/levitico-18\/\">Lev\u00edtico 18 &#8211; Leis sobre Imoralidade<\/a><\/li><li class=\"wp-block-pages-list__item\"><a class=\"wp-block-pages-list__item__link\" href=\"https:\/\/bibliapresente.com\/postagens\/livros-da-biblia\/levitico\/levitico-19\/\">Lev\u00edtico 19 &#8211; Leis de Santidade<\/a><\/li><li class=\"wp-block-pages-list__item\"><a class=\"wp-block-pages-list__item__link\" href=\"https:\/\/bibliapresente.com\/postagens\/livros-da-biblia\/levitico\/levitico-20\/\">Lev\u00edtico 20 &#8211; Puni\u00e7\u00f5es para Pecados Graves<\/a><\/li><li class=\"wp-block-pages-list__item\"><a class=\"wp-block-pages-list__item__link\" href=\"https:\/\/bibliapresente.com\/postagens\/livros-da-biblia\/levitico\/levitico-21\/\">Lev\u00edtico 21 &#8211; Regras para Sacerdotes<\/a><\/li><li class=\"wp-block-pages-list__item\"><a class=\"wp-block-pages-list__item__link\" href=\"https:\/\/bibliapresente.com\/postagens\/livros-da-biblia\/levitico\/levitico-22\/\">Lev\u00edtico 22 &#8211; A Aceita\u00e7\u00e3o de Ofertas<\/a><\/li><li class=\"wp-block-pages-list__item\"><a class=\"wp-block-pages-list__item__link\" href=\"https:\/\/bibliapresente.com\/postagens\/livros-da-biblia\/levitico\/levitico-23\/\">Lev\u00edtico 23 &#8211; As Festas Sagradas<\/a><\/li><li class=\"wp-block-pages-list__item\"><a class=\"wp-block-pages-list__item__link\" href=\"https:\/\/bibliapresente.com\/postagens\/livros-da-biblia\/levitico\/levitico-24\/\">Lev\u00edtico 24 &#8211; O Castigo pela Blasf\u00eamia<\/a><\/li><li class=\"wp-block-pages-list__item\"><a class=\"wp-block-pages-list__item__link\" href=\"https:\/\/bibliapresente.com\/postagens\/livros-da-biblia\/levitico\/levitico-25\/\">Lev\u00edtico 25 &#8211; O Ano Sab\u00e1tico e o Jubileu<\/a><\/li><li class=\"wp-block-pages-list__item\"><a class=\"wp-block-pages-list__item__link\" href=\"https:\/\/bibliapresente.com\/postagens\/livros-da-biblia\/levitico\/levitico-26\/\">Lev\u00edtico 26 &#8211; B\u00ean\u00e7\u00e3os e Maldi\u00e7\u00f5es pela Lei<\/a><\/li><li class=\"wp-block-pages-list__item\"><a class=\"wp-block-pages-list__item__link\" href=\"https:\/\/bibliapresente.com\/postagens\/livros-da-biblia\/levitico\/levitico-27\/\">Lev\u00edtico 27 &#8211; Leis sobre Votos e D\u00edzimos<\/a><\/li><\/ul>\n\n\n<p><\/p>\n","protected":false},"excerpt":{"rendered":"<p>1 E o SENHOR falou a Mois\u00e9s no monte Sinai, dizendo: 2 Fala aos filhos de Israel, e dize-lhes: Quando houverdes entrado na terra que eu vos dou, a terra far\u00e1 s\u00e1bado ao SENHOR. 3 Seis anos semear\u00e1s tua terra, e seis anos podar\u00e1s tua vinha, e colher\u00e1s seus frutos; 4 E no s\u00e9timo ano &hellip; <\/p>\n","protected":false},"author":2,"featured_media":713,"parent":712,"menu_order":25,"comment_status":"closed","ping_status":"closed","template":"","meta":{"om_disable_all_campaigns":false,"_monsterinsights_skip_tracking":false,"_monsterinsights_sitenote_active":false,"_monsterinsights_sitenote_note":"","_monsterinsights_sitenote_category":0,"footnotes":""},"class_list":["post-765","page","type-page","status-publish","has-post-thumbnail","hentry"],"aioseo_notices":[],"_links":{"self":[{"href":"https:\/\/bibliapresente.com\/postagens\/wp-json\/wp\/v2\/pages\/765","targetHints":{"allow":["GET"]}}],"collection":[{"href":"https:\/\/bibliapresente.com\/postagens\/wp-json\/wp\/v2\/pages"}],"about":[{"href":"https:\/\/bibliapresente.com\/postagens\/wp-json\/wp\/v2\/types\/page"}],"author":[{"embeddable":true,"href":"https:\/\/bibliapresente.com\/postagens\/wp-json\/wp\/v2\/users\/2"}],"replies":[{"embeddable":true,"href":"https:\/\/bibliapresente.com\/postagens\/wp-json\/wp\/v2\/comments?post=765"}],"version-history":[{"count":5,"href":"https:\/\/bibliapresente.com\/postagens\/wp-json\/wp\/v2\/pages\/765\/revisions"}],"predecessor-version":[{"id":1358,"href":"https:\/\/bibliapresente.com\/postagens\/wp-json\/wp\/v2\/pages\/765\/revisions\/1358"}],"up":[{"embeddable":true,"href":"https:\/\/bibliapresente.com\/postagens\/wp-json\/wp\/v2\/pages\/712"}],"wp:featuredmedia":[{"embeddable":true,"href":"https:\/\/bibliapresente.com\/postagens\/wp-json\/wp\/v2\/media\/713"}],"wp:attachment":[{"href":"https:\/\/bibliapresente.com\/postagens\/wp-json\/wp\/v2\/media?parent=765"}],"curies":[{"name":"wp","href":"https:\/\/api.w.org\/{rel}","templated":true}]}}