{"id":717,"date":"2025-02-03T17:23:55","date_gmt":"2025-02-03T20:23:55","guid":{"rendered":"https:\/\/bibliapresente.com\/postagens\/?page_id=717"},"modified":"2025-02-03T17:23:56","modified_gmt":"2025-02-03T20:23:56","slug":"levitico-2","status":"publish","type":"page","link":"https:\/\/bibliapresente.com\/postagens\/livros-da-biblia\/levitico\/levitico-2\/","title":{"rendered":"Lev\u00edtico 2 &#8211; A Oferta de Manjares e Gr\u00e3os"},"content":{"rendered":"\n<p class=\"has-medium-font-size\" style=\"letter-spacing:1px\"><span><span><sup><b>1<\/b><\/sup><\/span> E quando alguma pessoa oferecer oferta de gr\u00e3os de presente ao SENHOR, sua oferta ser\u00e1 flor de farinha, sobre a qual lan\u00e7ar\u00e1 azeite, e por\u00e1 sobre ela incenso: <br><span><sup><b>2<\/b><\/sup><\/span> E a trar\u00e1 aos sacerdotes, filhos de Ar\u00e3o; e disso tomar\u00e1 o sacerdote seu punho cheio de sua flor de farinha e de seu azeite, com todo seu incenso, e o far\u00e1 arder sobre o altar: oferta acesa para memorial, de cheiro suave ao SENHOR. <br><span><sup><b>3<\/b><\/sup><\/span> E a sobra da oferta ser\u00e1 de Ar\u00e3o e de seus filhos: \u00e9 coisa sant\u00edssima das ofertas que se queimam ao SENHOR. <br><span><sup><b>4<\/b><\/sup><\/span> E quando ofereceres oferta de presente cozida em forno, ser\u00e1 de tortas de flor de farinha sem levedura, amassadas com azeite, e massas sem levedura untadas com azeite. <br><span><sup><b>5<\/b><\/sup><\/span> Mas se teu presente for oferta de alimentos de panelas, ser\u00e1 de flor de farinha sem levedura, amassada com azeite, <br><span><sup><b>6<\/b><\/sup><\/span> A qual partir\u00e1s em pe\u00e7as, e expulsar\u00e1s sobre ela azeite: \u00e9 presente. <br><span><sup><b>7<\/b><\/sup><\/span> E se teu presente for oferta cozida em frigideira, ela ser\u00e1 feita de flor de farinha com azeite. <br><span><sup><b>8<\/b><\/sup><\/span> E trar\u00e1s ao SENHOR a oferta que se far\u00e1 destas coisas, e a apresentar\u00e1s ao sacerdote, o qual a chegar\u00e1 ao altar. <br><span><sup><b>9<\/b><\/sup><\/span> E tomar\u00e1 o sacerdote daquele presente, em mem\u00f3ria do mesmo, e o far\u00e1 arder sobre o altar; oferta acesa, de suave cheiro ao SENHOR. <br><span><sup><b>10<\/b><\/sup><\/span> E o restante da oferta ser\u00e1 de Ar\u00e3o e de seus filhos; \u00e9 coisa sant\u00edssima das ofertas que se queimam ao SENHOR. <br><span><sup><b>11<\/b><\/sup><\/span> Nenhum presente que oferecerdes ao SENHOR, ser\u00e1 com levedura: porque de nenhuma coisa levedada, nem de nenhum mel, se h\u00e1 de queimar oferta ao SENHOR. <br><span><sup><b>12<\/b><\/sup><\/span> Na oferta das prim\u00edcias as oferecereis ao SENHOR: mas n\u00e3o subir\u00e3o sobre o altar em cheiro suave. <br><span><sup><b>13<\/b><\/sup><\/span> E temperar\u00e1s toda oferta de teu presente com sal; e n\u00e3o far\u00e1s que falte jamais de teu presente o sal da alian\u00e7a de teu Deus: em toda oferta tua oferecer\u00e1s sal. <br><span><sup><b>14<\/b><\/sup><\/span> E se ofereceres ao SENHOR presente de prim\u00edcias, tostar\u00e1s ao fogo as espigas verdes, e o gr\u00e3o esmigalhado oferecer\u00e1s por oferta de tuas prim\u00edcias. <br><span><sup><b>15<\/b><\/sup><\/span> E por\u00e1s sobre ela azeite, e por\u00e1s sobre ela incenso: \u00e9 presente. <br><span><sup><b>16<\/b><\/sup><\/span> E o sacerdote far\u00e1 arder, em mem\u00f3ria do presente, parte de seu gr\u00e3o esmigalhado, e de seu azeite com todo seu incenso; \u00e9 oferta acesa ao SENHOR.<\/span><\/p>\n\n\n\n<div class=\"wp-block-columns is-layout-flex wp-container-core-columns-is-layout-9d6595d7 wp-block-columns-is-layout-flex\">\n<div class=\"wp-block-column is-layout-flow wp-block-column-is-layout-flow\">\n<p><a href=\"\/levitico-1\">Lev\u00edtico 1<\/a><\/p>\n<\/div>\n\n\n\n<div class=\"wp-block-column is-layout-flow wp-block-column-is-layout-flow\">\n<p class=\"has-text-align-right\"><a href=\"\/levitico-3\">Lev\u00edtico 3<\/a><\/p>\n<\/div>\n<\/div>\n\n\n\n<h2 class=\"wp-block-heading\">Descri\u00e7\u00e3o &#8211; Lev\u00edtico 2<\/h2>\n\n\n\n<p class=\"has-medium-font-size\">Lev\u00edtico 2 descreve as ofertas de cereais, um sacrif\u00edcio sem sangue dedicado a Deus como express\u00e3o de gratid\u00e3o e devo\u00e7\u00e3o. Os israelitas podiam apresentar farinha fina, p\u00e3es assados ou gr\u00e3os tostados, sempre misturados com azeite e incenso, mas sem fermento nem mel. Uma por\u00e7\u00e3o era queimada no altar, enquanto o restante ficava para os sacerdotes. O cap\u00edtulo refor\u00e7a a import\u00e2ncia de oferecer a Deus o melhor dos frutos da terra. No contexto do livro, essas ofertas complementam os sacrif\u00edcios de animais, destacando a santidade e a obedi\u00eancia no culto a Deus, fundamentais para a alian\u00e7a entre Ele e Israel.<\/p>\n\n\n\n<h3 class=\"wp-block-heading\">Livro do Lev\u00edtico:<\/h3>\n\n\n<ul class=\"wp-block-page-list\"><li class=\"wp-block-pages-list__item\"><a class=\"wp-block-pages-list__item__link\" href=\"https:\/\/bibliapresente.com\/postagens\/livros-da-biblia\/levitico\/levitico-1\/\">Lev\u00edtico 1 &#8211; A Oferta do Holocausto<\/a><\/li><li class=\"wp-block-pages-list__item\"><a class=\"wp-block-pages-list__item__link\" href=\"https:\/\/bibliapresente.com\/postagens\/livros-da-biblia\/levitico\/levitico-2\/\">Lev\u00edtico 2 &#8211; A Oferta de Manjares e Gr\u00e3os<\/a><\/li><li class=\"wp-block-pages-list__item\"><a class=\"wp-block-pages-list__item__link\" href=\"https:\/\/bibliapresente.com\/postagens\/livros-da-biblia\/levitico\/levitico-3\/\">Lev\u00edtico 3 &#8211; Oferta Pac\u00edfica e Sacrif\u00edcios<\/a><\/li><li class=\"wp-block-pages-list__item\"><a class=\"wp-block-pages-list__item__link\" href=\"https:\/\/bibliapresente.com\/postagens\/livros-da-biblia\/levitico\/levitico-4\/\">Lev\u00edtico 4 &#8211; A Oferta Pelo Pecado<\/a><\/li><li class=\"wp-block-pages-list__item\"><a class=\"wp-block-pages-list__item__link\" href=\"https:\/\/bibliapresente.com\/postagens\/livros-da-biblia\/levitico\/levitico-5\/\">Lev\u00edtico 5 &#8211; Oferta pela Culpa e Repara\u00e7\u00e3o<\/a><\/li><li class=\"wp-block-pages-list__item\"><a class=\"wp-block-pages-list__item__link\" href=\"https:\/\/bibliapresente.com\/postagens\/livros-da-biblia\/levitico\/levitico-6\/\">Lev\u00edtico 6 &#8211; Leis do Holocausto<\/a><\/li><li class=\"wp-block-pages-list__item\"><a class=\"wp-block-pages-list__item__link\" href=\"https:\/\/bibliapresente.com\/postagens\/livros-da-biblia\/levitico\/levitico-7\/\">Lev\u00edtico 7 &#8211; Ofertas Pac\u00edficas<\/a><\/li><li class=\"wp-block-pages-list__item\"><a class=\"wp-block-pages-list__item__link\" href=\"https:\/\/bibliapresente.com\/postagens\/livros-da-biblia\/levitico\/levitico-8\/\">Lev\u00edtico 8 &#8211; Consagra\u00e7\u00e3o de Aar\u00e3o<\/a><\/li><li class=\"wp-block-pages-list__item\"><a class=\"wp-block-pages-list__item__link\" href=\"https:\/\/bibliapresente.com\/postagens\/livros-da-biblia\/levitico\/levitico-9\/\">Lev\u00edtico 9 &#8211; Primeiro Sacrif\u00edcio de Aar\u00e3o<\/a><\/li><li class=\"wp-block-pages-list__item\"><a class=\"wp-block-pages-list__item__link\" href=\"https:\/\/bibliapresente.com\/postagens\/livros-da-biblia\/levitico\/levitico-10\/\">Lev\u00edtico 10 &#8211; Nadabe e Abi\u00fa<\/a><\/li><li class=\"wp-block-pages-list__item\"><a class=\"wp-block-pages-list__item__link\" href=\"https:\/\/bibliapresente.com\/postagens\/livros-da-biblia\/levitico\/levitico-11\/\">Lev\u00edtico 11 &#8211; Animais Puros e Impuros<\/a><\/li><li class=\"wp-block-pages-list__item\"><a class=\"wp-block-pages-list__item__link\" href=\"https:\/\/bibliapresente.com\/postagens\/livros-da-biblia\/levitico\/levitico-12\/\">Lev\u00edtico 12 &#8211; Purifica\u00e7\u00e3o ap\u00f3s o Parto<\/a><\/li><li class=\"wp-block-pages-list__item\"><a class=\"wp-block-pages-list__item__link\" href=\"https:\/\/bibliapresente.com\/postagens\/livros-da-biblia\/levitico\/levitico-13\/\">Lev\u00edtico 13 &#8211; Lepra e Diagn\u00f3stico<\/a><\/li><li class=\"wp-block-pages-list__item\"><a class=\"wp-block-pages-list__item__link\" href=\"https:\/\/bibliapresente.com\/postagens\/livros-da-biblia\/levitico\/levitico-14\/\">Lev\u00edtico 14 &#8211; Purifica\u00e7\u00e3o do Leproso<\/a><\/li><li class=\"wp-block-pages-list__item\"><a class=\"wp-block-pages-list__item__link\" href=\"https:\/\/bibliapresente.com\/postagens\/livros-da-biblia\/levitico\/levitico-15\/\">Lev\u00edtico 15 &#8211; Fluxos Corporais e Impureza<\/a><\/li><li class=\"wp-block-pages-list__item\"><a class=\"wp-block-pages-list__item__link\" href=\"https:\/\/bibliapresente.com\/postagens\/livros-da-biblia\/levitico\/levitico-16\/\">Lev\u00edtico 16 &#8211; Yom Kipur: O Dia da Expia\u00e7\u00e3o<\/a><\/li><li class=\"wp-block-pages-list__item\"><a class=\"wp-block-pages-list__item__link\" href=\"https:\/\/bibliapresente.com\/postagens\/livros-da-biblia\/levitico\/levitico-17\/\">Lev\u00edtico 17 &#8211; A Proibi\u00e7\u00e3o de Comer Sangue<\/a><\/li><li class=\"wp-block-pages-list__item\"><a class=\"wp-block-pages-list__item__link\" href=\"https:\/\/bibliapresente.com\/postagens\/livros-da-biblia\/levitico\/levitico-18\/\">Lev\u00edtico 18 &#8211; Leis sobre Imoralidade<\/a><\/li><li class=\"wp-block-pages-list__item\"><a class=\"wp-block-pages-list__item__link\" href=\"https:\/\/bibliapresente.com\/postagens\/livros-da-biblia\/levitico\/levitico-19\/\">Lev\u00edtico 19 &#8211; Leis de Santidade<\/a><\/li><li class=\"wp-block-pages-list__item\"><a class=\"wp-block-pages-list__item__link\" href=\"https:\/\/bibliapresente.com\/postagens\/livros-da-biblia\/levitico\/levitico-20\/\">Lev\u00edtico 20 &#8211; Puni\u00e7\u00f5es para Pecados Graves<\/a><\/li><li class=\"wp-block-pages-list__item\"><a class=\"wp-block-pages-list__item__link\" href=\"https:\/\/bibliapresente.com\/postagens\/livros-da-biblia\/levitico\/levitico-21\/\">Lev\u00edtico 21 &#8211; Regras para Sacerdotes<\/a><\/li><li class=\"wp-block-pages-list__item\"><a class=\"wp-block-pages-list__item__link\" href=\"https:\/\/bibliapresente.com\/postagens\/livros-da-biblia\/levitico\/levitico-22\/\">Lev\u00edtico 22 &#8211; A Aceita\u00e7\u00e3o de Ofertas<\/a><\/li><li class=\"wp-block-pages-list__item\"><a class=\"wp-block-pages-list__item__link\" href=\"https:\/\/bibliapresente.com\/postagens\/livros-da-biblia\/levitico\/levitico-23\/\">Lev\u00edtico 23 &#8211; As Festas Sagradas<\/a><\/li><li class=\"wp-block-pages-list__item\"><a class=\"wp-block-pages-list__item__link\" href=\"https:\/\/bibliapresente.com\/postagens\/livros-da-biblia\/levitico\/levitico-24\/\">Lev\u00edtico 24 &#8211; O Castigo pela Blasf\u00eamia<\/a><\/li><li class=\"wp-block-pages-list__item\"><a class=\"wp-block-pages-list__item__link\" href=\"https:\/\/bibliapresente.com\/postagens\/livros-da-biblia\/levitico\/levitico-25\/\">Lev\u00edtico 25 &#8211; O Ano Sab\u00e1tico e o Jubileu<\/a><\/li><li class=\"wp-block-pages-list__item\"><a class=\"wp-block-pages-list__item__link\" href=\"https:\/\/bibliapresente.com\/postagens\/livros-da-biblia\/levitico\/levitico-26\/\">Lev\u00edtico 26 &#8211; B\u00ean\u00e7\u00e3os e Maldi\u00e7\u00f5es pela Lei<\/a><\/li><li class=\"wp-block-pages-list__item\"><a class=\"wp-block-pages-list__item__link\" href=\"https:\/\/bibliapresente.com\/postagens\/livros-da-biblia\/levitico\/levitico-27\/\">Lev\u00edtico 27 &#8211; Leis sobre Votos e D\u00edzimos<\/a><\/li><\/ul>\n\n\n<p><\/p>\n","protected":false},"excerpt":{"rendered":"<p>1 E quando alguma pessoa oferecer oferta de gr\u00e3os de presente ao SENHOR, sua oferta ser\u00e1 flor de farinha, sobre a qual lan\u00e7ar\u00e1 azeite, e por\u00e1 sobre ela incenso: 2 E a trar\u00e1 aos sacerdotes, filhos de Ar\u00e3o; e disso tomar\u00e1 o sacerdote seu punho cheio de sua flor de farinha e de seu azeite, &hellip; <\/p>\n","protected":false},"author":2,"featured_media":713,"parent":712,"menu_order":2,"comment_status":"closed","ping_status":"closed","template":"","meta":{"om_disable_all_campaigns":false,"_monsterinsights_skip_tracking":false,"_monsterinsights_sitenote_active":false,"_monsterinsights_sitenote_note":"","_monsterinsights_sitenote_category":0,"footnotes":""},"class_list":["post-717","page","type-page","status-publish","has-post-thumbnail","hentry"],"aioseo_notices":[],"_links":{"self":[{"href":"https:\/\/bibliapresente.com\/postagens\/wp-json\/wp\/v2\/pages\/717","targetHints":{"allow":["GET"]}}],"collection":[{"href":"https:\/\/bibliapresente.com\/postagens\/wp-json\/wp\/v2\/pages"}],"about":[{"href":"https:\/\/bibliapresente.com\/postagens\/wp-json\/wp\/v2\/types\/page"}],"author":[{"embeddable":true,"href":"https:\/\/bibliapresente.com\/postagens\/wp-json\/wp\/v2\/users\/2"}],"replies":[{"embeddable":true,"href":"https:\/\/bibliapresente.com\/postagens\/wp-json\/wp\/v2\/comments?post=717"}],"version-history":[{"count":4,"href":"https:\/\/bibliapresente.com\/postagens\/wp-json\/wp\/v2\/pages\/717\/revisions"}],"predecessor-version":[{"id":1336,"href":"https:\/\/bibliapresente.com\/postagens\/wp-json\/wp\/v2\/pages\/717\/revisions\/1336"}],"up":[{"embeddable":true,"href":"https:\/\/bibliapresente.com\/postagens\/wp-json\/wp\/v2\/pages\/712"}],"wp:featuredmedia":[{"embeddable":true,"href":"https:\/\/bibliapresente.com\/postagens\/wp-json\/wp\/v2\/media\/713"}],"wp:attachment":[{"href":"https:\/\/bibliapresente.com\/postagens\/wp-json\/wp\/v2\/media?parent=717"}],"curies":[{"name":"wp","href":"https:\/\/api.w.org\/{rel}","templated":true}]}}