{"id":667,"date":"2025-01-28T18:19:22","date_gmt":"2025-01-28T21:19:22","guid":{"rendered":"https:\/\/bibliapresente.com\/postagens\/?page_id=667"},"modified":"2025-01-28T18:19:23","modified_gmt":"2025-01-28T21:19:23","slug":"exodo-40","status":"publish","type":"page","link":"https:\/\/bibliapresente.com\/postagens\/livros-da-biblia\/exodo\/exodo-40\/","title":{"rendered":"\u00caxodo 40 &#8211; A Consagra\u00e7\u00e3o do Tabern\u00e1culo"},"content":{"rendered":"\n<h3 class=\"wp-block-heading\">Deus manda Mois\u00e9s levantar o tabern\u00e1culo<\/h3>\n\n\n\n<p class=\"has-medium-font-size\" style=\"letter-spacing:1px\"><span><span><sup><b>1<\/b><\/sup><\/span> E o SENHOR falou a Mois\u00e9s, dizendo: <br><span><sup><b>2<\/b><\/sup><\/span> No primeiro dia do m\u00eas primeiro far\u00e1s levantar o tabern\u00e1culo, o tabern\u00e1culo do testemunho: <br><span><sup><b>3<\/b><\/sup><\/span> E por\u00e1s nele a arca do testemunho, e a cobrir\u00e1s com o v\u00e9u: <br><span><sup><b>4<\/b><\/sup><\/span> E meter\u00e1s a mesa, e a por\u00e1s em ordem: meter\u00e1s tamb\u00e9m o candelabro e acender\u00e1s suas l\u00e2mpadas: <br><span><sup><b>5<\/b><\/sup><\/span> E por\u00e1s o altar de ouro para o incenso diante da arca do testemunho, e por\u00e1s a cortina diante da porta do tabern\u00e1culo. <br><span><sup><b>6<\/b><\/sup><\/span> Depois por\u00e1s o altar do holocausto diante da porta do tabern\u00e1culo, do tabern\u00e1culo do testemunho. <br><span><sup><b>7<\/b><\/sup><\/span> Logo por\u00e1s a pia entre o tabern\u00e1culo do testemunho e o altar; e por\u00e1s \u00e1gua nela. <br><span><sup><b>8<\/b><\/sup><\/span> Finalmente por\u00e1s o \u00e1trio em derredor, e a cortina da porta do \u00e1trio. <br><span><sup><b>9<\/b><\/sup><\/span> E tomar\u00e1s o azeite da un\u00e7\u00e3o e ungir\u00e1s o tabern\u00e1culo, e tudo o que est\u00e1 nele; e lhe santificar\u00e1s com todos os seus utens\u00edlios, e ser\u00e1 santo. <br><span><sup><b>10<\/b><\/sup><\/span> Ungir\u00e1s tamb\u00e9m o altar do holocausto e todos os seus utens\u00edlios: e santificar\u00e1s o altar, e ser\u00e1 um altar sant\u00edssimo. <br><span><sup><b>11<\/b><\/sup><\/span> Tamb\u00e9m ungir\u00e1s a pia e sua base, e a santificar\u00e1s. <br><span><sup><b>12<\/b><\/sup><\/span> E far\u00e1s chegar a Ar\u00e3o e a seus filhos \u00e0 porta do tabern\u00e1culo do testemunho, e os lavar\u00e1s com \u00e1gua. <br><span><sup><b>13<\/b><\/sup><\/span> E far\u00e1s vestir a Ar\u00e3o as vestimentas sagradas, e o ungir\u00e1s, e o consagrar\u00e1s, para que seja meu sacerdote. <br><span><sup><b>14<\/b><\/sup><\/span> Depois far\u00e1s chegar seus filhos, e lhes vestir\u00e1s as t\u00fanicas: <br><span><sup><b>15<\/b><\/sup><\/span> E os ungir\u00e1s como ungiste a seu pai, e ser\u00e3o meus sacerdotes: e ser\u00e1 que sua un\u00e7\u00e3o lhes servir\u00e1 por sacerd\u00f3cio perp\u00e9tuo por suas gera\u00e7\u00f5es. <br><span><sup><b>16<\/b><\/sup><\/span> E Mois\u00e9s fez conforme tudo o que o SENHOR lhe mandou; assim o fez. <\/span><\/p>\n\n\n\n<h3 class=\"wp-block-heading\">O tabern\u00e1culo \u00e9 levantado<\/h3>\n\n\n\n<p class=\"has-medium-font-size\" style=\"letter-spacing:1px\"><span><span><sup><b>17<\/b><\/sup><\/span> E assim no dia primeiro do primeiro m\u00eas, no segundo ano, o tabern\u00e1culo foi erigido. <br><span><sup><b>18<\/b><\/sup><\/span> E Mois\u00e9s fez levantar o tabern\u00e1culo, e assentou suas bases, e colocou suas t\u00e1buas, e p\u00f4s suas barras, e fez erguer suas colunas. <br><span><sup><b>19<\/b><\/sup><\/span> E estendeu a tenda sobre o tabern\u00e1culo, e p\u00f4s a cobertura encima do mesmo; como o SENHOR havia mandado a Mois\u00e9s. <br><span><sup><b>20<\/b><\/sup><\/span> E tomou e p\u00f4s o testemunho dentro da arca, e colocou as varas na arca, e encima o propiciat\u00f3rio sobre a arca: <br><span><sup><b>21<\/b><\/sup><\/span> E meteu a arca no tabern\u00e1culo, e p\u00f4s o v\u00e9u da tenda, e cobriu a arca do testemunho; como o SENHOR havia mandado a Mois\u00e9s. <br><span><sup><b>22<\/b><\/sup><\/span> E p\u00f4s a mesa no tabern\u00e1culo do testemunho, ao lado norte da cortina, fora do v\u00e9u: <br><span><sup><b>23<\/b><\/sup><\/span> E sobre ela p\u00f4s por ordem os p\u00e3es diante do SENHOR, como o SENHOR havia mandado a Mois\u00e9s. <br><span><sup><b>24<\/b><\/sup><\/span> E p\u00f4s o candelabro no tabern\u00e1culo do testemunho, em frente da mesa, ao lado sul da cortina. <br><span><sup><b>25<\/b><\/sup><\/span> E acendeu as l\u00e2mpadas diante do SENHOR; como o SENHOR havia mandado a Mois\u00e9s. <br><span><sup><b>26<\/b><\/sup><\/span> P\u00f4s tamb\u00e9m o altar de ouro no tabern\u00e1culo do testemunho, diante do v\u00e9u: <br><span><sup><b>27<\/b><\/sup><\/span> E acendeu sobre ele o incenso arom\u00e1tico; como o SENHOR havia mandado a Mois\u00e9s. <br><span><sup><b>28<\/b><\/sup><\/span> P\u00f4s tamb\u00e9m a cortina da porta do tabern\u00e1culo. <br><span><sup><b>29<\/b><\/sup><\/span> E colocou o altar do holocausto \u00e0 porta do tabern\u00e1culo, do tabern\u00e1culo do testemunho; e ofereceu sobre ele holocausto e presente; como o SENHOR havia mandado a Mois\u00e9s. <br><span><sup><b>30<\/b><\/sup><\/span> E p\u00f4s a pia entre o tabern\u00e1culo do testemunho e o altar; e p\u00f4s nela \u00e1gua para lavar. <br><span><sup><b>31<\/b><\/sup><\/span> E Mois\u00e9s e Ar\u00e3o e seus filhos lavavam nela suas m\u00e3os e seus p\u00e9s. <br><span><sup><b>32<\/b><\/sup><\/span> Quando entravam no tabern\u00e1culo do testemunho, e quando se traziam ao altar, se lavavam; como o SENHOR havia mandado a Mois\u00e9s. <br><span><sup><b>33<\/b><\/sup><\/span> Finalmente erigiu o \u00e1trio em derredor do tabern\u00e1culo e do altar, e p\u00f4s a cortina da porta do \u00e1trio. E assim acabou Mois\u00e9s a obra. <\/span><\/p>\n\n\n\n<h3 class=\"wp-block-heading\">A nuvem cobre o tabern\u00e1culo<\/h3>\n\n\n\n<p class=\"has-medium-font-size\" style=\"letter-spacing:1px\"><span><span><sup><b>34<\/b><\/sup><\/span> Ent\u00e3o uma nuvem cobriu o tabern\u00e1culo do testemunho, e a gl\u00f3ria do SENHOR encheu o tabern\u00e1culo. <br><span><sup><b>35<\/b><\/sup><\/span> E n\u00e3o podia Mois\u00e9s entrar no tabern\u00e1culo do testemunho, porque a nuvem estava sobre ele, e a gl\u00f3ria do SENHOR o tinha enchido. <br><span><sup><b>36<\/b><\/sup><\/span> E quando a nuvem se erguia do tabern\u00e1culo, os filhos de Israel se moviam em todas suas jornadas: <br><span><sup><b>37<\/b><\/sup><\/span> Por\u00e9m se a nuvem n\u00e3o se erguia, n\u00e3o se partiam at\u00e9 o dia em que ela se erguia. <br><span><sup><b>38<\/b><\/sup><\/span> Porque a nuvem do SENHOR estava de dia sobre o tabern\u00e1culo, e o fogo estava de noite nele, \u00e0 vista de toda a casa de Israel, em todas as suas jornadas.<\/span><\/p>\n\n\n\n<div class=\"wp-block-columns is-layout-flex wp-container-core-columns-is-layout-9d6595d7 wp-block-columns-is-layout-flex\">\n<div class=\"wp-block-column is-layout-flow wp-block-column-is-layout-flow\">\n<p><a href=\"\/exodo-39\">\u00caxodo 39<\/a><\/p>\n<\/div>\n\n\n\n<div class=\"wp-block-column is-layout-flow wp-block-column-is-layout-flow\">\n<p class=\"has-text-align-right\"><a href=\"\/levitico-1\">Lev\u00edtico 1<\/a><\/p>\n<\/div>\n<\/div>\n\n\n\n<h2 class=\"wp-block-heading\">Descri\u00e7\u00e3o &#8211; \u00caxodo 40<\/h2>\n\n\n\n<p class=\"has-medium-font-size\">\u00caxodo 40 descreve a conclus\u00e3o da constru\u00e7\u00e3o do Tabern\u00e1culo e a gloriosa manifesta\u00e7\u00e3o da presen\u00e7a de Deus. Mois\u00e9s segue as \u00faltimas instru\u00e7\u00f5es de Deus, posicionando os m\u00f3veis e os itens sagrados dentro do Tabern\u00e1culo, como a Arca da Alian\u00e7a e o altar do incenso. Ele unge e consagra o Tabern\u00e1culo e os sacerdotes para o servi\u00e7o. Quando tudo est\u00e1 preparado, a nuvem da presen\u00e7a de Deus desce sobre o Tabern\u00e1culo, sinalizando Sua morada no meio de Israel. Este cap\u00edtulo encerra o livro de \u00caxodo, enfatizando a obedi\u00eancia, a santidade e a presen\u00e7a de Deus como guia do Seu povo.<\/p>\n\n\n\n<h3 class=\"wp-block-heading\">Livro do \u00caxodo:<\/h3>\n\n\n<ul class=\"wp-block-page-list\"><li class=\"wp-block-pages-list__item\"><a class=\"wp-block-pages-list__item__link\" href=\"https:\/\/bibliapresente.com\/postagens\/livros-da-biblia\/exodo\/exodo-1\/\">\u00caxodo 1 &#8211; O Nascimento de Mois\u00e9s<\/a><\/li><li class=\"wp-block-pages-list__item\"><a class=\"wp-block-pages-list__item__link\" href=\"https:\/\/bibliapresente.com\/postagens\/livros-da-biblia\/exodo\/exodo-2\/\">\u00caxodo 2 &#8211; Mois\u00e9s no Pal\u00e1cio do Fara\u00f3<\/a><\/li><li class=\"wp-block-pages-list__item\"><a class=\"wp-block-pages-list__item__link\" href=\"https:\/\/bibliapresente.com\/postagens\/livros-da-biblia\/exodo\/exodo-3\/\">\u00caxodo 3 &#8211; O Chamado de Mois\u00e9s<\/a><\/li><li class=\"wp-block-pages-list__item\"><a class=\"wp-block-pages-list__item__link\" href=\"https:\/\/bibliapresente.com\/postagens\/livros-da-biblia\/exodo\/exodo-4\/\">\u00caxodo 4 &#8211; Deus D\u00e1 Sinais a Mois\u00e9s<\/a><\/li><li class=\"wp-block-pages-list__item\"><a class=\"wp-block-pages-list__item__link\" href=\"https:\/\/bibliapresente.com\/postagens\/livros-da-biblia\/exodo\/exodo-5\/\">\u00caxodo 5 &#8211; Mois\u00e9s e Ar\u00e3o Conrontam Fara\u00f3<\/a><\/li><li class=\"wp-block-pages-list__item\"><a class=\"wp-block-pages-list__item__link\" href=\"https:\/\/bibliapresente.com\/postagens\/livros-da-biblia\/exodo\/exodo-6\/\">\u00caxodo 6 &#8211; Deus promete livramento<\/a><\/li><li class=\"wp-block-pages-list__item\"><a class=\"wp-block-pages-list__item__link\" href=\"https:\/\/bibliapresente.com\/postagens\/livros-da-biblia\/exodo\/exodo-7\/\">\u00caxodo 7 &#8211; A Primeira Praga: Sangue<\/a><\/li><li class=\"wp-block-pages-list__item\"><a class=\"wp-block-pages-list__item__link\" href=\"https:\/\/bibliapresente.com\/postagens\/livros-da-biblia\/exodo\/exodo-8\/\">\u00caxodo 8 &#8211; Pragas: R\u00e3s, Piolhos e Moscas<\/a><\/li><li class=\"wp-block-pages-list__item\"><a class=\"wp-block-pages-list__item__link\" href=\"https:\/\/bibliapresente.com\/postagens\/livros-da-biblia\/exodo\/exodo-9\/\">\u00caxodo 9 &#8211; Pragas: Peste, \u00dalceras, Granizo<\/a><\/li><li class=\"wp-block-pages-list__item\"><a class=\"wp-block-pages-list__item__link\" href=\"https:\/\/bibliapresente.com\/postagens\/livros-da-biblia\/exodo\/exodo-10\/\">\u00caxodo 10 &#8211; Pragas: Gafanhotos e Trevas<\/a><\/li><li class=\"wp-block-pages-list__item\"><a class=\"wp-block-pages-list__item__link\" href=\"https:\/\/bibliapresente.com\/postagens\/livros-da-biblia\/exodo\/exodo-11\/\">\u00caxodo 11 &#8211; Deus anuncia a \u00faltima praga<\/a><\/li><li class=\"wp-block-pages-list__item\"><a class=\"wp-block-pages-list__item__link\" href=\"https:\/\/bibliapresente.com\/postagens\/livros-da-biblia\/exodo\/exodo-12\/\">\u00caxodo 12 &#8211; A P\u00e1scoa e a Liberta\u00e7\u00e3o<\/a><\/li><li class=\"wp-block-pages-list__item\"><a class=\"wp-block-pages-list__item__link\" href=\"https:\/\/bibliapresente.com\/postagens\/livros-da-biblia\/exodo\/exodo-13\/\">\u00caxodo 13 &#8211; A Consagra\u00e7\u00e3o dos Primog\u00eanitos<\/a><\/li><li class=\"wp-block-pages-list__item\"><a class=\"wp-block-pages-list__item__link\" href=\"https:\/\/bibliapresente.com\/postagens\/livros-da-biblia\/exodo\/exodo-14\/\">\u00caxodo 14 &#8211; A Travessia do Mar Vermelho<\/a><\/li><li class=\"wp-block-pages-list__item\"><a class=\"wp-block-pages-list__item__link\" href=\"https:\/\/bibliapresente.com\/postagens\/livros-da-biblia\/exodo\/exodo-15\/\">\u00caxodo 15 &#8211; O C\u00e2ntico de Mois\u00e9s<\/a><\/li><li class=\"wp-block-pages-list__item\"><a class=\"wp-block-pages-list__item__link\" href=\"https:\/\/bibliapresente.com\/postagens\/livros-da-biblia\/exodo\/exodo-16\/\">\u00caxodo 16 &#8211; O Man\u00e1 no Deserto<\/a><\/li><li class=\"wp-block-pages-list__item\"><a class=\"wp-block-pages-list__item__link\" href=\"https:\/\/bibliapresente.com\/postagens\/livros-da-biblia\/exodo\/exodo-17\/\">\u00caxodo 17 &#8211; \u00c1gua Brotando da Rocha<\/a><\/li><li class=\"wp-block-pages-list__item\"><a class=\"wp-block-pages-list__item__link\" href=\"https:\/\/bibliapresente.com\/postagens\/livros-da-biblia\/exodo\/exodo-18\/\">\u00caxodo 18 &#8211; Os Conselhos de Jetro<\/a><\/li><li class=\"wp-block-pages-list__item\"><a class=\"wp-block-pages-list__item__link\" href=\"https:\/\/bibliapresente.com\/postagens\/livros-da-biblia\/exodo\/exodo-19\/\">\u00caxodo 19 &#8211; A Chegada ao Monte Sinai<\/a><\/li><li class=\"wp-block-pages-list__item\"><a class=\"wp-block-pages-list__item__link\" href=\"https:\/\/bibliapresente.com\/postagens\/livros-da-biblia\/exodo\/exodo-20\/\">\u00caxodo 20 &#8211; Os Dez Mandamentos<\/a><\/li><li class=\"wp-block-pages-list__item\"><a class=\"wp-block-pages-list__item__link\" href=\"https:\/\/bibliapresente.com\/postagens\/livros-da-biblia\/exodo\/exodo-21\/\">\u00caxodo 21 &#8211; Leis Sobre Justi\u00e7a Social<\/a><\/li><li class=\"wp-block-pages-list__item\"><a class=\"wp-block-pages-list__item__link\" href=\"https:\/\/bibliapresente.com\/postagens\/livros-da-biblia\/exodo\/exodo-22\/\">\u00caxodo 22 &#8211; Leis Sobre Danos e Repara\u00e7\u00e3o<\/a><\/li><li class=\"wp-block-pages-list__item\"><a class=\"wp-block-pages-list__item__link\" href=\"https:\/\/bibliapresente.com\/postagens\/livros-da-biblia\/exodo\/exodo-23\/\">\u00caxodo 23 &#8211; Leis de Justi\u00e7a e Festividades<\/a><\/li><li class=\"wp-block-pages-list__item\"><a class=\"wp-block-pages-list__item__link\" href=\"https:\/\/bibliapresente.com\/postagens\/livros-da-biblia\/exodo\/exodo-24\/\">\u00caxodo 24 &#8211; A Confirma\u00e7\u00e3o da Alian\u00e7a<\/a><\/li><li class=\"wp-block-pages-list__item\"><a class=\"wp-block-pages-list__item__link\" href=\"https:\/\/bibliapresente.com\/postagens\/livros-da-biblia\/exodo\/exodo-25\/\">\u00caxodo 25 &#8211; Arca da Alian\u00e7a e Tabern\u00e1culo<\/a><\/li><li class=\"wp-block-pages-list__item\"><a class=\"wp-block-pages-list__item__link\" href=\"https:\/\/bibliapresente.com\/postagens\/livros-da-biblia\/exodo\/exodo-26\/\">\u00caxodo 26 &#8211; Construindo o Tabern\u00e1culo<\/a><\/li><li class=\"wp-block-pages-list__item\"><a class=\"wp-block-pages-list__item__link\" href=\"https:\/\/bibliapresente.com\/postagens\/livros-da-biblia\/exodo\/exodo-27\/\">\u00caxodo 27 &#8211; O Altar de Bronze<\/a><\/li><li class=\"wp-block-pages-list__item\"><a class=\"wp-block-pages-list__item__link\" href=\"https:\/\/bibliapresente.com\/postagens\/livros-da-biblia\/exodo\/exodo-28\/\">\u00caxodo 28 &#8211; O Vestu\u00e1rio dos Sacerdotes<\/a><\/li><li class=\"wp-block-pages-list__item\"><a class=\"wp-block-pages-list__item__link\" href=\"https:\/\/bibliapresente.com\/postagens\/livros-da-biblia\/exodo\/exodo-29\/\">\u00caxodo 29 &#8211; Consagra\u00e7\u00e3o de Ar\u00e3o<\/a><\/li><li class=\"wp-block-pages-list__item\"><a class=\"wp-block-pages-list__item__link\" href=\"https:\/\/bibliapresente.com\/postagens\/livros-da-biblia\/exodo\/exodo-30\/\">\u00caxodo 30 &#8211; O Altar do Incenso<\/a><\/li><li class=\"wp-block-pages-list__item\"><a class=\"wp-block-pages-list__item__link\" href=\"https:\/\/bibliapresente.com\/postagens\/livros-da-biblia\/exodo\/exodo-31\/\">\u00caxodo 31 &#8211; O S\u00e1bado<\/a><\/li><li class=\"wp-block-pages-list__item\"><a class=\"wp-block-pages-list__item__link\" href=\"https:\/\/bibliapresente.com\/postagens\/livros-da-biblia\/exodo\/exodo-32\/\">\u00caxodo 32 &#8211; O Bezerro de Ouro<\/a><\/li><li class=\"wp-block-pages-list__item\"><a class=\"wp-block-pages-list__item__link\" href=\"https:\/\/bibliapresente.com\/postagens\/livros-da-biblia\/exodo\/exodo-33\/\">\u00caxodo 33 &#8211; Deus promete a Sua presen\u00e7a<\/a><\/li><li class=\"wp-block-pages-list__item\"><a class=\"wp-block-pages-list__item__link\" href=\"https:\/\/bibliapresente.com\/postagens\/livros-da-biblia\/exodo\/exodo-34\/\">\u00caxodo 34 &#8211; A Renova\u00e7\u00e3o da Alian\u00e7a<\/a><\/li><li class=\"wp-block-pages-list__item\"><a class=\"wp-block-pages-list__item__link\" href=\"https:\/\/bibliapresente.com\/postagens\/livros-da-biblia\/exodo\/exodo-35\/\">\u00caxodo 35 &#8211; A Oferta do Povo<\/a><\/li><li class=\"wp-block-pages-list__item\"><a class=\"wp-block-pages-list__item__link\" href=\"https:\/\/bibliapresente.com\/postagens\/livros-da-biblia\/exodo\/exodo-36\/\">\u00caxodo 36 &#8211; A Constru\u00e7\u00e3o do Tabern\u00e1culo<\/a><\/li><li class=\"wp-block-pages-list__item\"><a class=\"wp-block-pages-list__item__link\" href=\"https:\/\/bibliapresente.com\/postagens\/livros-da-biblia\/exodo\/exodo-37\/\">\u00caxodo 37 &#8211; A Arca, a Mesa e o Candelabro<\/a><\/li><li class=\"wp-block-pages-list__item\"><a class=\"wp-block-pages-list__item__link\" href=\"https:\/\/bibliapresente.com\/postagens\/livros-da-biblia\/exodo\/exodo-38\/\">\u00caxodo 38 &#8211; O Altar de Bronze<\/a><\/li><li class=\"wp-block-pages-list__item\"><a class=\"wp-block-pages-list__item__link\" href=\"https:\/\/bibliapresente.com\/postagens\/livros-da-biblia\/exodo\/exodo-39\/\">\u00caxodo 39 &#8211; A Confec\u00e7\u00e3o das Vestes<\/a><\/li><li class=\"wp-block-pages-list__item\"><a class=\"wp-block-pages-list__item__link\" href=\"https:\/\/bibliapresente.com\/postagens\/livros-da-biblia\/exodo\/exodo-40\/\">\u00caxodo 40 &#8211; A Consagra\u00e7\u00e3o do Tabern\u00e1culo<\/a><\/li><\/ul>\n\n\n<p><\/p>\n","protected":false},"excerpt":{"rendered":"<p>Deus manda Mois\u00e9s levantar o tabern\u00e1culo 1 E o SENHOR falou a Mois\u00e9s, dizendo: 2 No primeiro dia do m\u00eas primeiro far\u00e1s levantar o tabern\u00e1culo, o tabern\u00e1culo do testemunho: 3 E por\u00e1s nele a arca do testemunho, e a cobrir\u00e1s com o v\u00e9u: 4 E meter\u00e1s a mesa, e a por\u00e1s em ordem: meter\u00e1s tamb\u00e9m &hellip; <\/p>\n","protected":false},"author":2,"featured_media":583,"parent":581,"menu_order":40,"comment_status":"closed","ping_status":"closed","template":"","meta":{"om_disable_all_campaigns":false,"_monsterinsights_skip_tracking":false,"_monsterinsights_sitenote_active":false,"_monsterinsights_sitenote_note":"","_monsterinsights_sitenote_category":0,"footnotes":""},"class_list":["post-667","page","type-page","status-publish","has-post-thumbnail","hentry"],"aioseo_notices":[],"_links":{"self":[{"href":"https:\/\/bibliapresente.com\/postagens\/wp-json\/wp\/v2\/pages\/667","targetHints":{"allow":["GET"]}}],"collection":[{"href":"https:\/\/bibliapresente.com\/postagens\/wp-json\/wp\/v2\/pages"}],"about":[{"href":"https:\/\/bibliapresente.com\/postagens\/wp-json\/wp\/v2\/types\/page"}],"author":[{"embeddable":true,"href":"https:\/\/bibliapresente.com\/postagens\/wp-json\/wp\/v2\/users\/2"}],"replies":[{"embeddable":true,"href":"https:\/\/bibliapresente.com\/postagens\/wp-json\/wp\/v2\/comments?post=667"}],"version-history":[{"count":5,"href":"https:\/\/bibliapresente.com\/postagens\/wp-json\/wp\/v2\/pages\/667\/revisions"}],"predecessor-version":[{"id":1197,"href":"https:\/\/bibliapresente.com\/postagens\/wp-json\/wp\/v2\/pages\/667\/revisions\/1197"}],"up":[{"embeddable":true,"href":"https:\/\/bibliapresente.com\/postagens\/wp-json\/wp\/v2\/pages\/581"}],"wp:featuredmedia":[{"embeddable":true,"href":"https:\/\/bibliapresente.com\/postagens\/wp-json\/wp\/v2\/media\/583"}],"wp:attachment":[{"href":"https:\/\/bibliapresente.com\/postagens\/wp-json\/wp\/v2\/media?parent=667"}],"curies":[{"name":"wp","href":"https:\/\/api.w.org\/{rel}","templated":true}]}}