{"id":663,"date":"2025-01-28T18:16:22","date_gmt":"2025-01-28T21:16:22","guid":{"rendered":"https:\/\/bibliapresente.com\/postagens\/?page_id=663"},"modified":"2025-01-28T18:16:23","modified_gmt":"2025-01-28T21:16:23","slug":"exodo-38","status":"publish","type":"page","link":"https:\/\/bibliapresente.com\/postagens\/livros-da-biblia\/exodo\/exodo-38\/","title":{"rendered":"\u00caxodo 38 &#8211; O Altar de Bronze"},"content":{"rendered":"\n<h3 class=\"wp-block-heading\">O altar do holocausto<\/h3>\n\n\n\n<p class=\"has-medium-font-size\" style=\"letter-spacing:1px\"><span><span><sup><b>1<\/b><\/sup><\/span> Igualmente fez o altar do holocausto de madeira de ac\u00e1cia: seu comprimento de cinco c\u00f4vados, e sua largura de outros cinco c\u00f4vados, quadrado, e de tr\u00eas c\u00f4vados de altura. <br><span><sup><b>2<\/b><\/sup><\/span> E fez-lhe suas pontas a seus quatro cantos, os quais eram da mesma pe\u00e7a, e cobriu-o de bronze. <br><span><sup><b>3<\/b><\/sup><\/span> Fez tamb\u00e9m todos os utens\u00edlios do altar: caldeir\u00f5es, e tenazes, e bacias, e garfos, e p\u00e1s: todos os seus utens\u00edlios fez de bronze. <br><span><sup><b>4<\/b><\/sup><\/span> E fez para o altar a grelha de bronze, de feitura de rede, que p\u00f4s em sua borda por debaixo at\u00e9 o meio do altar. <br><span><sup><b>5<\/b><\/sup><\/span> Fez tamb\u00e9m quatro an\u00e9is de fundi\u00e7\u00e3o aos quatro extremos da grelha de bronze, para meter as varas. <br><span><sup><b>6<\/b><\/sup><\/span> E fez as varas de madeira de ac\u00e1cia, e cobriu-as de bronze. <br><span><sup><b>7<\/b><\/sup><\/span> E meteu as varas pelos an\u00e9is aos lados do altar, para lev\u00e1-lo com elas: oco o fez, de t\u00e1buas. <br><span><sup><b>8<\/b><\/sup><\/span> Tamb\u00e9m fez a pia de bronze, com sua base de bronze, dos espelhos das que vigiavam \u00e0 porta do tabern\u00e1culo do testemunho. <\/span><\/p>\n\n\n\n<h3 class=\"wp-block-heading\">O \u00e1trio<\/h3>\n\n\n\n<p class=\"has-medium-font-size\" style=\"letter-spacing:1px\"><span><span><sup><b>9<\/b><\/sup><\/span> Fez tamb\u00e9m o \u00e1trio; \u00e0 parte sul as cortinas do \u00e1trio eram de cem c\u00f4vados, de linho torcido: <br><span><sup><b>10<\/b><\/sup><\/span> Suas colunas vinte, com suas vinte bases de bronze: os capit\u00e9is das colunas e suas molduras, de prata. <br><span><sup><b>11<\/b><\/sup><\/span> E \u00e0 parte do norte cortinas de cem c\u00f4vados: suas colunas vinte, com suas vinte bases de bronze; os capit\u00e9is das colunas e suas molduras, de prata. <br><span><sup><b>12<\/b><\/sup><\/span> \u00c0 parte do ocidente cortinas de cinquenta c\u00f4vados: suas colunas dez, e suas dez bases; os capit\u00e9is das colunas e suas molduras, de prata. <br><span><sup><b>13<\/b><\/sup><\/span> E \u00e0 parte oriental, ao levante, cortinas de cinquenta c\u00f4vados: <br><span><sup><b>14<\/b><\/sup><\/span> Ao um lado cortinas de quinze c\u00f4vados, suas tr\u00eas colunas, e suas tr\u00eas bases; <br><span><sup><b>15<\/b><\/sup><\/span> Ao outro lado, de uma parte e da outra da porta do \u00e1trio, cortinas de a quinze c\u00f4vados, suas tr\u00eas colunas, e suas tr\u00eas bases. <br><span><sup><b>16<\/b><\/sup><\/span> Todas as cortinas do \u00e1trio ao redor eram de linho torcido. <br><span><sup><b>17<\/b><\/sup><\/span> E as bases das colunas eram de bronze; os capit\u00e9is das colunas e suas molduras, de prata; tamb\u00e9m as cobertas das cabe\u00e7as delas, de prata: e todas as colunas do \u00e1trio tinham molduras de prata. <br><span><sup><b>18<\/b><\/sup><\/span> E a cortina da porta do \u00e1trio foi de obra de bordado, de azul, e p\u00farpura, e carmesim, e linho torcido: o comprimento de vinte c\u00f4vados, e a altura na largura de cinco c\u00f4vados, conforme as cortinas do \u00e1trio. <br><span><sup><b>19<\/b><\/sup><\/span> E suas colunas foram quatro com suas quatro bases de bronze: e seus capit\u00e9is de prata; e as cobertas dos capit\u00e9is delas e suas molduras, de prata. <br><span><sup><b>20<\/b><\/sup><\/span> E todas as estacas do tabern\u00e1culo e do \u00e1trio ao redor foram de bronze. <\/span><\/p>\n\n\n\n<h3 class=\"wp-block-heading\">A numera\u00e7\u00e3o das contas do tabern\u00e1culo<\/h3>\n\n\n\n<p class=\"has-medium-font-size\" style=\"letter-spacing:1px\"><span><span><sup><b>21<\/b><\/sup><\/span> Estas s\u00e3o as contas do tabern\u00e1culo, do tabern\u00e1culo do testemunho, o que foi contado de ordem de Mois\u00e9s por meio de Itamar, filho de Ar\u00e3o sacerdote, para o minist\u00e9rio dos levitas. <br><span><sup><b>22<\/b><\/sup><\/span> E Bezalel, filho de Uri, filho de Hur, da tribo de Jud\u00e1, fez todas as coisas que o SENHOR mandou a Mois\u00e9s. <br><span><sup><b>23<\/b><\/sup><\/span> E com ele estava Aoliabe, filho de Aisamaque, da tribo de D\u00e3, art\u00edfice, e desenhador, e bordador em material azul, e p\u00farpura, e carmesim, e linho fino. <br><span><sup><b>24<\/b><\/sup><\/span> Todo o ouro gasto na obra, em toda a obra do santu\u00e1rio, o qual foi ouro de oferta, foi vinte e nove talentos, e setecentos e trinta siclos, segundo o siclo do santu\u00e1rio. <br><span><sup><b>25<\/b><\/sup><\/span> E a prata dos contados da congrega\u00e7\u00e3o foi cem talentos, e mil setecentos setenta e cinco siclos, segundo o siclo do santu\u00e1rio: <br><span><sup><b>26<\/b><\/sup><\/span> Meio por cabe\u00e7a, meio siclo, segundo o siclo do santu\u00e1rio, a todos os que passaram por contagem de idade de vinte anos e acima, que foram seiscentos tr\u00eas mil quinhentos cinquenta. <br><span><sup><b>27<\/b><\/sup><\/span> Houve tamb\u00e9m cem talentos de prata para fazer de fundi\u00e7\u00e3o as bases do santu\u00e1rio e as bases do v\u00e9u: em cem bases cem talentos, a talento por base. <br><span><sup><b>28<\/b><\/sup><\/span> E dos mil setecentos setenta e cinco siclos fez os capit\u00e9is das colunas, e cobriu os capit\u00e9is delas, e as cingiu. <br><span><sup><b>29<\/b><\/sup><\/span> E o bronze da oferta foi setenta talentos, e dois mil quatrocentos siclos; <br><span><sup><b>30<\/b><\/sup><\/span> Do qual fez as bases da porta do tabern\u00e1culo do testemunho, e o altar de bronze, e sua grelha de bronze, e todos os utens\u00edlios do altar. <br><span><sup><b>31<\/b><\/sup><\/span> E as bases do \u00e1trio ao redor, e as bases da porta do \u00e1trio, e todas as estacas do tabern\u00e1culo, e todas as estacas do \u00e1trio ao redor.<\/span><\/p>\n\n\n\n<div class=\"wp-block-columns is-layout-flex wp-container-core-columns-is-layout-9d6595d7 wp-block-columns-is-layout-flex\">\n<div class=\"wp-block-column is-layout-flow wp-block-column-is-layout-flow\">\n<p><a href=\"\/exodo-37\">\u00caxodo 37<\/a><\/p>\n<\/div>\n\n\n\n<div class=\"wp-block-column is-layout-flow wp-block-column-is-layout-flow\">\n<p class=\"has-text-align-right\"><a href=\"\/exodo-39\">\u00caxodo 39<\/a><\/p>\n<\/div>\n<\/div>\n\n\n\n<h2 class=\"wp-block-heading\">Descri\u00e7\u00e3o &#8211; \u00caxodo 38<\/h2>\n\n\n\n<p class=\"has-medium-font-size\">\u00caxodo 38 continua a descri\u00e7\u00e3o da constru\u00e7\u00e3o do Tabern\u00e1culo, detalhando a fabrica\u00e7\u00e3o do altar de holocaustos, da bacia de bronze e do p\u00e1tio. O altar de holocaustos, feito de bronze, ser\u00e1 usado para os sacrif\u00edcios, enquanto a bacia, tamb\u00e9m de bronze, ser\u00e1 destinada \u00e0 purifica\u00e7\u00e3o dos sacerdotes. O cap\u00edtulo tamb\u00e9m descreve a constru\u00e7\u00e3o do p\u00e1tio, cercado por cortinas de linho fino e sustentado por colunas de bronze. O povo de Israel contribui generosamente para os materiais, e os detalhes da constru\u00e7\u00e3o do Tabern\u00e1culo refletem a obedi\u00eancia \u00e0s instru\u00e7\u00f5es divinas. Este cap\u00edtulo finaliza a prepara\u00e7\u00e3o para a adora\u00e7\u00e3o e a presen\u00e7a de Deus no meio do povo.<\/p>\n\n\n\n<h3 class=\"wp-block-heading\">Livro do \u00caxodo:<\/h3>\n\n\n<ul class=\"wp-block-page-list\"><li class=\"wp-block-pages-list__item\"><a class=\"wp-block-pages-list__item__link\" href=\"https:\/\/bibliapresente.com\/postagens\/livros-da-biblia\/exodo\/exodo-1\/\">\u00caxodo 1 &#8211; O Nascimento de Mois\u00e9s<\/a><\/li><li class=\"wp-block-pages-list__item\"><a class=\"wp-block-pages-list__item__link\" href=\"https:\/\/bibliapresente.com\/postagens\/livros-da-biblia\/exodo\/exodo-2\/\">\u00caxodo 2 &#8211; Mois\u00e9s no Pal\u00e1cio do Fara\u00f3<\/a><\/li><li class=\"wp-block-pages-list__item\"><a class=\"wp-block-pages-list__item__link\" href=\"https:\/\/bibliapresente.com\/postagens\/livros-da-biblia\/exodo\/exodo-3\/\">\u00caxodo 3 &#8211; O Chamado de Mois\u00e9s<\/a><\/li><li class=\"wp-block-pages-list__item\"><a class=\"wp-block-pages-list__item__link\" href=\"https:\/\/bibliapresente.com\/postagens\/livros-da-biblia\/exodo\/exodo-4\/\">\u00caxodo 4 &#8211; Deus D\u00e1 Sinais a Mois\u00e9s<\/a><\/li><li class=\"wp-block-pages-list__item\"><a class=\"wp-block-pages-list__item__link\" href=\"https:\/\/bibliapresente.com\/postagens\/livros-da-biblia\/exodo\/exodo-5\/\">\u00caxodo 5 &#8211; Mois\u00e9s e Ar\u00e3o Conrontam Fara\u00f3<\/a><\/li><li class=\"wp-block-pages-list__item\"><a class=\"wp-block-pages-list__item__link\" href=\"https:\/\/bibliapresente.com\/postagens\/livros-da-biblia\/exodo\/exodo-6\/\">\u00caxodo 6 &#8211; Deus promete livramento<\/a><\/li><li class=\"wp-block-pages-list__item\"><a class=\"wp-block-pages-list__item__link\" href=\"https:\/\/bibliapresente.com\/postagens\/livros-da-biblia\/exodo\/exodo-7\/\">\u00caxodo 7 &#8211; A Primeira Praga: Sangue<\/a><\/li><li class=\"wp-block-pages-list__item\"><a class=\"wp-block-pages-list__item__link\" href=\"https:\/\/bibliapresente.com\/postagens\/livros-da-biblia\/exodo\/exodo-8\/\">\u00caxodo 8 &#8211; Pragas: R\u00e3s, Piolhos e Moscas<\/a><\/li><li class=\"wp-block-pages-list__item\"><a class=\"wp-block-pages-list__item__link\" href=\"https:\/\/bibliapresente.com\/postagens\/livros-da-biblia\/exodo\/exodo-9\/\">\u00caxodo 9 &#8211; Pragas: Peste, \u00dalceras, Granizo<\/a><\/li><li class=\"wp-block-pages-list__item\"><a class=\"wp-block-pages-list__item__link\" href=\"https:\/\/bibliapresente.com\/postagens\/livros-da-biblia\/exodo\/exodo-10\/\">\u00caxodo 10 &#8211; Pragas: Gafanhotos e Trevas<\/a><\/li><li class=\"wp-block-pages-list__item\"><a class=\"wp-block-pages-list__item__link\" href=\"https:\/\/bibliapresente.com\/postagens\/livros-da-biblia\/exodo\/exodo-11\/\">\u00caxodo 11 &#8211; Deus anuncia a \u00faltima praga<\/a><\/li><li class=\"wp-block-pages-list__item\"><a class=\"wp-block-pages-list__item__link\" href=\"https:\/\/bibliapresente.com\/postagens\/livros-da-biblia\/exodo\/exodo-12\/\">\u00caxodo 12 &#8211; A P\u00e1scoa e a Liberta\u00e7\u00e3o<\/a><\/li><li class=\"wp-block-pages-list__item\"><a class=\"wp-block-pages-list__item__link\" href=\"https:\/\/bibliapresente.com\/postagens\/livros-da-biblia\/exodo\/exodo-13\/\">\u00caxodo 13 &#8211; A Consagra\u00e7\u00e3o dos Primog\u00eanitos<\/a><\/li><li class=\"wp-block-pages-list__item\"><a class=\"wp-block-pages-list__item__link\" href=\"https:\/\/bibliapresente.com\/postagens\/livros-da-biblia\/exodo\/exodo-14\/\">\u00caxodo 14 &#8211; A Travessia do Mar Vermelho<\/a><\/li><li class=\"wp-block-pages-list__item\"><a class=\"wp-block-pages-list__item__link\" href=\"https:\/\/bibliapresente.com\/postagens\/livros-da-biblia\/exodo\/exodo-15\/\">\u00caxodo 15 &#8211; O C\u00e2ntico de Mois\u00e9s<\/a><\/li><li class=\"wp-block-pages-list__item\"><a class=\"wp-block-pages-list__item__link\" href=\"https:\/\/bibliapresente.com\/postagens\/livros-da-biblia\/exodo\/exodo-16\/\">\u00caxodo 16 &#8211; O Man\u00e1 no Deserto<\/a><\/li><li class=\"wp-block-pages-list__item\"><a class=\"wp-block-pages-list__item__link\" href=\"https:\/\/bibliapresente.com\/postagens\/livros-da-biblia\/exodo\/exodo-17\/\">\u00caxodo 17 &#8211; \u00c1gua Brotando da Rocha<\/a><\/li><li class=\"wp-block-pages-list__item\"><a class=\"wp-block-pages-list__item__link\" href=\"https:\/\/bibliapresente.com\/postagens\/livros-da-biblia\/exodo\/exodo-18\/\">\u00caxodo 18 &#8211; Os Conselhos de Jetro<\/a><\/li><li class=\"wp-block-pages-list__item\"><a class=\"wp-block-pages-list__item__link\" href=\"https:\/\/bibliapresente.com\/postagens\/livros-da-biblia\/exodo\/exodo-19\/\">\u00caxodo 19 &#8211; A Chegada ao Monte Sinai<\/a><\/li><li class=\"wp-block-pages-list__item\"><a class=\"wp-block-pages-list__item__link\" href=\"https:\/\/bibliapresente.com\/postagens\/livros-da-biblia\/exodo\/exodo-20\/\">\u00caxodo 20 &#8211; Os Dez Mandamentos<\/a><\/li><li class=\"wp-block-pages-list__item\"><a class=\"wp-block-pages-list__item__link\" href=\"https:\/\/bibliapresente.com\/postagens\/livros-da-biblia\/exodo\/exodo-21\/\">\u00caxodo 21 &#8211; Leis Sobre Justi\u00e7a Social<\/a><\/li><li class=\"wp-block-pages-list__item\"><a class=\"wp-block-pages-list__item__link\" href=\"https:\/\/bibliapresente.com\/postagens\/livros-da-biblia\/exodo\/exodo-22\/\">\u00caxodo 22 &#8211; Leis Sobre Danos e Repara\u00e7\u00e3o<\/a><\/li><li class=\"wp-block-pages-list__item\"><a class=\"wp-block-pages-list__item__link\" href=\"https:\/\/bibliapresente.com\/postagens\/livros-da-biblia\/exodo\/exodo-23\/\">\u00caxodo 23 &#8211; Leis de Justi\u00e7a e Festividades<\/a><\/li><li class=\"wp-block-pages-list__item\"><a class=\"wp-block-pages-list__item__link\" href=\"https:\/\/bibliapresente.com\/postagens\/livros-da-biblia\/exodo\/exodo-24\/\">\u00caxodo 24 &#8211; A Confirma\u00e7\u00e3o da Alian\u00e7a<\/a><\/li><li class=\"wp-block-pages-list__item\"><a class=\"wp-block-pages-list__item__link\" href=\"https:\/\/bibliapresente.com\/postagens\/livros-da-biblia\/exodo\/exodo-25\/\">\u00caxodo 25 &#8211; Arca da Alian\u00e7a e Tabern\u00e1culo<\/a><\/li><li class=\"wp-block-pages-list__item\"><a class=\"wp-block-pages-list__item__link\" href=\"https:\/\/bibliapresente.com\/postagens\/livros-da-biblia\/exodo\/exodo-26\/\">\u00caxodo 26 &#8211; Construindo o Tabern\u00e1culo<\/a><\/li><li class=\"wp-block-pages-list__item\"><a class=\"wp-block-pages-list__item__link\" href=\"https:\/\/bibliapresente.com\/postagens\/livros-da-biblia\/exodo\/exodo-27\/\">\u00caxodo 27 &#8211; O Altar de Bronze<\/a><\/li><li class=\"wp-block-pages-list__item\"><a class=\"wp-block-pages-list__item__link\" href=\"https:\/\/bibliapresente.com\/postagens\/livros-da-biblia\/exodo\/exodo-28\/\">\u00caxodo 28 &#8211; O Vestu\u00e1rio dos Sacerdotes<\/a><\/li><li class=\"wp-block-pages-list__item\"><a class=\"wp-block-pages-list__item__link\" href=\"https:\/\/bibliapresente.com\/postagens\/livros-da-biblia\/exodo\/exodo-29\/\">\u00caxodo 29 &#8211; Consagra\u00e7\u00e3o de Ar\u00e3o<\/a><\/li><li class=\"wp-block-pages-list__item\"><a class=\"wp-block-pages-list__item__link\" href=\"https:\/\/bibliapresente.com\/postagens\/livros-da-biblia\/exodo\/exodo-30\/\">\u00caxodo 30 &#8211; O Altar do Incenso<\/a><\/li><li class=\"wp-block-pages-list__item\"><a class=\"wp-block-pages-list__item__link\" href=\"https:\/\/bibliapresente.com\/postagens\/livros-da-biblia\/exodo\/exodo-31\/\">\u00caxodo 31 &#8211; O S\u00e1bado<\/a><\/li><li class=\"wp-block-pages-list__item\"><a class=\"wp-block-pages-list__item__link\" href=\"https:\/\/bibliapresente.com\/postagens\/livros-da-biblia\/exodo\/exodo-32\/\">\u00caxodo 32 &#8211; O Bezerro de Ouro<\/a><\/li><li class=\"wp-block-pages-list__item\"><a class=\"wp-block-pages-list__item__link\" href=\"https:\/\/bibliapresente.com\/postagens\/livros-da-biblia\/exodo\/exodo-33\/\">\u00caxodo 33 &#8211; Deus promete a Sua presen\u00e7a<\/a><\/li><li class=\"wp-block-pages-list__item\"><a class=\"wp-block-pages-list__item__link\" href=\"https:\/\/bibliapresente.com\/postagens\/livros-da-biblia\/exodo\/exodo-34\/\">\u00caxodo 34 &#8211; A Renova\u00e7\u00e3o da Alian\u00e7a<\/a><\/li><li class=\"wp-block-pages-list__item\"><a class=\"wp-block-pages-list__item__link\" href=\"https:\/\/bibliapresente.com\/postagens\/livros-da-biblia\/exodo\/exodo-35\/\">\u00caxodo 35 &#8211; A Oferta do Povo<\/a><\/li><li class=\"wp-block-pages-list__item\"><a class=\"wp-block-pages-list__item__link\" href=\"https:\/\/bibliapresente.com\/postagens\/livros-da-biblia\/exodo\/exodo-36\/\">\u00caxodo 36 &#8211; A Constru\u00e7\u00e3o do Tabern\u00e1culo<\/a><\/li><li class=\"wp-block-pages-list__item\"><a class=\"wp-block-pages-list__item__link\" href=\"https:\/\/bibliapresente.com\/postagens\/livros-da-biblia\/exodo\/exodo-37\/\">\u00caxodo 37 &#8211; A Arca, a Mesa e o Candelabro<\/a><\/li><li class=\"wp-block-pages-list__item\"><a class=\"wp-block-pages-list__item__link\" href=\"https:\/\/bibliapresente.com\/postagens\/livros-da-biblia\/exodo\/exodo-38\/\">\u00caxodo 38 &#8211; O Altar de Bronze<\/a><\/li><li class=\"wp-block-pages-list__item\"><a class=\"wp-block-pages-list__item__link\" href=\"https:\/\/bibliapresente.com\/postagens\/livros-da-biblia\/exodo\/exodo-39\/\">\u00caxodo 39 &#8211; A Confec\u00e7\u00e3o das Vestes<\/a><\/li><li class=\"wp-block-pages-list__item\"><a class=\"wp-block-pages-list__item__link\" href=\"https:\/\/bibliapresente.com\/postagens\/livros-da-biblia\/exodo\/exodo-40\/\">\u00caxodo 40 &#8211; A Consagra\u00e7\u00e3o do Tabern\u00e1culo<\/a><\/li><\/ul>\n\n\n<p><\/p>\n","protected":false},"excerpt":{"rendered":"<p>O altar do holocausto 1 Igualmente fez o altar do holocausto de madeira de ac\u00e1cia: seu comprimento de cinco c\u00f4vados, e sua largura de outros cinco c\u00f4vados, quadrado, e de tr\u00eas c\u00f4vados de altura. 2 E fez-lhe suas pontas a seus quatro cantos, os quais eram da mesma pe\u00e7a, e cobriu-o de bronze. 3 Fez &hellip; <\/p>\n","protected":false},"author":2,"featured_media":583,"parent":581,"menu_order":38,"comment_status":"closed","ping_status":"closed","template":"","meta":{"om_disable_all_campaigns":false,"_monsterinsights_skip_tracking":false,"_monsterinsights_sitenote_active":false,"_monsterinsights_sitenote_note":"","_monsterinsights_sitenote_category":0,"footnotes":""},"class_list":["post-663","page","type-page","status-publish","has-post-thumbnail","hentry"],"aioseo_notices":[],"_links":{"self":[{"href":"https:\/\/bibliapresente.com\/postagens\/wp-json\/wp\/v2\/pages\/663","targetHints":{"allow":["GET"]}}],"collection":[{"href":"https:\/\/bibliapresente.com\/postagens\/wp-json\/wp\/v2\/pages"}],"about":[{"href":"https:\/\/bibliapresente.com\/postagens\/wp-json\/wp\/v2\/types\/page"}],"author":[{"embeddable":true,"href":"https:\/\/bibliapresente.com\/postagens\/wp-json\/wp\/v2\/users\/2"}],"replies":[{"embeddable":true,"href":"https:\/\/bibliapresente.com\/postagens\/wp-json\/wp\/v2\/comments?post=663"}],"version-history":[{"count":5,"href":"https:\/\/bibliapresente.com\/postagens\/wp-json\/wp\/v2\/pages\/663\/revisions"}],"predecessor-version":[{"id":1196,"href":"https:\/\/bibliapresente.com\/postagens\/wp-json\/wp\/v2\/pages\/663\/revisions\/1196"}],"up":[{"embeddable":true,"href":"https:\/\/bibliapresente.com\/postagens\/wp-json\/wp\/v2\/pages\/581"}],"wp:featuredmedia":[{"embeddable":true,"href":"https:\/\/bibliapresente.com\/postagens\/wp-json\/wp\/v2\/media\/583"}],"wp:attachment":[{"href":"https:\/\/bibliapresente.com\/postagens\/wp-json\/wp\/v2\/media?parent=663"}],"curies":[{"name":"wp","href":"https:\/\/api.w.org\/{rel}","templated":true}]}}