{"id":655,"date":"2025-01-28T18:04:53","date_gmt":"2025-01-28T21:04:53","guid":{"rendered":"https:\/\/bibliapresente.com\/postagens\/?page_id=655"},"modified":"2025-01-28T18:04:54","modified_gmt":"2025-01-28T21:04:54","slug":"exodo-34","status":"publish","type":"page","link":"https:\/\/bibliapresente.com\/postagens\/livros-da-biblia\/exodo\/exodo-34\/","title":{"rendered":"\u00caxodo 34 &#8211; A Renova\u00e7\u00e3o da Alian\u00e7a"},"content":{"rendered":"\n<h3 class=\"wp-block-heading\">As novas t\u00e1buas dos dez mandamentos<\/h3>\n\n\n\n<p class=\"has-medium-font-size\" style=\"letter-spacing:1px\"><span><span><sup><b>1<\/b><\/sup><\/span> E o SENHOR disse a Mois\u00e9s: Entalha para ti duas t\u00e1buas de pedra como as primeiras, e escreverei sobre essas t\u00e1buas as palavras que estavam nas t\u00e1buas primeiras que quebraste. <br><span><sup><b>2<\/b><\/sup><\/span> Prepara-te, pois, para amanh\u00e3, e sobe pela manh\u00e3 ao monte de Sinai, e fica diante de mim ali sobre o cume do monte. <br><span><sup><b>3<\/b><\/sup><\/span> E n\u00e3o suba homem contigo, nem apare\u00e7a algu\u00e9m em todo o monte; nem ovelhas nem bois apascentem diante do monte. <br><span><sup><b>4<\/b><\/sup><\/span> E Mois\u00e9s entalhou duas t\u00e1buas de pedra como as primeiras; e levantou-se pela manh\u00e3, e subiu ao monte de Sinai, como lhe mandou o SENHOR, e levou em sua m\u00e3o as duas t\u00e1buas de pedra. <br><span><sup><b>5<\/b><\/sup><\/span> E o SENHOR desceu na nuvem, e esteve ali com ele, proclamando o nome do SENHOR. <br><span><sup><b>6<\/b><\/sup><\/span> E passando o SENHOR por diante dele, proclamou: SENHOR, SENHOR, forte, misericordioso, e piedoso; tardio para a ira, e grande em benignidade e verdade; <br><span><sup><b>7<\/b><\/sup><\/span> Que guarda a miseric\u00f3rdia em milhares, que perdoa a iniquidade, a rebeli\u00e3o, e o pecado, e que de nenhum modo justificar\u00e1 ao malvado; que visita a iniquidade dos pais sobre os filhos e sobre os filhos dos filhos, sobre os de terceira, e quarta gera\u00e7\u00f5es. <br><span><sup><b>8<\/b><\/sup><\/span> Ent\u00e3o Mois\u00e9s, apressando-se, baixou a cabe\u00e7a at\u00e9 o ch\u00e3o e encurvou-se; <br><span><sup><b>9<\/b><\/sup><\/span> E disse: Se agora, Senhor, achei favor em teus olhos, v\u00e1 agora o Senhor em meio de n\u00f3s; porque este \u00e9 povo de dura cerviz; e perdoa nossa iniquidade e nosso pecado, e possui-nos. <\/span><\/p>\n\n\n\n<h3 class=\"wp-block-heading\">Deus faz um pacto<\/h3>\n\n\n\n<p class=\"has-medium-font-size\" style=\"letter-spacing:1px\"><span><span><sup><b>10<\/b><\/sup><\/span> E ele disse: Eis que, eu fa\u00e7o concerto diante de todo o teu povo: farei maravilhas que n\u00e3o foram feitas em toda a terra, nem em na\u00e7\u00e3o alguma; e ver\u00e1 todo o povo em meio do qual est\u00e1s tu, a obra do SENHOR; porque ser\u00e1 coisa terr\u00edvel a que eu farei contigo. <br><span><sup><b>11<\/b><\/sup><\/span> Guarda o que eu te mando hoje; eis que eu expulso de diante de tua presen\u00e7a aos amorreus, e aos cananeus, e aos heteus, e aos perizeus, e aos heveus, e aos jebuseus. <br><span><sup><b>12<\/b><\/sup><\/span> Guarda-te que n\u00e3o fa\u00e7as alian\u00e7a com os moradores da terra de onde h\u00e1s de entrar, para que n\u00e3o sejam por trope\u00e7o em meio de ti: <br><span><sup><b>13<\/b><\/sup><\/span> Mas derrubareis seus altares, e quebrareis suas est\u00e1tuas, e cortareis seus bosques: <br><span><sup><b>14<\/b><\/sup><\/span> Porque n\u00e3o te h\u00e1s de inclinar a deus alheio; que o SENHOR, cujo nome \u00e9 zeloso, Deus zeloso \u00e9. <br><span><sup><b>15<\/b><\/sup><\/span> Portanto n\u00e3o far\u00e1s alian\u00e7a com os moradores daquela terra; pois sen\u00e3o fornicar\u00e3o ap\u00f3s seus deuses, e sacrificar\u00e3o a seus deuses, e te chamar\u00e3o, e comer\u00e1s de seus sacrif\u00edcios; <br><span><sup><b>16<\/b><\/sup><\/span> Ou, se tomarem de suas filhas para teus filhos, e fornicarem suas filhas ap\u00f3s seus deuses, far\u00e3o tamb\u00e9m fornicar a teus filhos atr\u00e1s dos deuses delas. <br><span><sup><b>17<\/b><\/sup><\/span> N\u00e3o far\u00e1s deuses de fundi\u00e7\u00e3o para ti. <br><span><sup><b>18<\/b><\/sup><\/span> A festa dos p\u00e3es \u00e1zimos guardar\u00e1s: sete dias comer\u00e1s sem levedar, segundo te mandei, no tempo do m\u00eas de Abibe; porque no m\u00eas de Abibe sa\u00edste do Egito. <br><span><sup><b>19<\/b><\/sup><\/span> Todo o que abre madre, meu \u00e9; e de teu gado todo primeiro de vaca ou de ovelha que for macho. <br><span><sup><b>20<\/b><\/sup><\/span> Por\u00e9m redimir\u00e1s com cordeiro o primeiro do asno; e se n\u00e3o o redimires, lhe h\u00e1s de cortar a cabe\u00e7a. Redimir\u00e1s todo primog\u00eanito de teus filhos, e n\u00e3o ser\u00e3o vistos vazios diante de mim. <br><span><sup><b>21<\/b><\/sup><\/span> Seis dias trabalhar\u00e1s, mas no s\u00e9timo dia cessar\u00e1s: cessar\u00e1s ainda na arada e na colheita. <br><span><sup><b>22<\/b><\/sup><\/span> E te far\u00e1s a festa das semanas aos princ\u00edpios da colheita do trigo: e a festa da colheita \u00e0 volta do ano. <br><span><sup><b>23<\/b><\/sup><\/span> Tr\u00eas vezes no ano ser\u00e1 visto todo homem teu diante do Soberano SENHOR, Deus de Israel. <br><span><sup><b>24<\/b><\/sup><\/span> Porque eu lan\u00e7arei as na\u00e7\u00f5es de tua presen\u00e7a, e alargarei teu termo: e ningu\u00e9m cobi\u00e7ar\u00e1 tua terra, quando tu subires para ser visto diante do SENHOR teu Deus tr\u00eas vezes no ano. <br><span><sup><b>25<\/b><\/sup><\/span> N\u00e3o oferecer\u00e1s com levedado o sangue de meu sacrif\u00edcio; nem ficar\u00e1 da noite para a manh\u00e3 o sacrif\u00edcio da festa da p\u00e1scoa. <br><span><sup><b>26<\/b><\/sup><\/span> A prim\u00edcia dos primeiros frutos de tua terra meter\u00e1s na casa do SENHOR teu Deus. N\u00e3o cozer\u00e1s o cabrito no leite de sua m\u00e3e. <br><span><sup><b>27<\/b><\/sup><\/span> E o SENHOR disse a Mois\u00e9s: Escreve tu estas palavras; porque conforme estas palavras fiz a alian\u00e7a contigo e com Israel. <br><span><sup><b>28<\/b><\/sup><\/span> E ele esteve ali com o SENHOR quarenta dias e quarenta noites: n\u00e3o comeu p\u00e3o, nem bebeu \u00e1gua; e escreveu em t\u00e1buas as palavras da alian\u00e7a, os dez dizeres. <\/span><\/p>\n\n\n\n<h3 class=\"wp-block-heading\">O rosto de Mois\u00e9s resplandece<\/h3>\n\n\n\n<p class=\"has-medium-font-size\" style=\"letter-spacing:1px\"><span><span><sup><b>29<\/b><\/sup><\/span> E aconteceu que, descendo Mois\u00e9s do monte Sinai com as duas t\u00e1buas do testemunho em sua m\u00e3o, enquanto descia do monte, n\u00e3o sabia ele que a pele de seu rosto resplandecia, depois que havia com ele falado. <br><span><sup><b>30<\/b><\/sup><\/span> E olhou Ar\u00e3o e todos os filhos de Israel a Mois\u00e9s, e eis que a pele de seu rosto era resplandescente; e tiveram medo de chegar-se a ele. <br><span><sup><b>31<\/b><\/sup><\/span> E chamou-os Mois\u00e9s; e Ar\u00e3o e todos os pr\u00edncipes da congrega\u00e7\u00e3o voltaram-se a ele, e Mois\u00e9s lhes falou. <br><span><sup><b>32<\/b><\/sup><\/span> E depois se chegaram todos os filhos de Israel, aos quais mandou todas as coisas que o SENHOR lhe havia dito no monte de Sinai. <br><span><sup><b>33<\/b><\/sup><\/span> E quando acabou Mois\u00e9s de falar com eles, p\u00f4s um v\u00e9u sobre seu rosto. <br><span><sup><b>34<\/b><\/sup><\/span> E quando vinha Mois\u00e9s diante do SENHOR para falar com ele, tirava-se o v\u00e9u at\u00e9 que sa\u00eda; e saindo, falava com os filhos de Israel o que lhe era mandado; <br><span><sup><b>35<\/b><\/sup><\/span> E viam os filhos de Israel o rosto de Mois\u00e9s, que a pele de seu rosto era resplandescente; e voltava Mois\u00e9s a p\u00f4r o v\u00e9u sobre seu rosto, at\u00e9 que entrava a falar com ele.<\/span><\/p>\n\n\n\n<div class=\"wp-block-columns is-layout-flex wp-container-core-columns-is-layout-9d6595d7 wp-block-columns-is-layout-flex\">\n<div class=\"wp-block-column is-layout-flow wp-block-column-is-layout-flow\">\n<p><a href=\"\/exodo-33\">\u00caxodo 33<\/a><\/p>\n<\/div>\n\n\n\n<div class=\"wp-block-column is-layout-flow wp-block-column-is-layout-flow\">\n<p class=\"has-text-align-right\"><a href=\"\/exodo-35\">\u00caxodo 35<\/a><\/p>\n<\/div>\n<\/div>\n\n\n\n<h2 class=\"wp-block-heading\">Descri\u00e7\u00e3o &#8211; \u00caxodo 34<\/h2>\n\n\n\n<p class=\"has-medium-font-size\">\u00caxodo 34 descreve o momento em que Deus renova a alian\u00e7a com Israel ap\u00f3s o pecado do bezerro de ouro. Mois\u00e9s sobe novamente ao Monte Sinai, onde Deus lhe d\u00e1 novas t\u00e1buas da Lei. Deus revela a Mois\u00e9s Sua natureza misericordiosa, bondosa e perdoadora, mas tamb\u00e9m justa. Ele ordena que Israel observe os mandamentos, celebre as festas e mantenha-se fiel \u00e0 adora\u00e7\u00e3o exclusiva a Ele. Mois\u00e9s desce do monte com o rosto radiante, refletindo a gl\u00f3ria de Deus. Este cap\u00edtulo refor\u00e7a a import\u00e2ncia da obedi\u00eancia, do arrependimento e da renova\u00e7\u00e3o da alian\u00e7a, destacando o car\u00e1ter de Deus e Sua fidelidade.<\/p>\n\n\n\n<h3 class=\"wp-block-heading\">Livro do \u00caxodo:<\/h3>\n\n\n<ul class=\"wp-block-page-list\"><li class=\"wp-block-pages-list__item\"><a class=\"wp-block-pages-list__item__link\" href=\"https:\/\/bibliapresente.com\/postagens\/livros-da-biblia\/exodo\/exodo-1\/\">\u00caxodo 1 &#8211; O Nascimento de Mois\u00e9s<\/a><\/li><li class=\"wp-block-pages-list__item\"><a class=\"wp-block-pages-list__item__link\" href=\"https:\/\/bibliapresente.com\/postagens\/livros-da-biblia\/exodo\/exodo-2\/\">\u00caxodo 2 &#8211; Mois\u00e9s no Pal\u00e1cio do Fara\u00f3<\/a><\/li><li class=\"wp-block-pages-list__item\"><a class=\"wp-block-pages-list__item__link\" href=\"https:\/\/bibliapresente.com\/postagens\/livros-da-biblia\/exodo\/exodo-3\/\">\u00caxodo 3 &#8211; O Chamado de Mois\u00e9s<\/a><\/li><li class=\"wp-block-pages-list__item\"><a class=\"wp-block-pages-list__item__link\" href=\"https:\/\/bibliapresente.com\/postagens\/livros-da-biblia\/exodo\/exodo-4\/\">\u00caxodo 4 &#8211; Deus D\u00e1 Sinais a Mois\u00e9s<\/a><\/li><li class=\"wp-block-pages-list__item\"><a class=\"wp-block-pages-list__item__link\" href=\"https:\/\/bibliapresente.com\/postagens\/livros-da-biblia\/exodo\/exodo-5\/\">\u00caxodo 5 &#8211; Mois\u00e9s e Ar\u00e3o Conrontam Fara\u00f3<\/a><\/li><li class=\"wp-block-pages-list__item\"><a class=\"wp-block-pages-list__item__link\" href=\"https:\/\/bibliapresente.com\/postagens\/livros-da-biblia\/exodo\/exodo-6\/\">\u00caxodo 6 &#8211; Deus promete livramento<\/a><\/li><li class=\"wp-block-pages-list__item\"><a class=\"wp-block-pages-list__item__link\" href=\"https:\/\/bibliapresente.com\/postagens\/livros-da-biblia\/exodo\/exodo-7\/\">\u00caxodo 7 &#8211; A Primeira Praga: Sangue<\/a><\/li><li class=\"wp-block-pages-list__item\"><a class=\"wp-block-pages-list__item__link\" href=\"https:\/\/bibliapresente.com\/postagens\/livros-da-biblia\/exodo\/exodo-8\/\">\u00caxodo 8 &#8211; Pragas: R\u00e3s, Piolhos e Moscas<\/a><\/li><li class=\"wp-block-pages-list__item\"><a class=\"wp-block-pages-list__item__link\" href=\"https:\/\/bibliapresente.com\/postagens\/livros-da-biblia\/exodo\/exodo-9\/\">\u00caxodo 9 &#8211; Pragas: Peste, \u00dalceras, Granizo<\/a><\/li><li class=\"wp-block-pages-list__item\"><a class=\"wp-block-pages-list__item__link\" href=\"https:\/\/bibliapresente.com\/postagens\/livros-da-biblia\/exodo\/exodo-10\/\">\u00caxodo 10 &#8211; Pragas: Gafanhotos e Trevas<\/a><\/li><li class=\"wp-block-pages-list__item\"><a class=\"wp-block-pages-list__item__link\" href=\"https:\/\/bibliapresente.com\/postagens\/livros-da-biblia\/exodo\/exodo-11\/\">\u00caxodo 11 &#8211; Deus anuncia a \u00faltima praga<\/a><\/li><li class=\"wp-block-pages-list__item\"><a class=\"wp-block-pages-list__item__link\" href=\"https:\/\/bibliapresente.com\/postagens\/livros-da-biblia\/exodo\/exodo-12\/\">\u00caxodo 12 &#8211; A P\u00e1scoa e a Liberta\u00e7\u00e3o<\/a><\/li><li class=\"wp-block-pages-list__item\"><a class=\"wp-block-pages-list__item__link\" href=\"https:\/\/bibliapresente.com\/postagens\/livros-da-biblia\/exodo\/exodo-13\/\">\u00caxodo 13 &#8211; A Consagra\u00e7\u00e3o dos Primog\u00eanitos<\/a><\/li><li class=\"wp-block-pages-list__item\"><a class=\"wp-block-pages-list__item__link\" href=\"https:\/\/bibliapresente.com\/postagens\/livros-da-biblia\/exodo\/exodo-14\/\">\u00caxodo 14 &#8211; A Travessia do Mar Vermelho<\/a><\/li><li class=\"wp-block-pages-list__item\"><a class=\"wp-block-pages-list__item__link\" href=\"https:\/\/bibliapresente.com\/postagens\/livros-da-biblia\/exodo\/exodo-15\/\">\u00caxodo 15 &#8211; O C\u00e2ntico de Mois\u00e9s<\/a><\/li><li class=\"wp-block-pages-list__item\"><a class=\"wp-block-pages-list__item__link\" href=\"https:\/\/bibliapresente.com\/postagens\/livros-da-biblia\/exodo\/exodo-16\/\">\u00caxodo 16 &#8211; O Man\u00e1 no Deserto<\/a><\/li><li class=\"wp-block-pages-list__item\"><a class=\"wp-block-pages-list__item__link\" href=\"https:\/\/bibliapresente.com\/postagens\/livros-da-biblia\/exodo\/exodo-17\/\">\u00caxodo 17 &#8211; \u00c1gua Brotando da Rocha<\/a><\/li><li class=\"wp-block-pages-list__item\"><a class=\"wp-block-pages-list__item__link\" href=\"https:\/\/bibliapresente.com\/postagens\/livros-da-biblia\/exodo\/exodo-18\/\">\u00caxodo 18 &#8211; Os Conselhos de Jetro<\/a><\/li><li class=\"wp-block-pages-list__item\"><a class=\"wp-block-pages-list__item__link\" href=\"https:\/\/bibliapresente.com\/postagens\/livros-da-biblia\/exodo\/exodo-19\/\">\u00caxodo 19 &#8211; A Chegada ao Monte Sinai<\/a><\/li><li class=\"wp-block-pages-list__item\"><a class=\"wp-block-pages-list__item__link\" href=\"https:\/\/bibliapresente.com\/postagens\/livros-da-biblia\/exodo\/exodo-20\/\">\u00caxodo 20 &#8211; Os Dez Mandamentos<\/a><\/li><li class=\"wp-block-pages-list__item\"><a class=\"wp-block-pages-list__item__link\" href=\"https:\/\/bibliapresente.com\/postagens\/livros-da-biblia\/exodo\/exodo-21\/\">\u00caxodo 21 &#8211; Leis Sobre Justi\u00e7a Social<\/a><\/li><li class=\"wp-block-pages-list__item\"><a class=\"wp-block-pages-list__item__link\" href=\"https:\/\/bibliapresente.com\/postagens\/livros-da-biblia\/exodo\/exodo-22\/\">\u00caxodo 22 &#8211; Leis Sobre Danos e Repara\u00e7\u00e3o<\/a><\/li><li class=\"wp-block-pages-list__item\"><a class=\"wp-block-pages-list__item__link\" href=\"https:\/\/bibliapresente.com\/postagens\/livros-da-biblia\/exodo\/exodo-23\/\">\u00caxodo 23 &#8211; Leis de Justi\u00e7a e Festividades<\/a><\/li><li class=\"wp-block-pages-list__item\"><a class=\"wp-block-pages-list__item__link\" href=\"https:\/\/bibliapresente.com\/postagens\/livros-da-biblia\/exodo\/exodo-24\/\">\u00caxodo 24 &#8211; A Confirma\u00e7\u00e3o da Alian\u00e7a<\/a><\/li><li class=\"wp-block-pages-list__item\"><a class=\"wp-block-pages-list__item__link\" href=\"https:\/\/bibliapresente.com\/postagens\/livros-da-biblia\/exodo\/exodo-25\/\">\u00caxodo 25 &#8211; Arca da Alian\u00e7a e Tabern\u00e1culo<\/a><\/li><li class=\"wp-block-pages-list__item\"><a class=\"wp-block-pages-list__item__link\" href=\"https:\/\/bibliapresente.com\/postagens\/livros-da-biblia\/exodo\/exodo-26\/\">\u00caxodo 26 &#8211; Construindo o Tabern\u00e1culo<\/a><\/li><li class=\"wp-block-pages-list__item\"><a class=\"wp-block-pages-list__item__link\" href=\"https:\/\/bibliapresente.com\/postagens\/livros-da-biblia\/exodo\/exodo-27\/\">\u00caxodo 27 &#8211; O Altar de Bronze<\/a><\/li><li class=\"wp-block-pages-list__item\"><a class=\"wp-block-pages-list__item__link\" href=\"https:\/\/bibliapresente.com\/postagens\/livros-da-biblia\/exodo\/exodo-28\/\">\u00caxodo 28 &#8211; O Vestu\u00e1rio dos Sacerdotes<\/a><\/li><li class=\"wp-block-pages-list__item\"><a class=\"wp-block-pages-list__item__link\" href=\"https:\/\/bibliapresente.com\/postagens\/livros-da-biblia\/exodo\/exodo-29\/\">\u00caxodo 29 &#8211; Consagra\u00e7\u00e3o de Ar\u00e3o<\/a><\/li><li class=\"wp-block-pages-list__item\"><a class=\"wp-block-pages-list__item__link\" href=\"https:\/\/bibliapresente.com\/postagens\/livros-da-biblia\/exodo\/exodo-30\/\">\u00caxodo 30 &#8211; O Altar do Incenso<\/a><\/li><li class=\"wp-block-pages-list__item\"><a class=\"wp-block-pages-list__item__link\" href=\"https:\/\/bibliapresente.com\/postagens\/livros-da-biblia\/exodo\/exodo-31\/\">\u00caxodo 31 &#8211; O S\u00e1bado<\/a><\/li><li class=\"wp-block-pages-list__item\"><a class=\"wp-block-pages-list__item__link\" href=\"https:\/\/bibliapresente.com\/postagens\/livros-da-biblia\/exodo\/exodo-32\/\">\u00caxodo 32 &#8211; O Bezerro de Ouro<\/a><\/li><li class=\"wp-block-pages-list__item\"><a class=\"wp-block-pages-list__item__link\" href=\"https:\/\/bibliapresente.com\/postagens\/livros-da-biblia\/exodo\/exodo-33\/\">\u00caxodo 33 &#8211; Deus promete a Sua presen\u00e7a<\/a><\/li><li class=\"wp-block-pages-list__item\"><a class=\"wp-block-pages-list__item__link\" href=\"https:\/\/bibliapresente.com\/postagens\/livros-da-biblia\/exodo\/exodo-34\/\">\u00caxodo 34 &#8211; A Renova\u00e7\u00e3o da Alian\u00e7a<\/a><\/li><li class=\"wp-block-pages-list__item\"><a class=\"wp-block-pages-list__item__link\" href=\"https:\/\/bibliapresente.com\/postagens\/livros-da-biblia\/exodo\/exodo-35\/\">\u00caxodo 35 &#8211; A Oferta do Povo<\/a><\/li><li class=\"wp-block-pages-list__item\"><a class=\"wp-block-pages-list__item__link\" href=\"https:\/\/bibliapresente.com\/postagens\/livros-da-biblia\/exodo\/exodo-36\/\">\u00caxodo 36 &#8211; A Constru\u00e7\u00e3o do Tabern\u00e1culo<\/a><\/li><li class=\"wp-block-pages-list__item\"><a class=\"wp-block-pages-list__item__link\" href=\"https:\/\/bibliapresente.com\/postagens\/livros-da-biblia\/exodo\/exodo-37\/\">\u00caxodo 37 &#8211; A Arca, a Mesa e o Candelabro<\/a><\/li><li class=\"wp-block-pages-list__item\"><a class=\"wp-block-pages-list__item__link\" href=\"https:\/\/bibliapresente.com\/postagens\/livros-da-biblia\/exodo\/exodo-38\/\">\u00caxodo 38 &#8211; O Altar de Bronze<\/a><\/li><li class=\"wp-block-pages-list__item\"><a class=\"wp-block-pages-list__item__link\" href=\"https:\/\/bibliapresente.com\/postagens\/livros-da-biblia\/exodo\/exodo-39\/\">\u00caxodo 39 &#8211; A Confec\u00e7\u00e3o das Vestes<\/a><\/li><li class=\"wp-block-pages-list__item\"><a class=\"wp-block-pages-list__item__link\" href=\"https:\/\/bibliapresente.com\/postagens\/livros-da-biblia\/exodo\/exodo-40\/\">\u00caxodo 40 &#8211; A Consagra\u00e7\u00e3o do Tabern\u00e1culo<\/a><\/li><\/ul>\n\n\n<p><\/p>\n","protected":false},"excerpt":{"rendered":"<p>As novas t\u00e1buas dos dez mandamentos 1 E o SENHOR disse a Mois\u00e9s: Entalha para ti duas t\u00e1buas de pedra como as primeiras, e escreverei sobre essas t\u00e1buas as palavras que estavam nas t\u00e1buas primeiras que quebraste. 2 Prepara-te, pois, para amanh\u00e3, e sobe pela manh\u00e3 ao monte de Sinai, e fica diante de mim &hellip; <\/p>\n","protected":false},"author":2,"featured_media":583,"parent":581,"menu_order":34,"comment_status":"closed","ping_status":"closed","template":"","meta":{"om_disable_all_campaigns":false,"_monsterinsights_skip_tracking":false,"_monsterinsights_sitenote_active":false,"_monsterinsights_sitenote_note":"","_monsterinsights_sitenote_category":0,"footnotes":""},"class_list":["post-655","page","type-page","status-publish","has-post-thumbnail","hentry"],"aioseo_notices":[],"_links":{"self":[{"href":"https:\/\/bibliapresente.com\/postagens\/wp-json\/wp\/v2\/pages\/655","targetHints":{"allow":["GET"]}}],"collection":[{"href":"https:\/\/bibliapresente.com\/postagens\/wp-json\/wp\/v2\/pages"}],"about":[{"href":"https:\/\/bibliapresente.com\/postagens\/wp-json\/wp\/v2\/types\/page"}],"author":[{"embeddable":true,"href":"https:\/\/bibliapresente.com\/postagens\/wp-json\/wp\/v2\/users\/2"}],"replies":[{"embeddable":true,"href":"https:\/\/bibliapresente.com\/postagens\/wp-json\/wp\/v2\/comments?post=655"}],"version-history":[{"count":5,"href":"https:\/\/bibliapresente.com\/postagens\/wp-json\/wp\/v2\/pages\/655\/revisions"}],"predecessor-version":[{"id":1192,"href":"https:\/\/bibliapresente.com\/postagens\/wp-json\/wp\/v2\/pages\/655\/revisions\/1192"}],"up":[{"embeddable":true,"href":"https:\/\/bibliapresente.com\/postagens\/wp-json\/wp\/v2\/pages\/581"}],"wp:featuredmedia":[{"embeddable":true,"href":"https:\/\/bibliapresente.com\/postagens\/wp-json\/wp\/v2\/media\/583"}],"wp:attachment":[{"href":"https:\/\/bibliapresente.com\/postagens\/wp-json\/wp\/v2\/media?parent=655"}],"curies":[{"name":"wp","href":"https:\/\/api.w.org\/{rel}","templated":true}]}}