{"id":653,"date":"2025-01-28T18:02:30","date_gmt":"2025-01-28T21:02:30","guid":{"rendered":"https:\/\/bibliapresente.com\/postagens\/?page_id=653"},"modified":"2025-01-28T18:02:30","modified_gmt":"2025-01-28T21:02:30","slug":"exodo-33","status":"publish","type":"page","link":"https:\/\/bibliapresente.com\/postagens\/livros-da-biblia\/exodo\/exodo-33\/","title":{"rendered":"\u00caxodo 33 &#8211; Deus promete a Sua presen\u00e7a"},"content":{"rendered":"\n<h3 class=\"wp-block-heading\">Deus n\u00e3o ir\u00e1 no meio do povo mas enviar\u00e1 um anjo<\/h3>\n\n\n\n<p class=\"has-medium-font-size\" style=\"letter-spacing:1px\"><span><span><sup><b>1<\/b><\/sup><\/span> E o SENHOR disse a Mois\u00e9s: Vai, sobe daqui, tu e o povo que tiraste da terra do Egito, \u00e0 terra da qual jurei a Abra\u00e3o, Isaque, e Jac\u00f3, dizendo: \u00c0 tua semente a darei: <br><span><sup><b>2<\/b><\/sup><\/span> E eu enviarei diante de ti o anjo, e lan\u00e7arei fora aos cananeus e aos amorreus, e aos heteus, e aos perizeus, e aos heveus e aos jebuseus: <br><span><sup><b>3<\/b><\/sup><\/span> (\u00c0 terra que flui leite e mel); porque eu n\u00e3o subirei em meio de ti, porque \u00e9s povo de dura cerviz, n\u00e3o seja que te consuma no caminho. <br><span><sup><b>4<\/b><\/sup><\/span> E ouvindo o povo esta desagrad\u00e1vel palavra, vestiram luto, e ningu\u00e9m se p\u00f4s seus ornamentos: <br><span><sup><b>5<\/b><\/sup><\/span> Pois o SENHOR disse a Mois\u00e9s: Dize aos filhos de Israel: V\u00f3s sois povo de dura cerviz: em um momento subirei em meio de ti, e te consumirei: tira de ti, pois, agora teus ornamentos, que eu saberei o que te tenho de fazer. <br><span><sup><b>6<\/b><\/sup><\/span> Ent\u00e3o os filhos de Israel se despojaram de seus ornamentos desde o monte Horebe. <br><span><sup><b>7<\/b><\/sup><\/span> E Mois\u00e9s tomou o tabern\u00e1culo, e estendeu-o fora do acampamento, longe do acampamento, e chamou-o o Tabern\u00e1culo do Testemunho. E foi que qualquer um que buscava ao SENHOR sa\u00eda ao tabern\u00e1culo do testemunho, que estava fora do acampamento. <br><span><sup><b>8<\/b><\/sup><\/span> E sucedia que, quando sa\u00eda Mois\u00e9s ao tabern\u00e1culo, todo o povo se levantava, e estava cada qual em p\u00e9 \u00e0 porta de sua tenda, e olhavam por tr\u00e1s de Mois\u00e9s, at\u00e9 que ele entrava no tabern\u00e1culo. <br><span><sup><b>9<\/b><\/sup><\/span> E quando Mois\u00e9s entrava no tabern\u00e1culo, a coluna de nuvem descia, e punha-se \u00e0 porta do tabern\u00e1culo, e o SENHOR falava com Mois\u00e9s. <br><span><sup><b>10<\/b><\/sup><\/span> E vendo todo o povo a coluna de nuvem, que estava \u00e0 porta do tabern\u00e1culo, levantava-se todo o povo, cada um \u00e0 porta de sua tenda e adorava. <br><span><sup><b>11<\/b><\/sup><\/span> E falava o SENHOR a Mois\u00e9s face a face, como fala qualquer um a seu companheiro. E voltava-se ao campo; mas o jovem Josu\u00e9, seu criado, filho de Num, nunca se afastava do meio do tabern\u00e1culo. <\/span><\/p>\n\n\n\n<h2 class=\"wp-block-heading\">Mois\u00e9s roga a Deus Sua presen\u00e7a<\/h2>\n\n\n\n<p class=\"has-medium-font-size\" style=\"letter-spacing:1px\"><span><span><sup><b>12<\/b><\/sup><\/span> E disse Mois\u00e9s ao SENHOR: Olha, tu me dizes a mim: Tira este povo: e tu n\u00e3o me declaraste a quem h\u00e1s de enviar comigo: por\u00e9m, tu dizes: Eu te conheci por teu nome, e achaste tamb\u00e9m gra\u00e7a em meus olhos. <br><span><sup><b>13<\/b><\/sup><\/span> Agora, pois, se achei gra\u00e7a em teus olhos, rogo-te que me mostres agora teu caminho, para que te conhe\u00e7a, para que ache gra\u00e7a em teus olhos: e olha que teu povo \u00e9 esta gente. <br><span><sup><b>14<\/b><\/sup><\/span> E ele disse: Meu rosto ir\u00e1 contigo, e te farei descansar. <br><span><sup><b>15<\/b><\/sup><\/span> E ele respondeu: Se teu rosto n\u00e3o for comigo, n\u00e3o nos tires daqui. <br><span><sup><b>16<\/b><\/sup><\/span> E em que se conhecer\u00e1 aqui que achei favor em teus olhos, eu e teu povo, se n\u00e3o em andar tu conosco, e que eu e teu povo sejamos separados de todos os povos que est\u00e3o sobre a face da terra? <br><span><sup><b>17<\/b><\/sup><\/span> E o SENHOR disse a Mois\u00e9s: Tamb\u00e9m farei isto que disseste, porquanto achaste favor em meus olhos, e te conheci por teu nome. <\/span><\/p>\n\n\n\n<h3 class=\"wp-block-heading\">Mois\u00e9s roga a Deus lhe mostre a sua gl\u00f3ria<\/h3>\n\n\n\n<p class=\"has-medium-font-size\" style=\"letter-spacing:1px\"><span><span><sup><b>18<\/b><\/sup><\/span> O ent\u00e3o disse: Rogo-te que me mostres tua gl\u00f3ria. <br><span><sup><b>19<\/b><\/sup><\/span> E respondeu-lhe: Eu farei passar todo o meu bem diante de teu rosto, e proclamarei o nome do SENHOR diante de ti; e terei miseric\u00f3rdia do que terei miseric\u00f3rdia, e serei clemente para com o que serei clemente. <br><span><sup><b>20<\/b><\/sup><\/span> Disse mais: N\u00e3o poder\u00e1s ver meu rosto: porque n\u00e3o me ver\u00e1 homem, e viver\u00e1. <br><span><sup><b>21<\/b><\/sup><\/span> E disse ainda o SENHOR: Eis aqui um lugar junto a mim, e tu estar\u00e1s sobre a rocha: <br><span><sup><b>22<\/b><\/sup><\/span> E ser\u00e1 que, quando passar minha gl\u00f3ria, eu te porei em uma brecha da rocha, e te cobrirei com minha m\u00e3o at\u00e9 que tenha passado: <br><span><sup><b>23<\/b><\/sup><\/span> Depois tirarei minha m\u00e3o, e ver\u00e1s minhas costas; mas n\u00e3o se ver\u00e1 meu rosto.<\/span><\/p>\n\n\n\n<div class=\"wp-block-columns is-layout-flex wp-container-core-columns-is-layout-9d6595d7 wp-block-columns-is-layout-flex\">\n<div class=\"wp-block-column is-layout-flow wp-block-column-is-layout-flow\">\n<p><a href=\"\/exodo-32\">\u00caxodo 32<\/a><\/p>\n<\/div>\n\n\n\n<div class=\"wp-block-column is-layout-flow wp-block-column-is-layout-flow\">\n<p class=\"has-text-align-right\"><a href=\"\/exodo-34\">\u00caxodo 34<\/a><\/p>\n<\/div>\n<\/div>\n\n\n\n<h2 class=\"wp-block-heading\">Descri\u00e7\u00e3o &#8211; \u00caxodo 33<\/h2>\n\n\n\n<p class=\"has-medium-font-size\">\u00caxodo 33 relata a rea\u00e7\u00e3o de Deus ap\u00f3s o pecado do bezerro de ouro, quando Ele amea\u00e7a retirar Sua presen\u00e7a de Israel. Contudo, Mois\u00e9s intercede pelo povo, pedindo que Deus continue a gui\u00e1-los. Em resposta, Deus promete que Sua presen\u00e7a os acompanhar\u00e1 at\u00e9 a Terra Prometida. Mois\u00e9s ent\u00e3o busca mais de Deus, pedindo para ver Sua gl\u00f3ria. Deus, em Sua miseric\u00f3rdia, revela Sua bondade a Mois\u00e9s, mas impede que ele veja Seu rosto. Este cap\u00edtulo destaca a import\u00e2ncia da intercess\u00e3o, a gra\u00e7a divina e o relacionamento pessoal entre Mois\u00e9s e Deus, centralizando a confian\u00e7a e a depend\u00eancia de Sua presen\u00e7a.<\/p>\n\n\n\n<h3 class=\"wp-block-heading\">Livro do \u00caxodo:<\/h3>\n\n\n<ul class=\"wp-block-page-list\"><li class=\"wp-block-pages-list__item\"><a class=\"wp-block-pages-list__item__link\" href=\"https:\/\/bibliapresente.com\/postagens\/livros-da-biblia\/exodo\/exodo-1\/\">\u00caxodo 1 &#8211; O Nascimento de Mois\u00e9s<\/a><\/li><li class=\"wp-block-pages-list__item\"><a class=\"wp-block-pages-list__item__link\" href=\"https:\/\/bibliapresente.com\/postagens\/livros-da-biblia\/exodo\/exodo-2\/\">\u00caxodo 2 &#8211; Mois\u00e9s no Pal\u00e1cio do Fara\u00f3<\/a><\/li><li class=\"wp-block-pages-list__item\"><a class=\"wp-block-pages-list__item__link\" href=\"https:\/\/bibliapresente.com\/postagens\/livros-da-biblia\/exodo\/exodo-3\/\">\u00caxodo 3 &#8211; O Chamado de Mois\u00e9s<\/a><\/li><li class=\"wp-block-pages-list__item\"><a class=\"wp-block-pages-list__item__link\" href=\"https:\/\/bibliapresente.com\/postagens\/livros-da-biblia\/exodo\/exodo-4\/\">\u00caxodo 4 &#8211; Deus D\u00e1 Sinais a Mois\u00e9s<\/a><\/li><li class=\"wp-block-pages-list__item\"><a class=\"wp-block-pages-list__item__link\" href=\"https:\/\/bibliapresente.com\/postagens\/livros-da-biblia\/exodo\/exodo-5\/\">\u00caxodo 5 &#8211; Mois\u00e9s e Ar\u00e3o Conrontam Fara\u00f3<\/a><\/li><li class=\"wp-block-pages-list__item\"><a class=\"wp-block-pages-list__item__link\" href=\"https:\/\/bibliapresente.com\/postagens\/livros-da-biblia\/exodo\/exodo-6\/\">\u00caxodo 6 &#8211; Deus promete livramento<\/a><\/li><li class=\"wp-block-pages-list__item\"><a class=\"wp-block-pages-list__item__link\" href=\"https:\/\/bibliapresente.com\/postagens\/livros-da-biblia\/exodo\/exodo-7\/\">\u00caxodo 7 &#8211; A Primeira Praga: Sangue<\/a><\/li><li class=\"wp-block-pages-list__item\"><a class=\"wp-block-pages-list__item__link\" href=\"https:\/\/bibliapresente.com\/postagens\/livros-da-biblia\/exodo\/exodo-8\/\">\u00caxodo 8 &#8211; Pragas: R\u00e3s, Piolhos e Moscas<\/a><\/li><li class=\"wp-block-pages-list__item\"><a class=\"wp-block-pages-list__item__link\" href=\"https:\/\/bibliapresente.com\/postagens\/livros-da-biblia\/exodo\/exodo-9\/\">\u00caxodo 9 &#8211; Pragas: Peste, \u00dalceras, Granizo<\/a><\/li><li class=\"wp-block-pages-list__item\"><a class=\"wp-block-pages-list__item__link\" href=\"https:\/\/bibliapresente.com\/postagens\/livros-da-biblia\/exodo\/exodo-10\/\">\u00caxodo 10 &#8211; Pragas: Gafanhotos e Trevas<\/a><\/li><li class=\"wp-block-pages-list__item\"><a class=\"wp-block-pages-list__item__link\" href=\"https:\/\/bibliapresente.com\/postagens\/livros-da-biblia\/exodo\/exodo-11\/\">\u00caxodo 11 &#8211; Deus anuncia a \u00faltima praga<\/a><\/li><li class=\"wp-block-pages-list__item\"><a class=\"wp-block-pages-list__item__link\" href=\"https:\/\/bibliapresente.com\/postagens\/livros-da-biblia\/exodo\/exodo-12\/\">\u00caxodo 12 &#8211; A P\u00e1scoa e a Liberta\u00e7\u00e3o<\/a><\/li><li class=\"wp-block-pages-list__item\"><a class=\"wp-block-pages-list__item__link\" href=\"https:\/\/bibliapresente.com\/postagens\/livros-da-biblia\/exodo\/exodo-13\/\">\u00caxodo 13 &#8211; A Consagra\u00e7\u00e3o dos Primog\u00eanitos<\/a><\/li><li class=\"wp-block-pages-list__item\"><a class=\"wp-block-pages-list__item__link\" href=\"https:\/\/bibliapresente.com\/postagens\/livros-da-biblia\/exodo\/exodo-14\/\">\u00caxodo 14 &#8211; A Travessia do Mar Vermelho<\/a><\/li><li class=\"wp-block-pages-list__item\"><a class=\"wp-block-pages-list__item__link\" href=\"https:\/\/bibliapresente.com\/postagens\/livros-da-biblia\/exodo\/exodo-15\/\">\u00caxodo 15 &#8211; O C\u00e2ntico de Mois\u00e9s<\/a><\/li><li class=\"wp-block-pages-list__item\"><a class=\"wp-block-pages-list__item__link\" href=\"https:\/\/bibliapresente.com\/postagens\/livros-da-biblia\/exodo\/exodo-16\/\">\u00caxodo 16 &#8211; O Man\u00e1 no Deserto<\/a><\/li><li class=\"wp-block-pages-list__item\"><a class=\"wp-block-pages-list__item__link\" href=\"https:\/\/bibliapresente.com\/postagens\/livros-da-biblia\/exodo\/exodo-17\/\">\u00caxodo 17 &#8211; \u00c1gua Brotando da Rocha<\/a><\/li><li class=\"wp-block-pages-list__item\"><a class=\"wp-block-pages-list__item__link\" href=\"https:\/\/bibliapresente.com\/postagens\/livros-da-biblia\/exodo\/exodo-18\/\">\u00caxodo 18 &#8211; Os Conselhos de Jetro<\/a><\/li><li class=\"wp-block-pages-list__item\"><a class=\"wp-block-pages-list__item__link\" href=\"https:\/\/bibliapresente.com\/postagens\/livros-da-biblia\/exodo\/exodo-19\/\">\u00caxodo 19 &#8211; A Chegada ao Monte Sinai<\/a><\/li><li class=\"wp-block-pages-list__item\"><a class=\"wp-block-pages-list__item__link\" href=\"https:\/\/bibliapresente.com\/postagens\/livros-da-biblia\/exodo\/exodo-20\/\">\u00caxodo 20 &#8211; Os Dez Mandamentos<\/a><\/li><li class=\"wp-block-pages-list__item\"><a class=\"wp-block-pages-list__item__link\" href=\"https:\/\/bibliapresente.com\/postagens\/livros-da-biblia\/exodo\/exodo-21\/\">\u00caxodo 21 &#8211; Leis Sobre Justi\u00e7a Social<\/a><\/li><li class=\"wp-block-pages-list__item\"><a class=\"wp-block-pages-list__item__link\" href=\"https:\/\/bibliapresente.com\/postagens\/livros-da-biblia\/exodo\/exodo-22\/\">\u00caxodo 22 &#8211; Leis Sobre Danos e Repara\u00e7\u00e3o<\/a><\/li><li class=\"wp-block-pages-list__item\"><a class=\"wp-block-pages-list__item__link\" href=\"https:\/\/bibliapresente.com\/postagens\/livros-da-biblia\/exodo\/exodo-23\/\">\u00caxodo 23 &#8211; Leis de Justi\u00e7a e Festividades<\/a><\/li><li class=\"wp-block-pages-list__item\"><a class=\"wp-block-pages-list__item__link\" href=\"https:\/\/bibliapresente.com\/postagens\/livros-da-biblia\/exodo\/exodo-24\/\">\u00caxodo 24 &#8211; A Confirma\u00e7\u00e3o da Alian\u00e7a<\/a><\/li><li class=\"wp-block-pages-list__item\"><a class=\"wp-block-pages-list__item__link\" href=\"https:\/\/bibliapresente.com\/postagens\/livros-da-biblia\/exodo\/exodo-25\/\">\u00caxodo 25 &#8211; Arca da Alian\u00e7a e Tabern\u00e1culo<\/a><\/li><li class=\"wp-block-pages-list__item\"><a class=\"wp-block-pages-list__item__link\" href=\"https:\/\/bibliapresente.com\/postagens\/livros-da-biblia\/exodo\/exodo-26\/\">\u00caxodo 26 &#8211; Construindo o Tabern\u00e1culo<\/a><\/li><li class=\"wp-block-pages-list__item\"><a class=\"wp-block-pages-list__item__link\" href=\"https:\/\/bibliapresente.com\/postagens\/livros-da-biblia\/exodo\/exodo-27\/\">\u00caxodo 27 &#8211; O Altar de Bronze<\/a><\/li><li class=\"wp-block-pages-list__item\"><a class=\"wp-block-pages-list__item__link\" href=\"https:\/\/bibliapresente.com\/postagens\/livros-da-biblia\/exodo\/exodo-28\/\">\u00caxodo 28 &#8211; O Vestu\u00e1rio dos Sacerdotes<\/a><\/li><li class=\"wp-block-pages-list__item\"><a class=\"wp-block-pages-list__item__link\" href=\"https:\/\/bibliapresente.com\/postagens\/livros-da-biblia\/exodo\/exodo-29\/\">\u00caxodo 29 &#8211; Consagra\u00e7\u00e3o de Ar\u00e3o<\/a><\/li><li class=\"wp-block-pages-list__item\"><a class=\"wp-block-pages-list__item__link\" href=\"https:\/\/bibliapresente.com\/postagens\/livros-da-biblia\/exodo\/exodo-30\/\">\u00caxodo 30 &#8211; O Altar do Incenso<\/a><\/li><li class=\"wp-block-pages-list__item\"><a class=\"wp-block-pages-list__item__link\" href=\"https:\/\/bibliapresente.com\/postagens\/livros-da-biblia\/exodo\/exodo-31\/\">\u00caxodo 31 &#8211; O S\u00e1bado<\/a><\/li><li class=\"wp-block-pages-list__item\"><a class=\"wp-block-pages-list__item__link\" href=\"https:\/\/bibliapresente.com\/postagens\/livros-da-biblia\/exodo\/exodo-32\/\">\u00caxodo 32 &#8211; O Bezerro de Ouro<\/a><\/li><li class=\"wp-block-pages-list__item\"><a class=\"wp-block-pages-list__item__link\" href=\"https:\/\/bibliapresente.com\/postagens\/livros-da-biblia\/exodo\/exodo-33\/\">\u00caxodo 33 &#8211; Deus promete a Sua presen\u00e7a<\/a><\/li><li class=\"wp-block-pages-list__item\"><a class=\"wp-block-pages-list__item__link\" href=\"https:\/\/bibliapresente.com\/postagens\/livros-da-biblia\/exodo\/exodo-34\/\">\u00caxodo 34 &#8211; A Renova\u00e7\u00e3o da Alian\u00e7a<\/a><\/li><li class=\"wp-block-pages-list__item\"><a class=\"wp-block-pages-list__item__link\" href=\"https:\/\/bibliapresente.com\/postagens\/livros-da-biblia\/exodo\/exodo-35\/\">\u00caxodo 35 &#8211; A Oferta do Povo<\/a><\/li><li class=\"wp-block-pages-list__item\"><a class=\"wp-block-pages-list__item__link\" href=\"https:\/\/bibliapresente.com\/postagens\/livros-da-biblia\/exodo\/exodo-36\/\">\u00caxodo 36 &#8211; A Constru\u00e7\u00e3o do Tabern\u00e1culo<\/a><\/li><li class=\"wp-block-pages-list__item\"><a class=\"wp-block-pages-list__item__link\" href=\"https:\/\/bibliapresente.com\/postagens\/livros-da-biblia\/exodo\/exodo-37\/\">\u00caxodo 37 &#8211; A Arca, a Mesa e o Candelabro<\/a><\/li><li class=\"wp-block-pages-list__item\"><a class=\"wp-block-pages-list__item__link\" href=\"https:\/\/bibliapresente.com\/postagens\/livros-da-biblia\/exodo\/exodo-38\/\">\u00caxodo 38 &#8211; O Altar de Bronze<\/a><\/li><li class=\"wp-block-pages-list__item\"><a class=\"wp-block-pages-list__item__link\" href=\"https:\/\/bibliapresente.com\/postagens\/livros-da-biblia\/exodo\/exodo-39\/\">\u00caxodo 39 &#8211; A Confec\u00e7\u00e3o das Vestes<\/a><\/li><li class=\"wp-block-pages-list__item\"><a class=\"wp-block-pages-list__item__link\" href=\"https:\/\/bibliapresente.com\/postagens\/livros-da-biblia\/exodo\/exodo-40\/\">\u00caxodo 40 &#8211; A Consagra\u00e7\u00e3o do Tabern\u00e1culo<\/a><\/li><\/ul>\n\n\n<p><\/p>\n","protected":false},"excerpt":{"rendered":"<p>Deus n\u00e3o ir\u00e1 no meio do povo mas enviar\u00e1 um anjo 1 E o SENHOR disse a Mois\u00e9s: Vai, sobe daqui, tu e o povo que tiraste da terra do Egito, \u00e0 terra da qual jurei a Abra\u00e3o, Isaque, e Jac\u00f3, dizendo: \u00c0 tua semente a darei: 2 E eu enviarei diante de ti o &hellip; <\/p>\n","protected":false},"author":2,"featured_media":583,"parent":581,"menu_order":33,"comment_status":"closed","ping_status":"closed","template":"","meta":{"om_disable_all_campaigns":false,"_monsterinsights_skip_tracking":false,"_monsterinsights_sitenote_active":false,"_monsterinsights_sitenote_note":"","_monsterinsights_sitenote_category":0,"footnotes":""},"class_list":["post-653","page","type-page","status-publish","has-post-thumbnail","hentry"],"aioseo_notices":[],"_links":{"self":[{"href":"https:\/\/bibliapresente.com\/postagens\/wp-json\/wp\/v2\/pages\/653","targetHints":{"allow":["GET"]}}],"collection":[{"href":"https:\/\/bibliapresente.com\/postagens\/wp-json\/wp\/v2\/pages"}],"about":[{"href":"https:\/\/bibliapresente.com\/postagens\/wp-json\/wp\/v2\/types\/page"}],"author":[{"embeddable":true,"href":"https:\/\/bibliapresente.com\/postagens\/wp-json\/wp\/v2\/users\/2"}],"replies":[{"embeddable":true,"href":"https:\/\/bibliapresente.com\/postagens\/wp-json\/wp\/v2\/comments?post=653"}],"version-history":[{"count":5,"href":"https:\/\/bibliapresente.com\/postagens\/wp-json\/wp\/v2\/pages\/653\/revisions"}],"predecessor-version":[{"id":1191,"href":"https:\/\/bibliapresente.com\/postagens\/wp-json\/wp\/v2\/pages\/653\/revisions\/1191"}],"up":[{"embeddable":true,"href":"https:\/\/bibliapresente.com\/postagens\/wp-json\/wp\/v2\/pages\/581"}],"wp:featuredmedia":[{"embeddable":true,"href":"https:\/\/bibliapresente.com\/postagens\/wp-json\/wp\/v2\/media\/583"}],"wp:attachment":[{"href":"https:\/\/bibliapresente.com\/postagens\/wp-json\/wp\/v2\/media?parent=653"}],"curies":[{"name":"wp","href":"https:\/\/api.w.org\/{rel}","templated":true}]}}