{"id":647,"date":"2025-01-28T17:52:41","date_gmt":"2025-01-28T20:52:41","guid":{"rendered":"https:\/\/bibliapresente.com\/postagens\/?page_id=647"},"modified":"2025-01-28T17:52:42","modified_gmt":"2025-01-28T20:52:42","slug":"exodo-30","status":"publish","type":"page","link":"https:\/\/bibliapresente.com\/postagens\/livros-da-biblia\/exodo\/exodo-30\/","title":{"rendered":"\u00caxodo 30 &#8211; O Altar do Incenso"},"content":{"rendered":"\n<h3 class=\"wp-block-heading\">O altar do incenso<\/h3>\n\n\n\n<p class=\"has-medium-font-size\" style=\"letter-spacing:1px\"><span><span><sup><b>1<\/b><\/sup><\/span> Far\u00e1s tamb\u00e9m um altar para queimar incenso: de madeira de ac\u00e1cia o far\u00e1s. <br><span><sup><b>2<\/b><\/sup><\/span> Seu comprimento ser\u00e1 de um c\u00f4vado, e sua largura de um c\u00f4vado: ser\u00e1 quadrado: e sua altura de dois c\u00f4vados: e suas pontas ser\u00e3o do mesmo. <br><span><sup><b>3<\/b><\/sup><\/span> E o cobrir\u00e1s de ouro puro, sua parte superior, e suas paredes em derredor, e suas pontas: e lhe far\u00e1s em derredor uma coroa de ouro. <br><span><sup><b>4<\/b><\/sup><\/span> Tu lhe far\u00e1s tamb\u00e9m dois an\u00e9is de ouro debaixo de sua coroa a seus dois cantos em ambos lados seus, para meter as varas com que ser\u00e1 levado. <br><span><sup><b>5<\/b><\/sup><\/span> E far\u00e1s as varas de madeira de ac\u00e1cia, e os cobrir\u00e1s de ouro. <br><span><sup><b>6<\/b><\/sup><\/span> E o por\u00e1s diante do v\u00e9u que est\u00e1 junto \u00e0 arca do testemunho, diante do propiciat\u00f3rio que est\u00e1 sobre o testemunho, onde eu te testificarei de mim. <br><span><sup><b>7<\/b><\/sup><\/span> E queimar\u00e1 sobre ele Ar\u00e3o incenso de aroma cada manh\u00e3 quando preparar as l\u00e2mpadas o queimar\u00e1. <br><span><sup><b>8<\/b><\/sup><\/span> E quando Ar\u00e3o acender as l\u00e2mpadas ao anoitecer, queimar\u00e1 o incenso: rito perp\u00e9tuo diante do SENHOR por vossas idades. <br><span><sup><b>9<\/b><\/sup><\/span> N\u00e3o oferecereis sobre ele incenso estrangeiro, nem holocausto, nem presente; nem tampouco derramareis sobre ele liba\u00e7\u00e3o. <br><span><sup><b>10<\/b><\/sup><\/span> E sobre suas pontas far\u00e1 Ar\u00e3o expia\u00e7\u00e3o uma vez no ano com o sangue da expia\u00e7\u00e3o para as reconcilia\u00e7\u00f5es: uma vez no ano far\u00e1 expia\u00e7\u00e3o sobre ele em vossas idades: ser\u00e1 muito santo ao SENHOR. <br><span><sup><b>11<\/b><\/sup><\/span> E falou o SENHOR a Mois\u00e9s, dizendo: <\/span><\/p>\n\n\n\n<h3 class=\"wp-block-heading\">O resgate de sua pessoa<\/h3>\n\n\n\n<p class=\"has-medium-font-size\" style=\"letter-spacing:1px\"><span><span><sup><b>12<\/b><\/sup><\/span> Quando tomares o n\u00famero dos filhos de Israel conforme a conta deles, cada um dar\u00e1 ao SENHOR o resgate de sua pessoa, quando os contares, e n\u00e3o haver\u00e1 neles mortandade por hav\u00ea-los contado. <br><span><sup><b>13<\/b><\/sup><\/span> Isto dar\u00e1 qualquer um que passar pela contagem, meio siclo conforme o siclo do santu\u00e1rio. O siclo \u00e9 de vinte \u00f3bolos: a metade de um siclo ser\u00e1 a oferta ao SENHOR. <br><span><sup><b>14<\/b><\/sup><\/span> Qualquer um que passar pela contagem, de vinte anos acima, dar\u00e1 a oferta ao SENHOR. <br><span><sup><b>15<\/b><\/sup><\/span> Nem o rico aumentar\u00e1, nem o pobre diminuir\u00e1 de meio siclo, quando derem a oferta ao SENHOR para fazer expia\u00e7\u00e3o por vossas pessoas. <br><span><sup><b>16<\/b><\/sup><\/span> E tomar\u00e1s dos filhos de Israel o dinheiro das expia\u00e7\u00f5es, e o dar\u00e1s para a obra do tabern\u00e1culo do testemunho: e ser\u00e1 por mem\u00f3ria aos filhos de Israel diante do SENHOR, para expiar vossas pessoas. <\/span><\/p>\n\n\n\n<h3 class=\"wp-block-heading\">A pia de bronze<\/h3>\n\n\n\n<p class=\"has-medium-font-size\" style=\"letter-spacing:1px\"><span><span><sup><b>17<\/b><\/sup><\/span> Falou mais o SENHOR a Mois\u00e9s, dizendo: <br><span><sup><b>18<\/b><\/sup><\/span> Far\u00e1s tamb\u00e9m uma pia de bronze, com sua base de bronze, para lavar; e a por\u00e1s entre o tabern\u00e1culo do testemunho e o altar; e por\u00e1s nela \u00e1gua. <br><span><sup><b>19<\/b><\/sup><\/span> E dela se lavar\u00e3o Ar\u00e3o e seus filhos suas m\u00e3os e seus p\u00e9s: <br><span><sup><b>20<\/b><\/sup><\/span> Quando entrarem no tabern\u00e1culo do testemunho, se h\u00e3o de lavar com \u00e1gua, e n\u00e3o morrer\u00e3o: e quando se achegarem ao altar para ministrar, para acender ao SENHOR a oferta que se h\u00e1 de consumir ao fogo, <br><span><sup><b>21<\/b><\/sup><\/span> Tamb\u00e9m se lavar\u00e3o as m\u00e3os e os p\u00e9s, e n\u00e3o morrer\u00e3o. E o ter\u00e3o por estatuto perp\u00e9tuo ele e sua semente por suas gera\u00e7\u00f5es. <\/span><\/p>\n\n\n\n<h3 class=\"wp-block-heading\">O azeite da santa un\u00e7\u00e3o<\/h3>\n\n\n\n<p class=\"has-medium-font-size\" style=\"letter-spacing:1px\"><span><span><sup><b>22<\/b><\/sup><\/span> Falou mais o SENHOR a Mois\u00e9s, dizendo: <br><span><sup><b>23<\/b><\/sup><\/span> E tu tomar\u00e1s das principais especiarias; de mirra excelente quinhentos siclos, e de canela arom\u00e1tica a metade, isto \u00e9, duzentos e cinquenta, e de c\u00e1lamo arom\u00e1tico duzentos e cinquenta, <br><span><sup><b>24<\/b><\/sup><\/span> E de c\u00e1ssia quinhentos, ao peso do santu\u00e1rio, e de azeite de olivas um him: <br><span><sup><b>25<\/b><\/sup><\/span> E far\u00e1s disso o azeite da santa un\u00e7\u00e3o, superior unguento, obra de perfumista, o qual ser\u00e1 o azeite da un\u00e7\u00e3o sagrada. <br><span><sup><b>26<\/b><\/sup><\/span> Com ele ungir\u00e1s o tabern\u00e1culo do testemunho, e a arca do testemunho, <br><span><sup><b>27<\/b><\/sup><\/span> E a mesa, e todos os seus utens\u00edlios, e o candelabro, e todos os seus utens\u00edlios, e o altar do incenso, <br><span><sup><b>28<\/b><\/sup><\/span> E o altar do holocausto, todos os seus utens\u00edlios, e a pia e sua base. <br><span><sup><b>29<\/b><\/sup><\/span> Assim os consagrar\u00e1s, e ser\u00e3o coisas sant\u00edssimas: tudo o que tocar neles, ser\u00e1 santificado. <br><span><sup><b>30<\/b><\/sup><\/span> Ungir\u00e1s tamb\u00e9m a Ar\u00e3o e a seus filhos, e os consagrar\u00e1s para que sejam meus sacerdotes. <br><span><sup><b>31<\/b><\/sup><\/span> E falar\u00e1s aos filhos de Israel, dizendo: Este ser\u00e1 meu azeite da santa un\u00e7\u00e3o por vossas idades. <br><span><sup><b>32<\/b><\/sup><\/span> Sobre carne de homem n\u00e3o ser\u00e1 untado, nem fareis outro semelhante, conforme sua composi\u00e7\u00e3o: santo \u00e9; por santo haveis de t\u00ea-lo v\u00f3s. <br><span><sup><b>33<\/b><\/sup><\/span> Qualquer um que compuser unguento semelhante, e que puser dele sobre estranho, ser\u00e1 cortado de seus povos. <\/span><\/p>\n\n\n\n<h3 class=\"wp-block-heading\">O incenso santo<\/h3>\n\n\n\n<p class=\"has-medium-font-size\" style=\"letter-spacing:1px\"><span><span><sup><b>34<\/b><\/sup><\/span> Disse ainda o SENHOR a Mois\u00e9s: Toma para ti aromas, resina de estoraque e um material odor\u00edfero e g\u00e1lbano arom\u00e1tico e incenso limpo; de tudo em igual peso: <br><span><sup><b>35<\/b><\/sup><\/span> E far\u00e1s disso uma mistura arom\u00e1tica de obra de perfumista, bem misturada, pura e santa: <br><span><sup><b>36<\/b><\/sup><\/span> E moer\u00e1s alguma dela pulverizando-a, e a por\u00e1s diante do testemunho no tabern\u00e1culo do testemunho, onde eu te testificarei de mim. Isso vos ser\u00e1 coisa sant\u00edssima. <br><span><sup><b>37<\/b><\/sup><\/span> Como a mistura que far\u00e1s, n\u00e3o vos fareis outra segundo sua composi\u00e7\u00e3o: te ser\u00e1 coisa sagrada para o SENHOR. <br><span><sup><b>38<\/b><\/sup><\/span> Qualquer um que fizer outra como ela para cheir\u00e1-la, ser\u00e1 cortado de seus povos.<\/span><\/p>\n\n\n\n<div class=\"wp-block-columns is-layout-flex wp-container-core-columns-is-layout-9d6595d7 wp-block-columns-is-layout-flex\">\n<div class=\"wp-block-column is-layout-flow wp-block-column-is-layout-flow\">\n<p><a href=\"\/exodo-29\">\u00caxodo 29<\/a><\/p>\n<\/div>\n\n\n\n<div class=\"wp-block-column is-layout-flow wp-block-column-is-layout-flow\">\n<p class=\"has-text-align-right\"><a href=\"\/exodo-31\">\u00caxodo 31<\/a><\/p>\n<\/div>\n<\/div>\n\n\n\n<h2 class=\"wp-block-heading\">Descri\u00e7\u00e3o &#8211; \u00caxodo 30<\/h2>\n\n\n\n<p class=\"has-medium-font-size\">\u00caxodo 30 detalha instru\u00e7\u00f5es sobre itens essenciais para o Tabern\u00e1culo, como o altar do incenso, a bacia de bronze e o imposto de recenseamento. O altar do incenso deve ser feito de madeira de ac\u00e1cia, revestido de ouro, e usado para queimar incenso diante de Deus, simbolizando a ora\u00e7\u00e3o do povo. A bacia de bronze ser\u00e1 usada para purifica\u00e7\u00e3o dos sacerdotes. Al\u00e9m disso, o cap\u00edtulo estabelece um imposto para cada israelita, que ser\u00e1 usado para a manuten\u00e7\u00e3o do Tabern\u00e1culo. Este cap\u00edtulo destaca a import\u00e2ncia da pureza e da devo\u00e7\u00e3o no culto a Deus, completando as instru\u00e7\u00f5es para o funcionamento do Tabern\u00e1culo.<\/p>\n\n\n\n<h3 class=\"wp-block-heading\">Livro do \u00caxodo:<\/h3>\n\n\n<ul class=\"wp-block-page-list\"><li class=\"wp-block-pages-list__item\"><a class=\"wp-block-pages-list__item__link\" href=\"https:\/\/bibliapresente.com\/postagens\/livros-da-biblia\/exodo\/exodo-1\/\">\u00caxodo 1 &#8211; O Nascimento de Mois\u00e9s<\/a><\/li><li class=\"wp-block-pages-list__item\"><a class=\"wp-block-pages-list__item__link\" href=\"https:\/\/bibliapresente.com\/postagens\/livros-da-biblia\/exodo\/exodo-2\/\">\u00caxodo 2 &#8211; Mois\u00e9s no Pal\u00e1cio do Fara\u00f3<\/a><\/li><li class=\"wp-block-pages-list__item\"><a class=\"wp-block-pages-list__item__link\" href=\"https:\/\/bibliapresente.com\/postagens\/livros-da-biblia\/exodo\/exodo-3\/\">\u00caxodo 3 &#8211; O Chamado de Mois\u00e9s<\/a><\/li><li class=\"wp-block-pages-list__item\"><a class=\"wp-block-pages-list__item__link\" href=\"https:\/\/bibliapresente.com\/postagens\/livros-da-biblia\/exodo\/exodo-4\/\">\u00caxodo 4 &#8211; Deus D\u00e1 Sinais a Mois\u00e9s<\/a><\/li><li class=\"wp-block-pages-list__item\"><a class=\"wp-block-pages-list__item__link\" href=\"https:\/\/bibliapresente.com\/postagens\/livros-da-biblia\/exodo\/exodo-5\/\">\u00caxodo 5 &#8211; Mois\u00e9s e Ar\u00e3o Conrontam Fara\u00f3<\/a><\/li><li class=\"wp-block-pages-list__item\"><a class=\"wp-block-pages-list__item__link\" href=\"https:\/\/bibliapresente.com\/postagens\/livros-da-biblia\/exodo\/exodo-6\/\">\u00caxodo 6 &#8211; Deus promete livramento<\/a><\/li><li class=\"wp-block-pages-list__item\"><a class=\"wp-block-pages-list__item__link\" href=\"https:\/\/bibliapresente.com\/postagens\/livros-da-biblia\/exodo\/exodo-7\/\">\u00caxodo 7 &#8211; A Primeira Praga: Sangue<\/a><\/li><li class=\"wp-block-pages-list__item\"><a class=\"wp-block-pages-list__item__link\" href=\"https:\/\/bibliapresente.com\/postagens\/livros-da-biblia\/exodo\/exodo-8\/\">\u00caxodo 8 &#8211; Pragas: R\u00e3s, Piolhos e Moscas<\/a><\/li><li class=\"wp-block-pages-list__item\"><a class=\"wp-block-pages-list__item__link\" href=\"https:\/\/bibliapresente.com\/postagens\/livros-da-biblia\/exodo\/exodo-9\/\">\u00caxodo 9 &#8211; Pragas: Peste, \u00dalceras, Granizo<\/a><\/li><li class=\"wp-block-pages-list__item\"><a class=\"wp-block-pages-list__item__link\" href=\"https:\/\/bibliapresente.com\/postagens\/livros-da-biblia\/exodo\/exodo-10\/\">\u00caxodo 10 &#8211; Pragas: Gafanhotos e Trevas<\/a><\/li><li class=\"wp-block-pages-list__item\"><a class=\"wp-block-pages-list__item__link\" href=\"https:\/\/bibliapresente.com\/postagens\/livros-da-biblia\/exodo\/exodo-11\/\">\u00caxodo 11 &#8211; Deus anuncia a \u00faltima praga<\/a><\/li><li class=\"wp-block-pages-list__item\"><a class=\"wp-block-pages-list__item__link\" href=\"https:\/\/bibliapresente.com\/postagens\/livros-da-biblia\/exodo\/exodo-12\/\">\u00caxodo 12 &#8211; A P\u00e1scoa e a Liberta\u00e7\u00e3o<\/a><\/li><li class=\"wp-block-pages-list__item\"><a class=\"wp-block-pages-list__item__link\" href=\"https:\/\/bibliapresente.com\/postagens\/livros-da-biblia\/exodo\/exodo-13\/\">\u00caxodo 13 &#8211; A Consagra\u00e7\u00e3o dos Primog\u00eanitos<\/a><\/li><li class=\"wp-block-pages-list__item\"><a class=\"wp-block-pages-list__item__link\" href=\"https:\/\/bibliapresente.com\/postagens\/livros-da-biblia\/exodo\/exodo-14\/\">\u00caxodo 14 &#8211; A Travessia do Mar Vermelho<\/a><\/li><li class=\"wp-block-pages-list__item\"><a class=\"wp-block-pages-list__item__link\" href=\"https:\/\/bibliapresente.com\/postagens\/livros-da-biblia\/exodo\/exodo-15\/\">\u00caxodo 15 &#8211; O C\u00e2ntico de Mois\u00e9s<\/a><\/li><li class=\"wp-block-pages-list__item\"><a class=\"wp-block-pages-list__item__link\" href=\"https:\/\/bibliapresente.com\/postagens\/livros-da-biblia\/exodo\/exodo-16\/\">\u00caxodo 16 &#8211; O Man\u00e1 no Deserto<\/a><\/li><li class=\"wp-block-pages-list__item\"><a class=\"wp-block-pages-list__item__link\" href=\"https:\/\/bibliapresente.com\/postagens\/livros-da-biblia\/exodo\/exodo-17\/\">\u00caxodo 17 &#8211; \u00c1gua Brotando da Rocha<\/a><\/li><li class=\"wp-block-pages-list__item\"><a class=\"wp-block-pages-list__item__link\" href=\"https:\/\/bibliapresente.com\/postagens\/livros-da-biblia\/exodo\/exodo-18\/\">\u00caxodo 18 &#8211; Os Conselhos de Jetro<\/a><\/li><li class=\"wp-block-pages-list__item\"><a class=\"wp-block-pages-list__item__link\" href=\"https:\/\/bibliapresente.com\/postagens\/livros-da-biblia\/exodo\/exodo-19\/\">\u00caxodo 19 &#8211; A Chegada ao Monte Sinai<\/a><\/li><li class=\"wp-block-pages-list__item\"><a class=\"wp-block-pages-list__item__link\" href=\"https:\/\/bibliapresente.com\/postagens\/livros-da-biblia\/exodo\/exodo-20\/\">\u00caxodo 20 &#8211; Os Dez Mandamentos<\/a><\/li><li class=\"wp-block-pages-list__item\"><a class=\"wp-block-pages-list__item__link\" href=\"https:\/\/bibliapresente.com\/postagens\/livros-da-biblia\/exodo\/exodo-21\/\">\u00caxodo 21 &#8211; Leis Sobre Justi\u00e7a Social<\/a><\/li><li class=\"wp-block-pages-list__item\"><a class=\"wp-block-pages-list__item__link\" href=\"https:\/\/bibliapresente.com\/postagens\/livros-da-biblia\/exodo\/exodo-22\/\">\u00caxodo 22 &#8211; Leis Sobre Danos e Repara\u00e7\u00e3o<\/a><\/li><li class=\"wp-block-pages-list__item\"><a class=\"wp-block-pages-list__item__link\" href=\"https:\/\/bibliapresente.com\/postagens\/livros-da-biblia\/exodo\/exodo-23\/\">\u00caxodo 23 &#8211; Leis de Justi\u00e7a e Festividades<\/a><\/li><li class=\"wp-block-pages-list__item\"><a class=\"wp-block-pages-list__item__link\" href=\"https:\/\/bibliapresente.com\/postagens\/livros-da-biblia\/exodo\/exodo-24\/\">\u00caxodo 24 &#8211; A Confirma\u00e7\u00e3o da Alian\u00e7a<\/a><\/li><li class=\"wp-block-pages-list__item\"><a class=\"wp-block-pages-list__item__link\" href=\"https:\/\/bibliapresente.com\/postagens\/livros-da-biblia\/exodo\/exodo-25\/\">\u00caxodo 25 &#8211; Arca da Alian\u00e7a e Tabern\u00e1culo<\/a><\/li><li class=\"wp-block-pages-list__item\"><a class=\"wp-block-pages-list__item__link\" href=\"https:\/\/bibliapresente.com\/postagens\/livros-da-biblia\/exodo\/exodo-26\/\">\u00caxodo 26 &#8211; Construindo o Tabern\u00e1culo<\/a><\/li><li class=\"wp-block-pages-list__item\"><a class=\"wp-block-pages-list__item__link\" href=\"https:\/\/bibliapresente.com\/postagens\/livros-da-biblia\/exodo\/exodo-27\/\">\u00caxodo 27 &#8211; O Altar de Bronze<\/a><\/li><li class=\"wp-block-pages-list__item\"><a class=\"wp-block-pages-list__item__link\" href=\"https:\/\/bibliapresente.com\/postagens\/livros-da-biblia\/exodo\/exodo-28\/\">\u00caxodo 28 &#8211; O Vestu\u00e1rio dos Sacerdotes<\/a><\/li><li class=\"wp-block-pages-list__item\"><a class=\"wp-block-pages-list__item__link\" href=\"https:\/\/bibliapresente.com\/postagens\/livros-da-biblia\/exodo\/exodo-29\/\">\u00caxodo 29 &#8211; Consagra\u00e7\u00e3o de Ar\u00e3o<\/a><\/li><li class=\"wp-block-pages-list__item\"><a class=\"wp-block-pages-list__item__link\" href=\"https:\/\/bibliapresente.com\/postagens\/livros-da-biblia\/exodo\/exodo-30\/\">\u00caxodo 30 &#8211; O Altar do Incenso<\/a><\/li><li class=\"wp-block-pages-list__item\"><a class=\"wp-block-pages-list__item__link\" href=\"https:\/\/bibliapresente.com\/postagens\/livros-da-biblia\/exodo\/exodo-31\/\">\u00caxodo 31 &#8211; O S\u00e1bado<\/a><\/li><li class=\"wp-block-pages-list__item\"><a class=\"wp-block-pages-list__item__link\" href=\"https:\/\/bibliapresente.com\/postagens\/livros-da-biblia\/exodo\/exodo-32\/\">\u00caxodo 32 &#8211; O Bezerro de Ouro<\/a><\/li><li class=\"wp-block-pages-list__item\"><a class=\"wp-block-pages-list__item__link\" href=\"https:\/\/bibliapresente.com\/postagens\/livros-da-biblia\/exodo\/exodo-33\/\">\u00caxodo 33 &#8211; Deus promete a Sua presen\u00e7a<\/a><\/li><li class=\"wp-block-pages-list__item\"><a class=\"wp-block-pages-list__item__link\" href=\"https:\/\/bibliapresente.com\/postagens\/livros-da-biblia\/exodo\/exodo-34\/\">\u00caxodo 34 &#8211; A Renova\u00e7\u00e3o da Alian\u00e7a<\/a><\/li><li class=\"wp-block-pages-list__item\"><a class=\"wp-block-pages-list__item__link\" href=\"https:\/\/bibliapresente.com\/postagens\/livros-da-biblia\/exodo\/exodo-35\/\">\u00caxodo 35 &#8211; A Oferta do Povo<\/a><\/li><li class=\"wp-block-pages-list__item\"><a class=\"wp-block-pages-list__item__link\" href=\"https:\/\/bibliapresente.com\/postagens\/livros-da-biblia\/exodo\/exodo-36\/\">\u00caxodo 36 &#8211; A Constru\u00e7\u00e3o do Tabern\u00e1culo<\/a><\/li><li class=\"wp-block-pages-list__item\"><a class=\"wp-block-pages-list__item__link\" href=\"https:\/\/bibliapresente.com\/postagens\/livros-da-biblia\/exodo\/exodo-37\/\">\u00caxodo 37 &#8211; A Arca, a Mesa e o Candelabro<\/a><\/li><li class=\"wp-block-pages-list__item\"><a class=\"wp-block-pages-list__item__link\" href=\"https:\/\/bibliapresente.com\/postagens\/livros-da-biblia\/exodo\/exodo-38\/\">\u00caxodo 38 &#8211; O Altar de Bronze<\/a><\/li><li class=\"wp-block-pages-list__item\"><a class=\"wp-block-pages-list__item__link\" href=\"https:\/\/bibliapresente.com\/postagens\/livros-da-biblia\/exodo\/exodo-39\/\">\u00caxodo 39 &#8211; A Confec\u00e7\u00e3o das Vestes<\/a><\/li><li class=\"wp-block-pages-list__item\"><a class=\"wp-block-pages-list__item__link\" href=\"https:\/\/bibliapresente.com\/postagens\/livros-da-biblia\/exodo\/exodo-40\/\">\u00caxodo 40 &#8211; A Consagra\u00e7\u00e3o do Tabern\u00e1culo<\/a><\/li><\/ul>\n\n\n<p><\/p>\n","protected":false},"excerpt":{"rendered":"<p>O altar do incenso 1 Far\u00e1s tamb\u00e9m um altar para queimar incenso: de madeira de ac\u00e1cia o far\u00e1s. 2 Seu comprimento ser\u00e1 de um c\u00f4vado, e sua largura de um c\u00f4vado: ser\u00e1 quadrado: e sua altura de dois c\u00f4vados: e suas pontas ser\u00e3o do mesmo. 3 E o cobrir\u00e1s de ouro puro, sua parte superior, &hellip; <\/p>\n","protected":false},"author":2,"featured_media":583,"parent":581,"menu_order":30,"comment_status":"closed","ping_status":"closed","template":"","meta":{"om_disable_all_campaigns":false,"_monsterinsights_skip_tracking":false,"_monsterinsights_sitenote_active":false,"_monsterinsights_sitenote_note":"","_monsterinsights_sitenote_category":0,"footnotes":""},"class_list":["post-647","page","type-page","status-publish","has-post-thumbnail","hentry"],"aioseo_notices":[],"_links":{"self":[{"href":"https:\/\/bibliapresente.com\/postagens\/wp-json\/wp\/v2\/pages\/647","targetHints":{"allow":["GET"]}}],"collection":[{"href":"https:\/\/bibliapresente.com\/postagens\/wp-json\/wp\/v2\/pages"}],"about":[{"href":"https:\/\/bibliapresente.com\/postagens\/wp-json\/wp\/v2\/types\/page"}],"author":[{"embeddable":true,"href":"https:\/\/bibliapresente.com\/postagens\/wp-json\/wp\/v2\/users\/2"}],"replies":[{"embeddable":true,"href":"https:\/\/bibliapresente.com\/postagens\/wp-json\/wp\/v2\/comments?post=647"}],"version-history":[{"count":5,"href":"https:\/\/bibliapresente.com\/postagens\/wp-json\/wp\/v2\/pages\/647\/revisions"}],"predecessor-version":[{"id":1188,"href":"https:\/\/bibliapresente.com\/postagens\/wp-json\/wp\/v2\/pages\/647\/revisions\/1188"}],"up":[{"embeddable":true,"href":"https:\/\/bibliapresente.com\/postagens\/wp-json\/wp\/v2\/pages\/581"}],"wp:featuredmedia":[{"embeddable":true,"href":"https:\/\/bibliapresente.com\/postagens\/wp-json\/wp\/v2\/media\/583"}],"wp:attachment":[{"href":"https:\/\/bibliapresente.com\/postagens\/wp-json\/wp\/v2\/media?parent=647"}],"curies":[{"name":"wp","href":"https:\/\/api.w.org\/{rel}","templated":true}]}}