{"id":639,"date":"2025-01-28T17:28:04","date_gmt":"2025-01-28T20:28:04","guid":{"rendered":"https:\/\/bibliapresente.com\/postagens\/?page_id=639"},"modified":"2025-01-28T17:28:05","modified_gmt":"2025-01-28T20:28:05","slug":"exodo-26","status":"publish","type":"page","link":"https:\/\/bibliapresente.com\/postagens\/livros-da-biblia\/exodo\/exodo-26\/","title":{"rendered":"\u00caxodo 26 &#8211; Construindo o Tabern\u00e1culo"},"content":{"rendered":"\n<h3 class=\"wp-block-heading\">As cortinas do tabern\u00e1culo<\/h3>\n\n\n\n<p class=\"has-medium-font-size\" style=\"letter-spacing:1px\"><span><span><sup><b>1<\/b><\/sup><\/span> E far\u00e1s o tabern\u00e1culo de dez cortinas de linho torcido, azul, e p\u00farpura, e carmesim: e far\u00e1s querubins de obra delicada. <br><span><sup><b>2<\/b><\/sup><\/span> O comprimento da uma cortina de vinte e oito c\u00f4vados, e a largura da mesma cortina de quatro c\u00f4vados: todas as cortinas ter\u00e3o uma medida. <br><span><sup><b>3<\/b><\/sup><\/span> Cinco cortinas estar\u00e3o juntas a uma com a outra, e cinco cortinas unidas a uma com a outra. <br><span><sup><b>4<\/b><\/sup><\/span> E far\u00e1s la\u00e7adas de azul na beira da uma cortina, na margem, na juntura: e assim far\u00e1s na beira da \u00faltima cortina na juntura segunda. <br><span><sup><b>5<\/b><\/sup><\/span> Cinquenta la\u00e7adas far\u00e1s na uma cortina, e cinquenta la\u00e7adas far\u00e1s na margem da cortina que est\u00e1 na segunda juntura: as la\u00e7adas estar\u00e3o contrapostas a uma \u00e0 outra. <br><span><sup><b>6<\/b><\/sup><\/span> Far\u00e1s tamb\u00e9m cinquenta colchetes de ouro, com os quais juntar\u00e1s as cortinas a uma com a outra, e se formar\u00e1 um tabern\u00e1culo. <br><span><sup><b>7<\/b><\/sup><\/span> Far\u00e1s tamb\u00e9m cortinas de pelo de cabras para uma tenda sobre o tabern\u00e1culo; onze cortinas far\u00e1s. <br><span><sup><b>8<\/b><\/sup><\/span> O comprimento de uma cortina ser\u00e1 de trinta c\u00f4vados, e a largura da mesma cortina de quatro c\u00f4vados: uma medida ter\u00e3o as onze cortinas. <br><span><sup><b>9<\/b><\/sup><\/span> E juntar\u00e1s as cinco cortinas \u00e0 parte e as outras seis cortinas separadamente; e dobrar\u00e1s a sexta cortina diante da face do tabern\u00e1culo. <br><span><sup><b>10<\/b><\/sup><\/span> E far\u00e1s cinquenta la\u00e7adas na orla de uma cortina, \u00e0 extremidade na juntura, e cinquenta la\u00e7adas na orla da segunda cortina na outra juntura. <br><span><sup><b>11<\/b><\/sup><\/span> Far\u00e1s tamb\u00e9m cinquenta colchetes de alambre, os quais meter\u00e1s pelas la\u00e7adas: e juntar\u00e1s a tenda, para que se fa\u00e7a uma s\u00f3 cobertura. <br><span><sup><b>12<\/b><\/sup><\/span> E o excedente que resulta nas cortinas da tenda, a metade da uma cortina que sobra, ficar\u00e1 \u00e0s costas do tabern\u00e1culo. <br><span><sup><b>13<\/b><\/sup><\/span> E um c\u00f4vado da uma parte, e outro c\u00f4vado da outra que sobra no comprimento das cortinas da tenda, pendurar\u00e1 sobre os lados do tabern\u00e1culo da uma parte e da outra, para cobri-lo. <br><span><sup><b>14<\/b><\/sup><\/span> Far\u00e1s tamb\u00e9m \u00e0 tenda uma coberta de couros de carneiros, tingidos de vermelho, e uma coberta de couros finos encima. <\/span><\/p>\n\n\n\n<h3 class=\"wp-block-heading\">As taboas do tabern\u00e1culo<\/h3>\n\n\n\n<p class=\"has-medium-font-size\" style=\"letter-spacing:1px\"><span><span><sup><b>15<\/b><\/sup><\/span> E far\u00e1s para o tabern\u00e1culo t\u00e1buas de madeira de ac\u00e1cia, que estejam direitas. <br><span><sup><b>16<\/b><\/sup><\/span> O comprimento de cada t\u00e1bua ser\u00e1 de dez c\u00f4vados, e de c\u00f4vado e meio a largura de cada t\u00e1bua. <br><span><sup><b>17<\/b><\/sup><\/span> Dois encaixes ter\u00e1 cada t\u00e1bua, unidos um com o outro; assim far\u00e1s todas as t\u00e1buas do tabern\u00e1culo. <br><span><sup><b>18<\/b><\/sup><\/span> Far\u00e1s, pois, as t\u00e1buas do tabern\u00e1culo: vinte t\u00e1buas ao lado do sul. <br><span><sup><b>19<\/b><\/sup><\/span> E far\u00e1s quarenta bases de prata debaixo das vinte t\u00e1buas; duas bases debaixo de uma t\u00e1bua para seus dois encaixes, e duas bases debaixo da outra t\u00e1bua para seus dois encaixes. <br><span><sup><b>20<\/b><\/sup><\/span> E ao outro lado do tabern\u00e1culo, \u00e0 parte do norte, vinte t\u00e1buas; <br><span><sup><b>21<\/b><\/sup><\/span> E suas quarenta bases de prata: duas bases debaixo de uma t\u00e1bua, e duas bases debaixo da outra t\u00e1bua. <br><span><sup><b>22<\/b><\/sup><\/span> E para o lado do tabern\u00e1culo, ao ocidente, far\u00e1s seis t\u00e1buas. <br><span><sup><b>23<\/b><\/sup><\/span> Far\u00e1s tamb\u00e9m duas t\u00e1buas para as esquinas do tabern\u00e1culo nos dois \u00e2ngulos posteriores; <br><span><sup><b>24<\/b><\/sup><\/span> Os quais se unir\u00e3o por abaixo, e tamb\u00e9m se juntar\u00e3o por seu alto a uma argola: assim ser\u00e1 das outras duas que estar\u00e3o \u00e0s duas esquinas. <br><span><sup><b>25<\/b><\/sup><\/span> De maneira que ser\u00e3o oito t\u00e1buas, com suas bases de prata, dezesseis bases; duas bases debaixo de uma t\u00e1bua, e duas bases debaixo da outra t\u00e1bua. <br><span><sup><b>26<\/b><\/sup><\/span> Far\u00e1s tamb\u00e9m cinco barras de madeira de ac\u00e1cia, para as t\u00e1buas de um lado do tabern\u00e1culo, <br><span><sup><b>27<\/b><\/sup><\/span> E cinco barras para as t\u00e1buas do outro lado do tabern\u00e1culo, e cinco barras para o outro lado do tabern\u00e1culo, que est\u00e1 ao ocidente. <br><span><sup><b>28<\/b><\/sup><\/span> E a barra do meio passar\u00e1 por meio das t\u00e1buas, de uma extremidade \u00e0 outra. <br><span><sup><b>29<\/b><\/sup><\/span> E cobrir\u00e1s as t\u00e1buas de ouro, e far\u00e1s seus an\u00e9is de ouro para meter por eles as barras: tamb\u00e9m cobrir\u00e1s as barras de ouro. <br><span><sup><b>30<\/b><\/sup><\/span> E levantar\u00e1s o tabern\u00e1culo conforme sua planta que te foi mostrada no monte. <\/span><\/p>\n\n\n\n<h3 class=\"wp-block-heading\">O v\u00e9u do tabern\u00e1culo<\/h3>\n\n\n\n<p class=\"has-medium-font-size\" style=\"letter-spacing:1px\"><span><span><sup><b>31<\/b><\/sup><\/span> E far\u00e1s tamb\u00e9m um v\u00e9u de azul, e p\u00farpura, e carmesim, e de linho torcido: ser\u00e1 feito de primoroso trabalho, com querubins: <br><span><sup><b>32<\/b><\/sup><\/span> E h\u00e1s de p\u00f4-lo sobre quatro colunas de madeira de ac\u00e1cia cobertas de ouro; seus capit\u00e9is de ouro, sobre bases de prata. <br><span><sup><b>33<\/b><\/sup><\/span> E por\u00e1s o v\u00e9u debaixo dos colchetes, e meter\u00e1s ali, do v\u00e9u dentro, a arca do testemunho; e aquele v\u00e9u vos far\u00e1 separa\u00e7\u00e3o entre o lugar santo e o sant\u00edssimo. <br><span><sup><b>34<\/b><\/sup><\/span> E por\u00e1s a coberta sobre a arca do testemunho no lugar sant\u00edssimo. <br><span><sup><b>35<\/b><\/sup><\/span> E por\u00e1s a mesa fora do v\u00e9u, e o candelabro em frente da mesa ao lado do tabern\u00e1culo ao sul; e por\u00e1s a mesa ao lado do norte. <br><span><sup><b>36<\/b><\/sup><\/span> E far\u00e1s \u00e0 porta do tabern\u00e1culo uma cortina de azul, e p\u00farpura, e carmesim, e linho torcido, obra de bordador. <br><span><sup><b>37<\/b><\/sup><\/span> E far\u00e1s para a cortina cinco colunas de madeira de ac\u00e1cia, as quais cobrir\u00e1s de ouro, com seus capit\u00e9is de ouro: e as far\u00e1s de fundi\u00e7\u00e3o cinco bases de bronze.<\/span><\/p>\n\n\n\n<div class=\"wp-block-columns is-layout-flex wp-container-core-columns-is-layout-9d6595d7 wp-block-columns-is-layout-flex\">\n<div class=\"wp-block-column is-layout-flow wp-block-column-is-layout-flow\">\n<p><a href=\"\/exodo-25\">\u00caxodo 25<\/a><\/p>\n<\/div>\n\n\n\n<div class=\"wp-block-column is-layout-flow wp-block-column-is-layout-flow\">\n<p class=\"has-text-align-right\"><a href=\"\/exodo-27\">\u00caxodo 27<\/a><\/p>\n<\/div>\n<\/div>\n\n\n\n<h2 class=\"wp-block-heading\">Descri\u00e7\u00e3o &#8211; \u00caxodo 26<\/h2>\n\n\n\n<p class=\"has-medium-font-size\">\u00caxodo 26 continua as instru\u00e7\u00f5es de Deus para a constru\u00e7\u00e3o do Tabern\u00e1culo, detalhando como fazer as cortinas e as paredes que formar\u00e3o o espa\u00e7o sagrado. As cortinas devem ser feitas de linho fino e de diferentes cores, com querubins bordados, e ser\u00e3o unidas por ganchos de ouro. O cap\u00edtulo tamb\u00e9m descreve a constru\u00e7\u00e3o das t\u00e1buas de madeira para formar as paredes do Tabern\u00e1culo, que ser\u00e3o cobertas de ouro e sustentadas por barras. Cada detalhe do Tabern\u00e1culo reflete a santidade e a gl\u00f3ria de Deus, e o cap\u00edtulo \u00e9 fundamental para entender a import\u00e2ncia do Tabern\u00e1culo como lugar de encontro entre Deus e Israel.<\/p>\n\n\n\n<h3 class=\"wp-block-heading\">Livro do \u00caxodo:<\/h3>\n\n\n<ul class=\"wp-block-page-list\"><li class=\"wp-block-pages-list__item\"><a class=\"wp-block-pages-list__item__link\" href=\"https:\/\/bibliapresente.com\/postagens\/livros-da-biblia\/exodo\/exodo-1\/\">\u00caxodo 1 &#8211; O Nascimento de Mois\u00e9s<\/a><\/li><li class=\"wp-block-pages-list__item\"><a class=\"wp-block-pages-list__item__link\" href=\"https:\/\/bibliapresente.com\/postagens\/livros-da-biblia\/exodo\/exodo-2\/\">\u00caxodo 2 &#8211; Mois\u00e9s no Pal\u00e1cio do Fara\u00f3<\/a><\/li><li class=\"wp-block-pages-list__item\"><a class=\"wp-block-pages-list__item__link\" href=\"https:\/\/bibliapresente.com\/postagens\/livros-da-biblia\/exodo\/exodo-3\/\">\u00caxodo 3 &#8211; O Chamado de Mois\u00e9s<\/a><\/li><li class=\"wp-block-pages-list__item\"><a class=\"wp-block-pages-list__item__link\" href=\"https:\/\/bibliapresente.com\/postagens\/livros-da-biblia\/exodo\/exodo-4\/\">\u00caxodo 4 &#8211; Deus D\u00e1 Sinais a Mois\u00e9s<\/a><\/li><li class=\"wp-block-pages-list__item\"><a class=\"wp-block-pages-list__item__link\" href=\"https:\/\/bibliapresente.com\/postagens\/livros-da-biblia\/exodo\/exodo-5\/\">\u00caxodo 5 &#8211; Mois\u00e9s e Ar\u00e3o Conrontam Fara\u00f3<\/a><\/li><li class=\"wp-block-pages-list__item\"><a class=\"wp-block-pages-list__item__link\" href=\"https:\/\/bibliapresente.com\/postagens\/livros-da-biblia\/exodo\/exodo-6\/\">\u00caxodo 6 &#8211; Deus promete livramento<\/a><\/li><li class=\"wp-block-pages-list__item\"><a class=\"wp-block-pages-list__item__link\" href=\"https:\/\/bibliapresente.com\/postagens\/livros-da-biblia\/exodo\/exodo-7\/\">\u00caxodo 7 &#8211; A Primeira Praga: Sangue<\/a><\/li><li class=\"wp-block-pages-list__item\"><a class=\"wp-block-pages-list__item__link\" href=\"https:\/\/bibliapresente.com\/postagens\/livros-da-biblia\/exodo\/exodo-8\/\">\u00caxodo 8 &#8211; Pragas: R\u00e3s, Piolhos e Moscas<\/a><\/li><li class=\"wp-block-pages-list__item\"><a class=\"wp-block-pages-list__item__link\" href=\"https:\/\/bibliapresente.com\/postagens\/livros-da-biblia\/exodo\/exodo-9\/\">\u00caxodo 9 &#8211; Pragas: Peste, \u00dalceras, Granizo<\/a><\/li><li class=\"wp-block-pages-list__item\"><a class=\"wp-block-pages-list__item__link\" href=\"https:\/\/bibliapresente.com\/postagens\/livros-da-biblia\/exodo\/exodo-10\/\">\u00caxodo 10 &#8211; Pragas: Gafanhotos e Trevas<\/a><\/li><li class=\"wp-block-pages-list__item\"><a class=\"wp-block-pages-list__item__link\" href=\"https:\/\/bibliapresente.com\/postagens\/livros-da-biblia\/exodo\/exodo-11\/\">\u00caxodo 11 &#8211; Deus anuncia a \u00faltima praga<\/a><\/li><li class=\"wp-block-pages-list__item\"><a class=\"wp-block-pages-list__item__link\" href=\"https:\/\/bibliapresente.com\/postagens\/livros-da-biblia\/exodo\/exodo-12\/\">\u00caxodo 12 &#8211; A P\u00e1scoa e a Liberta\u00e7\u00e3o<\/a><\/li><li class=\"wp-block-pages-list__item\"><a class=\"wp-block-pages-list__item__link\" href=\"https:\/\/bibliapresente.com\/postagens\/livros-da-biblia\/exodo\/exodo-13\/\">\u00caxodo 13 &#8211; A Consagra\u00e7\u00e3o dos Primog\u00eanitos<\/a><\/li><li class=\"wp-block-pages-list__item\"><a class=\"wp-block-pages-list__item__link\" href=\"https:\/\/bibliapresente.com\/postagens\/livros-da-biblia\/exodo\/exodo-14\/\">\u00caxodo 14 &#8211; A Travessia do Mar Vermelho<\/a><\/li><li class=\"wp-block-pages-list__item\"><a class=\"wp-block-pages-list__item__link\" href=\"https:\/\/bibliapresente.com\/postagens\/livros-da-biblia\/exodo\/exodo-15\/\">\u00caxodo 15 &#8211; O C\u00e2ntico de Mois\u00e9s<\/a><\/li><li class=\"wp-block-pages-list__item\"><a class=\"wp-block-pages-list__item__link\" href=\"https:\/\/bibliapresente.com\/postagens\/livros-da-biblia\/exodo\/exodo-16\/\">\u00caxodo 16 &#8211; O Man\u00e1 no Deserto<\/a><\/li><li class=\"wp-block-pages-list__item\"><a class=\"wp-block-pages-list__item__link\" href=\"https:\/\/bibliapresente.com\/postagens\/livros-da-biblia\/exodo\/exodo-17\/\">\u00caxodo 17 &#8211; \u00c1gua Brotando da Rocha<\/a><\/li><li class=\"wp-block-pages-list__item\"><a class=\"wp-block-pages-list__item__link\" href=\"https:\/\/bibliapresente.com\/postagens\/livros-da-biblia\/exodo\/exodo-18\/\">\u00caxodo 18 &#8211; Os Conselhos de Jetro<\/a><\/li><li class=\"wp-block-pages-list__item\"><a class=\"wp-block-pages-list__item__link\" href=\"https:\/\/bibliapresente.com\/postagens\/livros-da-biblia\/exodo\/exodo-19\/\">\u00caxodo 19 &#8211; A Chegada ao Monte Sinai<\/a><\/li><li class=\"wp-block-pages-list__item\"><a class=\"wp-block-pages-list__item__link\" href=\"https:\/\/bibliapresente.com\/postagens\/livros-da-biblia\/exodo\/exodo-20\/\">\u00caxodo 20 &#8211; Os Dez Mandamentos<\/a><\/li><li class=\"wp-block-pages-list__item\"><a class=\"wp-block-pages-list__item__link\" href=\"https:\/\/bibliapresente.com\/postagens\/livros-da-biblia\/exodo\/exodo-21\/\">\u00caxodo 21 &#8211; Leis Sobre Justi\u00e7a Social<\/a><\/li><li class=\"wp-block-pages-list__item\"><a class=\"wp-block-pages-list__item__link\" href=\"https:\/\/bibliapresente.com\/postagens\/livros-da-biblia\/exodo\/exodo-22\/\">\u00caxodo 22 &#8211; Leis Sobre Danos e Repara\u00e7\u00e3o<\/a><\/li><li class=\"wp-block-pages-list__item\"><a class=\"wp-block-pages-list__item__link\" href=\"https:\/\/bibliapresente.com\/postagens\/livros-da-biblia\/exodo\/exodo-23\/\">\u00caxodo 23 &#8211; Leis de Justi\u00e7a e Festividades<\/a><\/li><li class=\"wp-block-pages-list__item\"><a class=\"wp-block-pages-list__item__link\" href=\"https:\/\/bibliapresente.com\/postagens\/livros-da-biblia\/exodo\/exodo-24\/\">\u00caxodo 24 &#8211; A Confirma\u00e7\u00e3o da Alian\u00e7a<\/a><\/li><li class=\"wp-block-pages-list__item\"><a class=\"wp-block-pages-list__item__link\" href=\"https:\/\/bibliapresente.com\/postagens\/livros-da-biblia\/exodo\/exodo-25\/\">\u00caxodo 25 &#8211; Arca da Alian\u00e7a e Tabern\u00e1culo<\/a><\/li><li class=\"wp-block-pages-list__item\"><a class=\"wp-block-pages-list__item__link\" href=\"https:\/\/bibliapresente.com\/postagens\/livros-da-biblia\/exodo\/exodo-26\/\">\u00caxodo 26 &#8211; Construindo o Tabern\u00e1culo<\/a><\/li><li class=\"wp-block-pages-list__item\"><a class=\"wp-block-pages-list__item__link\" href=\"https:\/\/bibliapresente.com\/postagens\/livros-da-biblia\/exodo\/exodo-27\/\">\u00caxodo 27 &#8211; O Altar de Bronze<\/a><\/li><li class=\"wp-block-pages-list__item\"><a class=\"wp-block-pages-list__item__link\" href=\"https:\/\/bibliapresente.com\/postagens\/livros-da-biblia\/exodo\/exodo-28\/\">\u00caxodo 28 &#8211; O Vestu\u00e1rio dos Sacerdotes<\/a><\/li><li class=\"wp-block-pages-list__item\"><a class=\"wp-block-pages-list__item__link\" href=\"https:\/\/bibliapresente.com\/postagens\/livros-da-biblia\/exodo\/exodo-29\/\">\u00caxodo 29 &#8211; Consagra\u00e7\u00e3o de Ar\u00e3o<\/a><\/li><li class=\"wp-block-pages-list__item\"><a class=\"wp-block-pages-list__item__link\" href=\"https:\/\/bibliapresente.com\/postagens\/livros-da-biblia\/exodo\/exodo-30\/\">\u00caxodo 30 &#8211; O Altar do Incenso<\/a><\/li><li class=\"wp-block-pages-list__item\"><a class=\"wp-block-pages-list__item__link\" href=\"https:\/\/bibliapresente.com\/postagens\/livros-da-biblia\/exodo\/exodo-31\/\">\u00caxodo 31 &#8211; O S\u00e1bado<\/a><\/li><li class=\"wp-block-pages-list__item\"><a class=\"wp-block-pages-list__item__link\" href=\"https:\/\/bibliapresente.com\/postagens\/livros-da-biblia\/exodo\/exodo-32\/\">\u00caxodo 32 &#8211; O Bezerro de Ouro<\/a><\/li><li class=\"wp-block-pages-list__item\"><a class=\"wp-block-pages-list__item__link\" href=\"https:\/\/bibliapresente.com\/postagens\/livros-da-biblia\/exodo\/exodo-33\/\">\u00caxodo 33 &#8211; Deus promete a Sua presen\u00e7a<\/a><\/li><li class=\"wp-block-pages-list__item\"><a class=\"wp-block-pages-list__item__link\" href=\"https:\/\/bibliapresente.com\/postagens\/livros-da-biblia\/exodo\/exodo-34\/\">\u00caxodo 34 &#8211; A Renova\u00e7\u00e3o da Alian\u00e7a<\/a><\/li><li class=\"wp-block-pages-list__item\"><a class=\"wp-block-pages-list__item__link\" href=\"https:\/\/bibliapresente.com\/postagens\/livros-da-biblia\/exodo\/exodo-35\/\">\u00caxodo 35 &#8211; A Oferta do Povo<\/a><\/li><li class=\"wp-block-pages-list__item\"><a class=\"wp-block-pages-list__item__link\" href=\"https:\/\/bibliapresente.com\/postagens\/livros-da-biblia\/exodo\/exodo-36\/\">\u00caxodo 36 &#8211; A Constru\u00e7\u00e3o do Tabern\u00e1culo<\/a><\/li><li class=\"wp-block-pages-list__item\"><a class=\"wp-block-pages-list__item__link\" href=\"https:\/\/bibliapresente.com\/postagens\/livros-da-biblia\/exodo\/exodo-37\/\">\u00caxodo 37 &#8211; A Arca, a Mesa e o Candelabro<\/a><\/li><li class=\"wp-block-pages-list__item\"><a class=\"wp-block-pages-list__item__link\" href=\"https:\/\/bibliapresente.com\/postagens\/livros-da-biblia\/exodo\/exodo-38\/\">\u00caxodo 38 &#8211; O Altar de Bronze<\/a><\/li><li class=\"wp-block-pages-list__item\"><a class=\"wp-block-pages-list__item__link\" href=\"https:\/\/bibliapresente.com\/postagens\/livros-da-biblia\/exodo\/exodo-39\/\">\u00caxodo 39 &#8211; A Confec\u00e7\u00e3o das Vestes<\/a><\/li><li class=\"wp-block-pages-list__item\"><a class=\"wp-block-pages-list__item__link\" href=\"https:\/\/bibliapresente.com\/postagens\/livros-da-biblia\/exodo\/exodo-40\/\">\u00caxodo 40 &#8211; A Consagra\u00e7\u00e3o do Tabern\u00e1culo<\/a><\/li><\/ul>\n\n\n<p><\/p>\n","protected":false},"excerpt":{"rendered":"<p>As cortinas do tabern\u00e1culo 1 E far\u00e1s o tabern\u00e1culo de dez cortinas de linho torcido, azul, e p\u00farpura, e carmesim: e far\u00e1s querubins de obra delicada. 2 O comprimento da uma cortina de vinte e oito c\u00f4vados, e a largura da mesma cortina de quatro c\u00f4vados: todas as cortinas ter\u00e3o uma medida. 3 Cinco cortinas &hellip; <\/p>\n","protected":false},"author":2,"featured_media":583,"parent":581,"menu_order":26,"comment_status":"closed","ping_status":"closed","template":"","meta":{"om_disable_all_campaigns":false,"_monsterinsights_skip_tracking":false,"_monsterinsights_sitenote_active":false,"_monsterinsights_sitenote_note":"","_monsterinsights_sitenote_category":0,"footnotes":""},"class_list":["post-639","page","type-page","status-publish","has-post-thumbnail","hentry"],"aioseo_notices":[],"_links":{"self":[{"href":"https:\/\/bibliapresente.com\/postagens\/wp-json\/wp\/v2\/pages\/639","targetHints":{"allow":["GET"]}}],"collection":[{"href":"https:\/\/bibliapresente.com\/postagens\/wp-json\/wp\/v2\/pages"}],"about":[{"href":"https:\/\/bibliapresente.com\/postagens\/wp-json\/wp\/v2\/types\/page"}],"author":[{"embeddable":true,"href":"https:\/\/bibliapresente.com\/postagens\/wp-json\/wp\/v2\/users\/2"}],"replies":[{"embeddable":true,"href":"https:\/\/bibliapresente.com\/postagens\/wp-json\/wp\/v2\/comments?post=639"}],"version-history":[{"count":5,"href":"https:\/\/bibliapresente.com\/postagens\/wp-json\/wp\/v2\/pages\/639\/revisions"}],"predecessor-version":[{"id":1184,"href":"https:\/\/bibliapresente.com\/postagens\/wp-json\/wp\/v2\/pages\/639\/revisions\/1184"}],"up":[{"embeddable":true,"href":"https:\/\/bibliapresente.com\/postagens\/wp-json\/wp\/v2\/pages\/581"}],"wp:featuredmedia":[{"embeddable":true,"href":"https:\/\/bibliapresente.com\/postagens\/wp-json\/wp\/v2\/media\/583"}],"wp:attachment":[{"href":"https:\/\/bibliapresente.com\/postagens\/wp-json\/wp\/v2\/media?parent=639"}],"curies":[{"name":"wp","href":"https:\/\/api.w.org\/{rel}","templated":true}]}}