{"id":616,"date":"2025-01-28T13:03:27","date_gmt":"2025-01-28T16:03:27","guid":{"rendered":"https:\/\/bibliapresente.com\/postagens\/?page_id=616"},"modified":"2025-01-28T16:52:16","modified_gmt":"2025-01-28T19:52:16","slug":"exodo-15","status":"publish","type":"page","link":"https:\/\/bibliapresente.com\/postagens\/livros-da-biblia\/exodo\/exodo-15\/","title":{"rendered":"\u00caxodo 15 &#8211; O C\u00e2ntico de Mois\u00e9s"},"content":{"rendered":"\n<h3 class=\"wp-block-heading\">O c\u00e2ntico de Mois\u00e9s<\/h3>\n\n\n\n<p><span><span><sup><b>1<\/b><\/sup><\/span> Ent\u00e3o cantou Mois\u00e9s e os filhos de Israel este c\u00e2ntico ao SENHOR, e disseram: Cantarei eu ao SENHOR, porque se triunfou grandemente, Lan\u00e7ando no mar ao cavalo e ao que nele subia. <br><span><sup><b>2<\/b><\/sup><\/span> O SENHOR \u00e9 minha for\u00e7a, e minha can\u00e7\u00e3o, E foi-me por salva\u00e7\u00e3o: Este \u00e9 meu Deus, e a este engrandecerei; Deus de meu pai, e a este exaltarei. <br><span><sup><b>3<\/b><\/sup><\/span> O SENHOR, homem de guerra; o SENHOR \u00e9 seu nome. <br><span><sup><b>4<\/b><\/sup><\/span> Os carros de Fara\u00f3 e a seu ex\u00e9rcito lan\u00e7ou no mar; E seus escolhidos pr\u00edncipes foram afundados no mar Vermelho. <br><span><sup><b>5<\/b><\/sup><\/span> Os abismos os cobriram; Como pedra desceram aos profundos. <br><span><sup><b>6<\/b><\/sup><\/span> Tua direita, \u00f3 SENHOR, foi engrandecida em for\u00e7a; Tua direita, \u00f3 SENHOR, quebrantou ao inimigo. <br><span><sup><b>7<\/b><\/sup><\/span> E com a grandeza de tua poder transtornaste aos que se levantaram contra ti: Enviaste teu furor; os tragou como o restolho. <br><span><sup><b>8<\/b><\/sup><\/span> Com o sopro de tuas narinas se amontoaram as \u00e1guas; Pararam-se as correntezas como em um amontoado; Os abismos se solidificaram em meio do mar. <br><span><sup><b>9<\/b><\/sup><\/span> O inimigo disse: Perseguirei, prenderei, repartirei despojos; Minha alma se encher\u00e1 deles; Tirarei minha espada, destru\u00ed-los h\u00e1 minha m\u00e3o. <br><span><sup><b>10<\/b><\/sup><\/span> Sopraste com teu vento, cobriu-os o mar: Afundaram-se como chumbo nas impetuosas \u00e1guas. <br><span><sup><b>11<\/b><\/sup><\/span> Quem como tu, SENHOR, entre os deuses? Quem como tu, magn\u00edfico em santidade, Terr\u00edvel em louvores, autor de maravilhas? <br><span><sup><b>12<\/b><\/sup><\/span> Estendeste tua direita; A terra os tragou. <br><span><sup><b>13<\/b><\/sup><\/span> Conduziste em tua miseric\u00f3rdia a este povo, ao qual salvaste; Levaste-o com tua for\u00e7a \u00e0 habita\u00e7\u00e3o de teu santu\u00e1rio. <br><span><sup><b>14<\/b><\/sup><\/span> Ouviram-no os povos, e tremer\u00e3o; Dor se apoderar\u00e1 dos moradores da fil\u00edstia. <br><span><sup><b>15<\/b><\/sup><\/span> Ent\u00e3o os pr\u00edncipes de Edom se perturbar\u00e3o; Aos robustos de Moabe os ocupar\u00e1 tremor; Todos os moradores de Cana\u00e3 se abater\u00e3o. <br><span><sup><b>16<\/b><\/sup><\/span> Caia sobre eles tremor e espanto; \u00c0 grandeza de teu bra\u00e7o emude\u00e7am como uma pedra; At\u00e9 que tenha passado teu povo, \u00f3 SENHOR, At\u00e9 que tenha passado este povo que tu resgataste. <br><span><sup><b>17<\/b><\/sup><\/span> Tu os introduzir\u00e1s e os plantar\u00e1s no monte de tua heran\u00e7a, No lugar de tua morada, que tu preparaste, \u00f3 SENHOR; No santu\u00e1rio do Senhor, que firmaram tuas m\u00e3os. <br><span><sup><b>18<\/b><\/sup><\/span> O SENHOR reinar\u00e1 pelos s\u00e9culos dos s\u00e9culos. <br><span><sup><b>19<\/b><\/sup><\/span> Porque Fara\u00f3 entrou cavalgando com seus carros e seus cavaleiros no mar, e o SENHOR voltou a trazer as \u00e1guas do mar sobre eles; mas os filhos de Israel foram a seco por meio do mar. <\/span><\/p>\n\n\n\n<h3 class=\"wp-block-heading\">A dan\u00e7a de Miri\u00e3 e das mulheres<\/h3>\n\n\n\n<p><span><span><sup><b>20<\/b><\/sup><\/span> E Miri\u00e3 a profetisa, irm\u00e3 de Ar\u00e3o, tomou um pandeiro em sua m\u00e3o, e todas as mulheres sa\u00edram atr\u00e1s dela com pandeiros e dan\u00e7as. <br><span><sup><b>21<\/b><\/sup><\/span> E Miri\u00e3 lhes respondia: Cantai ao SENHOR; porque em extremo se engrandeceu, Lan\u00e7ando no mar ao cavalo, e ao que nele subia. <br><span><sup><b>22<\/b><\/sup><\/span> E fez Mois\u00e9s que partisse Israel do mar Vermelho, e sa\u00edram ao deserto de Sur; e andaram tr\u00eas dias pelo deserto sem achar \u00e1gua. <\/span><\/p>\n\n\n\n<h3 class=\"wp-block-heading\">As \u00e1guas amargas ficam doces<\/h3>\n\n\n\n<p><span><span><sup><b>23<\/b><\/sup><\/span> E chegaram a Mara, e n\u00e3o puderam beber as \u00e1guas de Mara, porque eram amargas; por isso lhe puseram o nome de Mara. <br><span><sup><b>24<\/b><\/sup><\/span> Ent\u00e3o o povo murmurou contra Mois\u00e9s, e disse: Que beberemos? <br><span><sup><b>25<\/b><\/sup><\/span> E Mois\u00e9s clamou ao SENHOR; e o SENHOR lhe mostrou uma \u00e1rvore, a qual quando a meteu dentro das \u00e1guas, as \u00e1guas se tornaram doces. Ali lhes deu estatutos e ordenan\u00e7as, e ali os provou; <br><span><sup><b>26<\/b><\/sup><\/span> E disse: Se ouvires atentamente a voz do SENHOR teu Deus, e fizeres o correto diante de seus olhos, e deres ouvido a seus mandamentos, e guardares todos os seus estatutos, nenhuma enfermidade das que enviei aos eg\u00edpcios te enviarei a ti; porque eu sou o SENHOR que te sara. <br><span><sup><b>27<\/b><\/sup><\/span> E chegaram a Elim, onde havia doze fontes de \u00e1guas, e setenta palmeiras; e assentaram ali junto \u00e0s \u00e1guas.<\/span><\/p>\n\n\n\n<div class=\"wp-block-columns is-layout-flex wp-container-core-columns-is-layout-9d6595d7 wp-block-columns-is-layout-flex\">\n<div class=\"wp-block-column is-layout-flow wp-block-column-is-layout-flow\">\n<p><a href=\"\/exodo-14\">\u00caxodo 14<\/a><\/p>\n<\/div>\n\n\n\n<div class=\"wp-block-column is-layout-flow wp-block-column-is-layout-flow\">\n<p class=\"has-text-align-right\"><a href=\"\/exodo-16\">\u00caxodo 16<\/a><\/p>\n<\/div>\n<\/div>\n\n\n\n<h2 class=\"wp-block-heading\">Descri\u00e7\u00e3o &#8211; \u00caxodo 15<\/h2>\n\n\n\n<p class=\"has-medium-font-size\">\u00caxodo 15 celebra a vit\u00f3ria de Deus com o c\u00e2ntico de Mois\u00e9s e dos israelitas ap\u00f3s a travessia do Mar Vermelho. O hino exalta o poder de Deus ao derrotar o ex\u00e9rcito eg\u00edpcio, destacando Sua fidelidade em libertar Israel. Miriam, irm\u00e3 de Mois\u00e9s, lidera as mulheres com dan\u00e7as e tamborins em louvor ao Senhor. O cap\u00edtulo tamb\u00e9m narra a chegada a Mara, onde Deus transforma \u00e1guas amargas em pot\u00e1veis, reafirmando Seu cuidado pelo povo. Este momento de celebra\u00e7\u00e3o e provis\u00e3o marca o in\u00edcio da jornada no deserto, refor\u00e7ando a confian\u00e7a em Deus como protetor e guia rumo \u00e0 Terra Prometida.<\/p>\n\n\n\n<h3 class=\"wp-block-heading\">Livro do \u00caxodo:<\/h3>\n\n\n<ul class=\"wp-block-page-list\"><li class=\"wp-block-pages-list__item\"><a class=\"wp-block-pages-list__item__link\" href=\"https:\/\/bibliapresente.com\/postagens\/livros-da-biblia\/exodo\/exodo-1\/\">\u00caxodo 1 &#8211; O Nascimento de Mois\u00e9s<\/a><\/li><li class=\"wp-block-pages-list__item\"><a class=\"wp-block-pages-list__item__link\" href=\"https:\/\/bibliapresente.com\/postagens\/livros-da-biblia\/exodo\/exodo-2\/\">\u00caxodo 2 &#8211; Mois\u00e9s no Pal\u00e1cio do Fara\u00f3<\/a><\/li><li class=\"wp-block-pages-list__item\"><a class=\"wp-block-pages-list__item__link\" href=\"https:\/\/bibliapresente.com\/postagens\/livros-da-biblia\/exodo\/exodo-3\/\">\u00caxodo 3 &#8211; O Chamado de Mois\u00e9s<\/a><\/li><li class=\"wp-block-pages-list__item\"><a class=\"wp-block-pages-list__item__link\" href=\"https:\/\/bibliapresente.com\/postagens\/livros-da-biblia\/exodo\/exodo-4\/\">\u00caxodo 4 &#8211; Deus D\u00e1 Sinais a Mois\u00e9s<\/a><\/li><li class=\"wp-block-pages-list__item\"><a class=\"wp-block-pages-list__item__link\" href=\"https:\/\/bibliapresente.com\/postagens\/livros-da-biblia\/exodo\/exodo-5\/\">\u00caxodo 5 &#8211; Mois\u00e9s e Ar\u00e3o Conrontam Fara\u00f3<\/a><\/li><li class=\"wp-block-pages-list__item\"><a class=\"wp-block-pages-list__item__link\" href=\"https:\/\/bibliapresente.com\/postagens\/livros-da-biblia\/exodo\/exodo-6\/\">\u00caxodo 6 &#8211; Deus promete livramento<\/a><\/li><li class=\"wp-block-pages-list__item\"><a class=\"wp-block-pages-list__item__link\" href=\"https:\/\/bibliapresente.com\/postagens\/livros-da-biblia\/exodo\/exodo-7\/\">\u00caxodo 7 &#8211; A Primeira Praga: Sangue<\/a><\/li><li class=\"wp-block-pages-list__item\"><a class=\"wp-block-pages-list__item__link\" href=\"https:\/\/bibliapresente.com\/postagens\/livros-da-biblia\/exodo\/exodo-8\/\">\u00caxodo 8 &#8211; Pragas: R\u00e3s, Piolhos e Moscas<\/a><\/li><li class=\"wp-block-pages-list__item\"><a class=\"wp-block-pages-list__item__link\" href=\"https:\/\/bibliapresente.com\/postagens\/livros-da-biblia\/exodo\/exodo-9\/\">\u00caxodo 9 &#8211; Pragas: Peste, \u00dalceras, Granizo<\/a><\/li><li class=\"wp-block-pages-list__item\"><a class=\"wp-block-pages-list__item__link\" href=\"https:\/\/bibliapresente.com\/postagens\/livros-da-biblia\/exodo\/exodo-10\/\">\u00caxodo 10 &#8211; Pragas: Gafanhotos e Trevas<\/a><\/li><li class=\"wp-block-pages-list__item\"><a class=\"wp-block-pages-list__item__link\" href=\"https:\/\/bibliapresente.com\/postagens\/livros-da-biblia\/exodo\/exodo-11\/\">\u00caxodo 11 &#8211; Deus anuncia a \u00faltima praga<\/a><\/li><li class=\"wp-block-pages-list__item\"><a class=\"wp-block-pages-list__item__link\" href=\"https:\/\/bibliapresente.com\/postagens\/livros-da-biblia\/exodo\/exodo-12\/\">\u00caxodo 12 &#8211; A P\u00e1scoa e a Liberta\u00e7\u00e3o<\/a><\/li><li class=\"wp-block-pages-list__item\"><a class=\"wp-block-pages-list__item__link\" href=\"https:\/\/bibliapresente.com\/postagens\/livros-da-biblia\/exodo\/exodo-13\/\">\u00caxodo 13 &#8211; A Consagra\u00e7\u00e3o dos Primog\u00eanitos<\/a><\/li><li class=\"wp-block-pages-list__item\"><a class=\"wp-block-pages-list__item__link\" href=\"https:\/\/bibliapresente.com\/postagens\/livros-da-biblia\/exodo\/exodo-14\/\">\u00caxodo 14 &#8211; A Travessia do Mar Vermelho<\/a><\/li><li class=\"wp-block-pages-list__item\"><a class=\"wp-block-pages-list__item__link\" href=\"https:\/\/bibliapresente.com\/postagens\/livros-da-biblia\/exodo\/exodo-15\/\">\u00caxodo 15 &#8211; O C\u00e2ntico de Mois\u00e9s<\/a><\/li><li class=\"wp-block-pages-list__item\"><a class=\"wp-block-pages-list__item__link\" href=\"https:\/\/bibliapresente.com\/postagens\/livros-da-biblia\/exodo\/exodo-16\/\">\u00caxodo 16 &#8211; O Man\u00e1 no Deserto<\/a><\/li><li class=\"wp-block-pages-list__item\"><a class=\"wp-block-pages-list__item__link\" href=\"https:\/\/bibliapresente.com\/postagens\/livros-da-biblia\/exodo\/exodo-17\/\">\u00caxodo 17 &#8211; \u00c1gua Brotando da Rocha<\/a><\/li><li class=\"wp-block-pages-list__item\"><a class=\"wp-block-pages-list__item__link\" href=\"https:\/\/bibliapresente.com\/postagens\/livros-da-biblia\/exodo\/exodo-18\/\">\u00caxodo 18 &#8211; Os Conselhos de Jetro<\/a><\/li><li class=\"wp-block-pages-list__item\"><a class=\"wp-block-pages-list__item__link\" href=\"https:\/\/bibliapresente.com\/postagens\/livros-da-biblia\/exodo\/exodo-19\/\">\u00caxodo 19 &#8211; A Chegada ao Monte Sinai<\/a><\/li><li class=\"wp-block-pages-list__item\"><a class=\"wp-block-pages-list__item__link\" href=\"https:\/\/bibliapresente.com\/postagens\/livros-da-biblia\/exodo\/exodo-20\/\">\u00caxodo 20 &#8211; Os Dez Mandamentos<\/a><\/li><li class=\"wp-block-pages-list__item\"><a class=\"wp-block-pages-list__item__link\" href=\"https:\/\/bibliapresente.com\/postagens\/livros-da-biblia\/exodo\/exodo-21\/\">\u00caxodo 21 &#8211; Leis Sobre Justi\u00e7a Social<\/a><\/li><li class=\"wp-block-pages-list__item\"><a class=\"wp-block-pages-list__item__link\" href=\"https:\/\/bibliapresente.com\/postagens\/livros-da-biblia\/exodo\/exodo-22\/\">\u00caxodo 22 &#8211; Leis Sobre Danos e Repara\u00e7\u00e3o<\/a><\/li><li class=\"wp-block-pages-list__item\"><a class=\"wp-block-pages-list__item__link\" href=\"https:\/\/bibliapresente.com\/postagens\/livros-da-biblia\/exodo\/exodo-23\/\">\u00caxodo 23 &#8211; Leis de Justi\u00e7a e Festividades<\/a><\/li><li class=\"wp-block-pages-list__item\"><a class=\"wp-block-pages-list__item__link\" href=\"https:\/\/bibliapresente.com\/postagens\/livros-da-biblia\/exodo\/exodo-24\/\">\u00caxodo 24 &#8211; A Confirma\u00e7\u00e3o da Alian\u00e7a<\/a><\/li><li class=\"wp-block-pages-list__item\"><a class=\"wp-block-pages-list__item__link\" href=\"https:\/\/bibliapresente.com\/postagens\/livros-da-biblia\/exodo\/exodo-25\/\">\u00caxodo 25 &#8211; Arca da Alian\u00e7a e Tabern\u00e1culo<\/a><\/li><li class=\"wp-block-pages-list__item\"><a class=\"wp-block-pages-list__item__link\" href=\"https:\/\/bibliapresente.com\/postagens\/livros-da-biblia\/exodo\/exodo-26\/\">\u00caxodo 26 &#8211; Construindo o Tabern\u00e1culo<\/a><\/li><li class=\"wp-block-pages-list__item\"><a class=\"wp-block-pages-list__item__link\" href=\"https:\/\/bibliapresente.com\/postagens\/livros-da-biblia\/exodo\/exodo-27\/\">\u00caxodo 27 &#8211; O Altar de Bronze<\/a><\/li><li class=\"wp-block-pages-list__item\"><a class=\"wp-block-pages-list__item__link\" href=\"https:\/\/bibliapresente.com\/postagens\/livros-da-biblia\/exodo\/exodo-28\/\">\u00caxodo 28 &#8211; O Vestu\u00e1rio dos Sacerdotes<\/a><\/li><li class=\"wp-block-pages-list__item\"><a class=\"wp-block-pages-list__item__link\" href=\"https:\/\/bibliapresente.com\/postagens\/livros-da-biblia\/exodo\/exodo-29\/\">\u00caxodo 29 &#8211; Consagra\u00e7\u00e3o de Ar\u00e3o<\/a><\/li><li class=\"wp-block-pages-list__item\"><a class=\"wp-block-pages-list__item__link\" href=\"https:\/\/bibliapresente.com\/postagens\/livros-da-biblia\/exodo\/exodo-30\/\">\u00caxodo 30 &#8211; O Altar do Incenso<\/a><\/li><li class=\"wp-block-pages-list__item\"><a class=\"wp-block-pages-list__item__link\" href=\"https:\/\/bibliapresente.com\/postagens\/livros-da-biblia\/exodo\/exodo-31\/\">\u00caxodo 31 &#8211; O S\u00e1bado<\/a><\/li><li class=\"wp-block-pages-list__item\"><a class=\"wp-block-pages-list__item__link\" href=\"https:\/\/bibliapresente.com\/postagens\/livros-da-biblia\/exodo\/exodo-32\/\">\u00caxodo 32 &#8211; O Bezerro de Ouro<\/a><\/li><li class=\"wp-block-pages-list__item\"><a class=\"wp-block-pages-list__item__link\" href=\"https:\/\/bibliapresente.com\/postagens\/livros-da-biblia\/exodo\/exodo-33\/\">\u00caxodo 33 &#8211; Deus promete a Sua presen\u00e7a<\/a><\/li><li class=\"wp-block-pages-list__item\"><a class=\"wp-block-pages-list__item__link\" href=\"https:\/\/bibliapresente.com\/postagens\/livros-da-biblia\/exodo\/exodo-34\/\">\u00caxodo 34 &#8211; A Renova\u00e7\u00e3o da Alian\u00e7a<\/a><\/li><li class=\"wp-block-pages-list__item\"><a class=\"wp-block-pages-list__item__link\" href=\"https:\/\/bibliapresente.com\/postagens\/livros-da-biblia\/exodo\/exodo-35\/\">\u00caxodo 35 &#8211; A Oferta do Povo<\/a><\/li><li class=\"wp-block-pages-list__item\"><a class=\"wp-block-pages-list__item__link\" href=\"https:\/\/bibliapresente.com\/postagens\/livros-da-biblia\/exodo\/exodo-36\/\">\u00caxodo 36 &#8211; A Constru\u00e7\u00e3o do Tabern\u00e1culo<\/a><\/li><li class=\"wp-block-pages-list__item\"><a class=\"wp-block-pages-list__item__link\" href=\"https:\/\/bibliapresente.com\/postagens\/livros-da-biblia\/exodo\/exodo-37\/\">\u00caxodo 37 &#8211; A Arca, a Mesa e o Candelabro<\/a><\/li><li class=\"wp-block-pages-list__item\"><a class=\"wp-block-pages-list__item__link\" href=\"https:\/\/bibliapresente.com\/postagens\/livros-da-biblia\/exodo\/exodo-38\/\">\u00caxodo 38 &#8211; O Altar de Bronze<\/a><\/li><li class=\"wp-block-pages-list__item\"><a class=\"wp-block-pages-list__item__link\" href=\"https:\/\/bibliapresente.com\/postagens\/livros-da-biblia\/exodo\/exodo-39\/\">\u00caxodo 39 &#8211; A Confec\u00e7\u00e3o das Vestes<\/a><\/li><li class=\"wp-block-pages-list__item\"><a class=\"wp-block-pages-list__item__link\" href=\"https:\/\/bibliapresente.com\/postagens\/livros-da-biblia\/exodo\/exodo-40\/\">\u00caxodo 40 &#8211; A Consagra\u00e7\u00e3o do Tabern\u00e1culo<\/a><\/li><\/ul>\n\n\n<p><\/p>\n","protected":false},"excerpt":{"rendered":"<p>O c\u00e2ntico de Mois\u00e9s 1 Ent\u00e3o cantou Mois\u00e9s e os filhos de Israel este c\u00e2ntico ao SENHOR, e disseram: Cantarei eu ao SENHOR, porque se triunfou grandemente, Lan\u00e7ando no mar ao cavalo e ao que nele subia. 2 O SENHOR \u00e9 minha for\u00e7a, e minha can\u00e7\u00e3o, E foi-me por salva\u00e7\u00e3o: Este \u00e9 meu Deus, e &hellip; <\/p>\n","protected":false},"author":2,"featured_media":583,"parent":581,"menu_order":15,"comment_status":"closed","ping_status":"closed","template":"","meta":{"om_disable_all_campaigns":false,"_monsterinsights_skip_tracking":false,"_monsterinsights_sitenote_active":false,"_monsterinsights_sitenote_note":"","_monsterinsights_sitenote_category":0,"footnotes":""},"class_list":["post-616","page","type-page","status-publish","has-post-thumbnail","hentry"],"aioseo_notices":[],"_links":{"self":[{"href":"https:\/\/bibliapresente.com\/postagens\/wp-json\/wp\/v2\/pages\/616","targetHints":{"allow":["GET"]}}],"collection":[{"href":"https:\/\/bibliapresente.com\/postagens\/wp-json\/wp\/v2\/pages"}],"about":[{"href":"https:\/\/bibliapresente.com\/postagens\/wp-json\/wp\/v2\/types\/page"}],"author":[{"embeddable":true,"href":"https:\/\/bibliapresente.com\/postagens\/wp-json\/wp\/v2\/users\/2"}],"replies":[{"embeddable":true,"href":"https:\/\/bibliapresente.com\/postagens\/wp-json\/wp\/v2\/comments?post=616"}],"version-history":[{"count":5,"href":"https:\/\/bibliapresente.com\/postagens\/wp-json\/wp\/v2\/pages\/616\/revisions"}],"predecessor-version":[{"id":1171,"href":"https:\/\/bibliapresente.com\/postagens\/wp-json\/wp\/v2\/pages\/616\/revisions\/1171"}],"up":[{"embeddable":true,"href":"https:\/\/bibliapresente.com\/postagens\/wp-json\/wp\/v2\/pages\/581"}],"wp:featuredmedia":[{"embeddable":true,"href":"https:\/\/bibliapresente.com\/postagens\/wp-json\/wp\/v2\/media\/583"}],"wp:attachment":[{"href":"https:\/\/bibliapresente.com\/postagens\/wp-json\/wp\/v2\/media?parent=616"}],"curies":[{"name":"wp","href":"https:\/\/api.w.org\/{rel}","templated":true}]}}