{"id":612,"date":"2025-01-25T15:18:47","date_gmt":"2025-01-25T18:18:47","guid":{"rendered":"https:\/\/bibliapresente.com\/postagens\/?page_id=612"},"modified":"2025-01-28T16:40:18","modified_gmt":"2025-01-28T19:40:18","slug":"exodo-13","status":"publish","type":"page","link":"https:\/\/bibliapresente.com\/postagens\/livros-da-biblia\/exodo\/exodo-13\/","title":{"rendered":"\u00caxodo 13 &#8211; A Consagra\u00e7\u00e3o dos Primog\u00eanitos"},"content":{"rendered":"\n<h3 class=\"wp-block-heading\">Os primog\u00eanitos s\u00e3o santificados a Deus<\/h3>\n\n\n\n<p><span><span><sup><b>1<\/b><\/sup><\/span> E o SENHOR falou a Mois\u00e9s, dizendo: <br><span><sup><b>2<\/b><\/sup><\/span> Santifica para mim todo primog\u00eanito, qualquer um que abre madre entre os filhos de Israel, tanto dos homens como dos animais: meu \u00e9. <br><span><sup><b>3<\/b><\/sup><\/span> E Mois\u00e9s disse ao povo: Tende mem\u00f3ria deste dia, no qual sa\u00edstes do Egito, da casa de servid\u00e3o; pois o SENHOR vos tirou daqui com m\u00e3o forte; portanto, n\u00e3o comereis levedado. <br><span><sup><b>4<\/b><\/sup><\/span> V\u00f3s sa\u00eds hoje no m\u00eas de Abibe. <br><span><sup><b>5<\/b><\/sup><\/span> E quando o SENHOR te houver posto na terra dos cananeus, e dos heteus, e dos amorreus, e dos heveus, e dos jebuseus, a qual jurou a teus pais que te daria, terra que destila leite e mel, far\u00e1s este servi\u00e7o em este m\u00eas. <br><span><sup><b>6<\/b><\/sup><\/span> Sete dias comer\u00e1s sem levedar, e o s\u00e9timo dia ser\u00e1 festa ao SENHOR. <br><span><sup><b>7<\/b><\/sup><\/span> Por os sete dias se comer\u00e3o os p\u00e3es sem levedura; e n\u00e3o se ver\u00e1 contigo levedado, nem levedura ao todo teu termo. <br><span><sup><b>8<\/b><\/sup><\/span> E contar\u00e1s naquele dia a teu filho, dizendo: Faze-se isto com motivo do que o SENHOR fez comigo quando me tirou do Egito. <br><span><sup><b>9<\/b><\/sup><\/span> E ser\u00e1 para ti como um sinal sobre tua m\u00e3o, e como uma mem\u00f3ria diante de teus olhos, para que a lei do SENHOR esteja em tua boca; porquanto com m\u00e3o forte te tirou o SENHOR do Egito. <br><span><sup><b>10<\/b><\/sup><\/span> Portanto, tu guardar\u00e1s este rito em seu tempo de ano em ano. <br><span><sup><b>11<\/b><\/sup><\/span> E quando o SENHOR te houver posto na terra dos cananeus, como jurou a ti e a teus pais, e quando te a houver dado, <br><span><sup><b>12<\/b><\/sup><\/span> Far\u00e1s passar ao SENHOR todo o que abrir a madre, tamb\u00e9m todo primeiro que abrir a madre de teus animais: os machos ser\u00e3o do SENHOR. <br><span><sup><b>13<\/b><\/sup><\/span> Mas todo primog\u00eanito de asno redimir\u00e1s com um cordeiro; e se n\u00e3o o redimires, o degolar\u00e1s: tamb\u00e9m redimir\u00e1s todo humano primog\u00eanito de teus filhos. <br><span><sup><b>14<\/b><\/sup><\/span> E quando amanh\u00e3 te perguntar teu filho, dizendo: Que \u00e9 isto? Tu lhe dir\u00e1s: o SENHOR tirou com m\u00e3o forte do Egito, de casa de servid\u00e3o; <br><span><sup><b>15<\/b><\/sup><\/span> E endurecendo-se Fara\u00f3 em n\u00e3o nos deixar ir, o SENHOR matou na terra do Egito a todo primog\u00eanito, desde o primog\u00eanito humano at\u00e9 o primog\u00eanito do animal: e por esta causa eu sacrif\u00edcio ao SENHOR todo primog\u00eanito macho, e redimo todo primog\u00eanito de meus filhos. <br><span><sup><b>16<\/b><\/sup><\/span> Ser\u00e1 para ti, pois, como um sinal sobre tua m\u00e3o, e por uma mem\u00f3ria diante de teus olhos; j\u00e1 que o SENHOR tirou do Egito com m\u00e3o forte. <\/span><\/p>\n\n\n\n<h3 class=\"wp-block-heading\">Deus guia o povo pelo caminho<\/h3>\n\n\n\n<p><span><span><sup><b>17<\/b><\/sup><\/span> E logo que Fara\u00f3 deixou ir ao povo, Deus n\u00e3o os levou pelo caminho da terra dos filisteus, que estava pr\u00f3xima; porque disse Deus: Que talvez n\u00e3o se arrependa o povo quando virem a guerra, e se voltem ao Egito: <br><span><sup><b>18<\/b><\/sup><\/span> Mas fez Deus ao povo que rodeasse pelo caminho do deserto do mar Vermelho. E subiram os filhos de Israel do Egito armados. <br><span><sup><b>19<\/b><\/sup><\/span> Tomou tamb\u00e9m consigo Mois\u00e9s os ossos de Jos\u00e9, o qual havia juramentado aos filhos de Israel, dizendo: Deus certamente vos visitar\u00e1, e fareis subir meus ossos daqui convosco. <br><span><sup><b>20<\/b><\/sup><\/span> E partidos de Sucote, assentaram acampamento em Et\u00e3, \u00e0 entrada do deserto. <br><span><sup><b>21<\/b><\/sup><\/span> E o SENHOR ia diante deles de dia em uma coluna de nuvem, para gui\u00e1-los pelo caminho; e de noite em uma coluna de fogo para ilumin\u00e1-los, a fim de que andassem de dia e de noite. <br><span><sup><b>22<\/b><\/sup><\/span> Nunca se partiu de diante do povo a coluna de nuvem de dia, nem de noite a coluna de fogo.<\/span><\/p>\n\n\n\n<div class=\"wp-block-columns is-layout-flex wp-container-core-columns-is-layout-9d6595d7 wp-block-columns-is-layout-flex\">\n<div class=\"wp-block-column is-layout-flow wp-block-column-is-layout-flow\">\n<p><a href=\"\/exodo-12\">\u00caxodo 12<\/a><\/p>\n<\/div>\n\n\n\n<div class=\"wp-block-column is-layout-flow wp-block-column-is-layout-flow\">\n<p class=\"has-text-align-right\"><a href=\"\/exodo-14\">\u00caxodo 14<\/a><\/p>\n<\/div>\n<\/div>\n\n\n\n<h2 class=\"wp-block-heading\">Descri\u00e7\u00e3o &#8211; \u00caxodo 13<\/h2>\n\n\n\n<p class=\"has-medium-font-size\">\u00caxodo 13 relata a partida dos israelitas do Egito e a consagra\u00e7\u00e3o dos primog\u00eanitos em agradecimento pela prote\u00e7\u00e3o divina durante a P\u00e1scoa. Deus ordena que o povo celebre a P\u00e1scoa anualmente e dedica os primeiros frutos e primog\u00eanitos ao Senhor. Mois\u00e9s tamb\u00e9m orienta o povo a seguir a coluna de nuvem durante o dia e a coluna de fogo \u00e0 noite, que guiar\u00e1 a jornada at\u00e9 a Terra Prometida. Este cap\u00edtulo destaca a import\u00e2ncia da obedi\u00eancia a Deus e marca o in\u00edcio da jornada de liberta\u00e7\u00e3o, consolidando a alian\u00e7a divina e preparando Israel para os desafios futuros.<\/p>\n\n\n\n<h3 class=\"wp-block-heading\">Livro do \u00caxodo:<\/h3>\n\n\n<ul class=\"wp-block-page-list\"><li class=\"wp-block-pages-list__item\"><a class=\"wp-block-pages-list__item__link\" href=\"https:\/\/bibliapresente.com\/postagens\/livros-da-biblia\/exodo\/exodo-1\/\">\u00caxodo 1 &#8211; O Nascimento de Mois\u00e9s<\/a><\/li><li class=\"wp-block-pages-list__item\"><a class=\"wp-block-pages-list__item__link\" href=\"https:\/\/bibliapresente.com\/postagens\/livros-da-biblia\/exodo\/exodo-2\/\">\u00caxodo 2 &#8211; Mois\u00e9s no Pal\u00e1cio do Fara\u00f3<\/a><\/li><li class=\"wp-block-pages-list__item\"><a class=\"wp-block-pages-list__item__link\" href=\"https:\/\/bibliapresente.com\/postagens\/livros-da-biblia\/exodo\/exodo-3\/\">\u00caxodo 3 &#8211; O Chamado de Mois\u00e9s<\/a><\/li><li class=\"wp-block-pages-list__item\"><a class=\"wp-block-pages-list__item__link\" href=\"https:\/\/bibliapresente.com\/postagens\/livros-da-biblia\/exodo\/exodo-4\/\">\u00caxodo 4 &#8211; Deus D\u00e1 Sinais a Mois\u00e9s<\/a><\/li><li class=\"wp-block-pages-list__item\"><a class=\"wp-block-pages-list__item__link\" href=\"https:\/\/bibliapresente.com\/postagens\/livros-da-biblia\/exodo\/exodo-5\/\">\u00caxodo 5 &#8211; Mois\u00e9s e Ar\u00e3o Conrontam Fara\u00f3<\/a><\/li><li class=\"wp-block-pages-list__item\"><a class=\"wp-block-pages-list__item__link\" href=\"https:\/\/bibliapresente.com\/postagens\/livros-da-biblia\/exodo\/exodo-6\/\">\u00caxodo 6 &#8211; Deus promete livramento<\/a><\/li><li class=\"wp-block-pages-list__item\"><a class=\"wp-block-pages-list__item__link\" href=\"https:\/\/bibliapresente.com\/postagens\/livros-da-biblia\/exodo\/exodo-7\/\">\u00caxodo 7 &#8211; A Primeira Praga: Sangue<\/a><\/li><li class=\"wp-block-pages-list__item\"><a class=\"wp-block-pages-list__item__link\" href=\"https:\/\/bibliapresente.com\/postagens\/livros-da-biblia\/exodo\/exodo-8\/\">\u00caxodo 8 &#8211; Pragas: R\u00e3s, Piolhos e Moscas<\/a><\/li><li class=\"wp-block-pages-list__item\"><a class=\"wp-block-pages-list__item__link\" href=\"https:\/\/bibliapresente.com\/postagens\/livros-da-biblia\/exodo\/exodo-9\/\">\u00caxodo 9 &#8211; Pragas: Peste, \u00dalceras, Granizo<\/a><\/li><li class=\"wp-block-pages-list__item\"><a class=\"wp-block-pages-list__item__link\" href=\"https:\/\/bibliapresente.com\/postagens\/livros-da-biblia\/exodo\/exodo-10\/\">\u00caxodo 10 &#8211; Pragas: Gafanhotos e Trevas<\/a><\/li><li class=\"wp-block-pages-list__item\"><a class=\"wp-block-pages-list__item__link\" href=\"https:\/\/bibliapresente.com\/postagens\/livros-da-biblia\/exodo\/exodo-11\/\">\u00caxodo 11 &#8211; Deus anuncia a \u00faltima praga<\/a><\/li><li class=\"wp-block-pages-list__item\"><a class=\"wp-block-pages-list__item__link\" href=\"https:\/\/bibliapresente.com\/postagens\/livros-da-biblia\/exodo\/exodo-12\/\">\u00caxodo 12 &#8211; A P\u00e1scoa e a Liberta\u00e7\u00e3o<\/a><\/li><li class=\"wp-block-pages-list__item\"><a class=\"wp-block-pages-list__item__link\" href=\"https:\/\/bibliapresente.com\/postagens\/livros-da-biblia\/exodo\/exodo-13\/\">\u00caxodo 13 &#8211; A Consagra\u00e7\u00e3o dos Primog\u00eanitos<\/a><\/li><li class=\"wp-block-pages-list__item\"><a class=\"wp-block-pages-list__item__link\" href=\"https:\/\/bibliapresente.com\/postagens\/livros-da-biblia\/exodo\/exodo-14\/\">\u00caxodo 14 &#8211; A Travessia do Mar Vermelho<\/a><\/li><li class=\"wp-block-pages-list__item\"><a class=\"wp-block-pages-list__item__link\" href=\"https:\/\/bibliapresente.com\/postagens\/livros-da-biblia\/exodo\/exodo-15\/\">\u00caxodo 15 &#8211; O C\u00e2ntico de Mois\u00e9s<\/a><\/li><li class=\"wp-block-pages-list__item\"><a class=\"wp-block-pages-list__item__link\" href=\"https:\/\/bibliapresente.com\/postagens\/livros-da-biblia\/exodo\/exodo-16\/\">\u00caxodo 16 &#8211; O Man\u00e1 no Deserto<\/a><\/li><li class=\"wp-block-pages-list__item\"><a class=\"wp-block-pages-list__item__link\" href=\"https:\/\/bibliapresente.com\/postagens\/livros-da-biblia\/exodo\/exodo-17\/\">\u00caxodo 17 &#8211; \u00c1gua Brotando da Rocha<\/a><\/li><li class=\"wp-block-pages-list__item\"><a class=\"wp-block-pages-list__item__link\" href=\"https:\/\/bibliapresente.com\/postagens\/livros-da-biblia\/exodo\/exodo-18\/\">\u00caxodo 18 &#8211; Os Conselhos de Jetro<\/a><\/li><li class=\"wp-block-pages-list__item\"><a class=\"wp-block-pages-list__item__link\" href=\"https:\/\/bibliapresente.com\/postagens\/livros-da-biblia\/exodo\/exodo-19\/\">\u00caxodo 19 &#8211; A Chegada ao Monte Sinai<\/a><\/li><li class=\"wp-block-pages-list__item\"><a class=\"wp-block-pages-list__item__link\" href=\"https:\/\/bibliapresente.com\/postagens\/livros-da-biblia\/exodo\/exodo-20\/\">\u00caxodo 20 &#8211; Os Dez Mandamentos<\/a><\/li><li class=\"wp-block-pages-list__item\"><a class=\"wp-block-pages-list__item__link\" href=\"https:\/\/bibliapresente.com\/postagens\/livros-da-biblia\/exodo\/exodo-21\/\">\u00caxodo 21 &#8211; Leis Sobre Justi\u00e7a Social<\/a><\/li><li class=\"wp-block-pages-list__item\"><a class=\"wp-block-pages-list__item__link\" href=\"https:\/\/bibliapresente.com\/postagens\/livros-da-biblia\/exodo\/exodo-22\/\">\u00caxodo 22 &#8211; Leis Sobre Danos e Repara\u00e7\u00e3o<\/a><\/li><li class=\"wp-block-pages-list__item\"><a class=\"wp-block-pages-list__item__link\" href=\"https:\/\/bibliapresente.com\/postagens\/livros-da-biblia\/exodo\/exodo-23\/\">\u00caxodo 23 &#8211; Leis de Justi\u00e7a e Festividades<\/a><\/li><li class=\"wp-block-pages-list__item\"><a class=\"wp-block-pages-list__item__link\" href=\"https:\/\/bibliapresente.com\/postagens\/livros-da-biblia\/exodo\/exodo-24\/\">\u00caxodo 24 &#8211; A Confirma\u00e7\u00e3o da Alian\u00e7a<\/a><\/li><li class=\"wp-block-pages-list__item\"><a class=\"wp-block-pages-list__item__link\" href=\"https:\/\/bibliapresente.com\/postagens\/livros-da-biblia\/exodo\/exodo-25\/\">\u00caxodo 25 &#8211; Arca da Alian\u00e7a e Tabern\u00e1culo<\/a><\/li><li class=\"wp-block-pages-list__item\"><a class=\"wp-block-pages-list__item__link\" href=\"https:\/\/bibliapresente.com\/postagens\/livros-da-biblia\/exodo\/exodo-26\/\">\u00caxodo 26 &#8211; Construindo o Tabern\u00e1culo<\/a><\/li><li class=\"wp-block-pages-list__item\"><a class=\"wp-block-pages-list__item__link\" href=\"https:\/\/bibliapresente.com\/postagens\/livros-da-biblia\/exodo\/exodo-27\/\">\u00caxodo 27 &#8211; O Altar de Bronze<\/a><\/li><li class=\"wp-block-pages-list__item\"><a class=\"wp-block-pages-list__item__link\" href=\"https:\/\/bibliapresente.com\/postagens\/livros-da-biblia\/exodo\/exodo-28\/\">\u00caxodo 28 &#8211; O Vestu\u00e1rio dos Sacerdotes<\/a><\/li><li class=\"wp-block-pages-list__item\"><a class=\"wp-block-pages-list__item__link\" href=\"https:\/\/bibliapresente.com\/postagens\/livros-da-biblia\/exodo\/exodo-29\/\">\u00caxodo 29 &#8211; Consagra\u00e7\u00e3o de Ar\u00e3o<\/a><\/li><li class=\"wp-block-pages-list__item\"><a class=\"wp-block-pages-list__item__link\" href=\"https:\/\/bibliapresente.com\/postagens\/livros-da-biblia\/exodo\/exodo-30\/\">\u00caxodo 30 &#8211; O Altar do Incenso<\/a><\/li><li class=\"wp-block-pages-list__item\"><a class=\"wp-block-pages-list__item__link\" href=\"https:\/\/bibliapresente.com\/postagens\/livros-da-biblia\/exodo\/exodo-31\/\">\u00caxodo 31 &#8211; O S\u00e1bado<\/a><\/li><li class=\"wp-block-pages-list__item\"><a class=\"wp-block-pages-list__item__link\" href=\"https:\/\/bibliapresente.com\/postagens\/livros-da-biblia\/exodo\/exodo-32\/\">\u00caxodo 32 &#8211; O Bezerro de Ouro<\/a><\/li><li class=\"wp-block-pages-list__item\"><a class=\"wp-block-pages-list__item__link\" href=\"https:\/\/bibliapresente.com\/postagens\/livros-da-biblia\/exodo\/exodo-33\/\">\u00caxodo 33 &#8211; Deus promete a Sua presen\u00e7a<\/a><\/li><li class=\"wp-block-pages-list__item\"><a class=\"wp-block-pages-list__item__link\" href=\"https:\/\/bibliapresente.com\/postagens\/livros-da-biblia\/exodo\/exodo-34\/\">\u00caxodo 34 &#8211; A Renova\u00e7\u00e3o da Alian\u00e7a<\/a><\/li><li class=\"wp-block-pages-list__item\"><a class=\"wp-block-pages-list__item__link\" href=\"https:\/\/bibliapresente.com\/postagens\/livros-da-biblia\/exodo\/exodo-35\/\">\u00caxodo 35 &#8211; A Oferta do Povo<\/a><\/li><li class=\"wp-block-pages-list__item\"><a class=\"wp-block-pages-list__item__link\" href=\"https:\/\/bibliapresente.com\/postagens\/livros-da-biblia\/exodo\/exodo-36\/\">\u00caxodo 36 &#8211; A Constru\u00e7\u00e3o do Tabern\u00e1culo<\/a><\/li><li class=\"wp-block-pages-list__item\"><a class=\"wp-block-pages-list__item__link\" href=\"https:\/\/bibliapresente.com\/postagens\/livros-da-biblia\/exodo\/exodo-37\/\">\u00caxodo 37 &#8211; A Arca, a Mesa e o Candelabro<\/a><\/li><li class=\"wp-block-pages-list__item\"><a class=\"wp-block-pages-list__item__link\" href=\"https:\/\/bibliapresente.com\/postagens\/livros-da-biblia\/exodo\/exodo-38\/\">\u00caxodo 38 &#8211; O Altar de Bronze<\/a><\/li><li class=\"wp-block-pages-list__item\"><a class=\"wp-block-pages-list__item__link\" href=\"https:\/\/bibliapresente.com\/postagens\/livros-da-biblia\/exodo\/exodo-39\/\">\u00caxodo 39 &#8211; A Confec\u00e7\u00e3o das Vestes<\/a><\/li><li class=\"wp-block-pages-list__item\"><a class=\"wp-block-pages-list__item__link\" href=\"https:\/\/bibliapresente.com\/postagens\/livros-da-biblia\/exodo\/exodo-40\/\">\u00caxodo 40 &#8211; A Consagra\u00e7\u00e3o do Tabern\u00e1culo<\/a><\/li><\/ul>\n\n\n<p><\/p>\n","protected":false},"excerpt":{"rendered":"<p>Os primog\u00eanitos s\u00e3o santificados a Deus 1 E o SENHOR falou a Mois\u00e9s, dizendo: 2 Santifica para mim todo primog\u00eanito, qualquer um que abre madre entre os filhos de Israel, tanto dos homens como dos animais: meu \u00e9. 3 E Mois\u00e9s disse ao povo: Tende mem\u00f3ria deste dia, no qual sa\u00edstes do Egito, da casa &hellip; <\/p>\n","protected":false},"author":2,"featured_media":583,"parent":581,"menu_order":13,"comment_status":"closed","ping_status":"closed","template":"","meta":{"om_disable_all_campaigns":false,"_monsterinsights_skip_tracking":false,"_monsterinsights_sitenote_active":false,"_monsterinsights_sitenote_note":"","_monsterinsights_sitenote_category":0,"footnotes":""},"class_list":["post-612","page","type-page","status-publish","has-post-thumbnail","hentry"],"aioseo_notices":[],"_links":{"self":[{"href":"https:\/\/bibliapresente.com\/postagens\/wp-json\/wp\/v2\/pages\/612","targetHints":{"allow":["GET"]}}],"collection":[{"href":"https:\/\/bibliapresente.com\/postagens\/wp-json\/wp\/v2\/pages"}],"about":[{"href":"https:\/\/bibliapresente.com\/postagens\/wp-json\/wp\/v2\/types\/page"}],"author":[{"embeddable":true,"href":"https:\/\/bibliapresente.com\/postagens\/wp-json\/wp\/v2\/users\/2"}],"replies":[{"embeddable":true,"href":"https:\/\/bibliapresente.com\/postagens\/wp-json\/wp\/v2\/comments?post=612"}],"version-history":[{"count":5,"href":"https:\/\/bibliapresente.com\/postagens\/wp-json\/wp\/v2\/pages\/612\/revisions"}],"predecessor-version":[{"id":1166,"href":"https:\/\/bibliapresente.com\/postagens\/wp-json\/wp\/v2\/pages\/612\/revisions\/1166"}],"up":[{"embeddable":true,"href":"https:\/\/bibliapresente.com\/postagens\/wp-json\/wp\/v2\/pages\/581"}],"wp:featuredmedia":[{"embeddable":true,"href":"https:\/\/bibliapresente.com\/postagens\/wp-json\/wp\/v2\/media\/583"}],"wp:attachment":[{"href":"https:\/\/bibliapresente.com\/postagens\/wp-json\/wp\/v2\/media?parent=612"}],"curies":[{"name":"wp","href":"https:\/\/api.w.org\/{rel}","templated":true}]}}