{"id":606,"date":"2025-01-25T15:16:18","date_gmt":"2025-01-25T18:16:18","guid":{"rendered":"https:\/\/bibliapresente.com\/postagens\/?page_id=606"},"modified":"2025-01-26T21:38:12","modified_gmt":"2025-01-27T00:38:12","slug":"exodo-10","status":"publish","type":"page","link":"https:\/\/bibliapresente.com\/postagens\/livros-da-biblia\/exodo\/exodo-10\/","title":{"rendered":"\u00caxodo 10 &#8211; Pragas: Gafanhotos e Trevas"},"content":{"rendered":"\n<h3 class=\"wp-block-heading\">Deus amea\u00e7a Fara\u00f3 com a praga dos gafanhotos<\/h3>\n\n\n\n<p class=\"has-medium-font-size\" style=\"letter-spacing:1px\"><span><span><sup><b>1<\/b><\/sup><\/span> E o SENHOR disse a Mois\u00e9s: Entra \u00e0 presen\u00e7a de Fara\u00f3; porque eu agravei seu cora\u00e7\u00e3o, e o cora\u00e7\u00e3o de seus servos, para dar entre eles estes meus sinais; <br><span><sup><b>2<\/b><\/sup><\/span> E para que contes a teus filhos e a teus netos as coisas que eu fiz em Egito, e meus sinais que dei entre eles; e para que saibais que eu sou o SENHOR. <br><span><sup><b>3<\/b><\/sup><\/span> Ent\u00e3o vieram Mois\u00e9s e Ar\u00e3o a Fara\u00f3, e lhe disseram: O SENHOR, o Deus dos hebreus disse assim: At\u00e9 quando n\u00e3o querer\u00e1s humilhar-te diante de mim? Deixa ir a meu povo para que me sirvam. <br><span><sup><b>4<\/b><\/sup><\/span> E se ainda recusas deix\u00e1-lo ir, eis que eu trarei amanh\u00e3 gafanhotos em teus termos, <br><span><sup><b>5<\/b><\/sup><\/span> Os quais cobrir\u00e3o a face da terra, de modo que n\u00e3o se possa ver a terra; e ela comer\u00e1 o que restou salvo, o que vos restou do granizo; comer\u00e1 tamb\u00e9m toda \u00e1rvore que vos produz fruto no campo: <br><span><sup><b>6<\/b><\/sup><\/span> E se encher\u00e3o tuas casas, e as casas de todos os teus servos, e as casas de todos os eg\u00edpcios, qual nunca viram teus pais nem teus av\u00f3s, desde que eles foram sobre a terra at\u00e9 hoje. E voltou-se, e saiu da presen\u00e7a de Fara\u00f3. <br><span><sup><b>7<\/b><\/sup><\/span> Ent\u00e3o os servos de Fara\u00f3 lhe disseram: At\u00e9 quando nos ser\u00e1 este por la\u00e7o? Deixa ir a estes homens, para que sirvam ao SENHOR seu Deus; ainda n\u00e3o sabes que Egito est\u00e1 destru\u00eddo? <br><span><sup><b>8<\/b><\/sup><\/span> E Mois\u00e9s e Ar\u00e3o voltaram a ser chamados a Fara\u00f3, o qual lhes disse: Andai, servi ao SENHOR vosso Deus. Quem e quem s\u00e3o os que ir\u00e3o? <br><span><sup><b>9<\/b><\/sup><\/span> E Mois\u00e9s respondeu: Iremos com nossos meninos e com nossos velhos, com nossos filhos e com nossas filhas: com nossas ovelhas e com nossas vacas temos de ir; porque temos solenidade do SENHOR. <br><span><sup><b>10<\/b><\/sup><\/span> E ele lhes disse: Assim seja o SENHOR convosco como eu vos deixarei ir a v\u00f3s e a vossos meninos: olhai como o mal est\u00e1 diante de vosso rosto. <br><span><sup><b>11<\/b><\/sup><\/span> N\u00e3o ser\u00e1 assim: ide agora v\u00f3s os homens, e servi ao SENHOR: pois isto \u00e9 o que v\u00f3s pedistes. E expulsaram-nos de diante de Fara\u00f3. <\/span><\/p>\n\n\n\n<h3 class=\"wp-block-heading\">A praga dos gafanhotos<\/h3>\n\n\n\n<p class=\"has-medium-font-size\" style=\"letter-spacing:1px\"><span><span><sup><b>12<\/b><\/sup><\/span> Ent\u00e3o o SENHOR disse a Mois\u00e9s: Estende tua m\u00e3o sobre a terra do Egito para gafanhotos, a fim de que subam sobre o pa\u00eds do Egito, e consumam tudo o que o granizo deixou. <br><span><sup><b>13<\/b><\/sup><\/span> E estendeu Mois\u00e9s sua vara sobre a terra do Egito, e o SENHOR trouxe um vento oriental sobre o pa\u00eds todo aquele dia e toda aquela noite; e \u00e0 manh\u00e3 o vento oriental trouxe os gafanhotos: <br><span><sup><b>14<\/b><\/sup><\/span> E os gafanhotos subiram sobre toda a terra do Egito, e pousaram em todos os termos do Egito, em grande maneira grave: antes dela n\u00e3o houve gafanhotos semelhantes, nem depois deles vieram outros tais; <br><span><sup><b>15<\/b><\/sup><\/span> E cobriram a face de todo o pa\u00eds, e escureceu-se a terra; e consumiram toda a erva da terra, e todo o fruto das \u00e1rvores que havia deixado o granizo; que n\u00e3o restou coisa verde em \u00e1rvores nem em erva do campo, por toda a terra do Egito. <br><span><sup><b>16<\/b><\/sup><\/span> Ent\u00e3o Fara\u00f3 fez chamar depressa a Mois\u00e9s e a Ar\u00e3o, e disse: Pequei contra o SENHOR vosso Deus, e contra v\u00f3s. <br><span><sup><b>17<\/b><\/sup><\/span> Mas rogo agora que perdoes meu pecado somente esta vez, e que oreis ao SENHOR vosso Deus que tire de mim somente esta morte. <br><span><sup><b>18<\/b><\/sup><\/span> E saiu da presen\u00e7a de Fara\u00f3, e orou ao SENHOR. <br><span><sup><b>19<\/b><\/sup><\/span> E o SENHOR voltou um vento ocidental fort\u00edssimo, e tirou os gafanhotos, e lan\u00e7ou-os no mar Vermelho: nem um gafanhoto restou ao todo o termo do Egito. <br><span><sup><b>20<\/b><\/sup><\/span> Mas o SENHOR endureceu o cora\u00e7\u00e3o de Fara\u00f3; e n\u00e3o permitiu a sa\u00edda dos filhos de Israel. <\/span><\/p>\n\n\n\n<h3 class=\"wp-block-heading\">A praga das trevas<\/h3>\n\n\n\n<p class=\"has-medium-font-size\" style=\"letter-spacing:1px\"><span><span><sup><b>21<\/b><\/sup><\/span> E o SENHOR disse a Mois\u00e9s: Estende tua m\u00e3o at\u00e9 o c\u00e9u, para que haja trevas sobre a terra do Egito, tais que qualquer um as apalpe. <br><span><sup><b>22<\/b><\/sup><\/span> E estendeu Mois\u00e9s sua m\u00e3o at\u00e9 o c\u00e9u, e houve densas trevas tr\u00eas dias por toda a terra do Egito. <br><span><sup><b>23<\/b><\/sup><\/span> Nenhum viu a seu pr\u00f3ximo, nem ningu\u00e9m se levantou de seu lugar em tr\u00eas dias; mas todos os filhos de Israel tinham luz em suas habita\u00e7\u00f5es. <br><span><sup><b>24<\/b><\/sup><\/span> Ent\u00e3o Fara\u00f3 fez chamar a Mois\u00e9s, e disse: Ide, servi ao SENHOR; somente restem vossas ovelhas e vossas vacas: v\u00e3o tamb\u00e9m vossos meninos convosco. <br><span><sup><b>25<\/b><\/sup><\/span> E Mois\u00e9s respondeu: Tu tamb\u00e9m nos entregar\u00e1s sacrif\u00edcios e holocaustos que sacrifiquemos ao SENHOR nosso Deus. <br><span><sup><b>26<\/b><\/sup><\/span> Nossos gados ir\u00e3o tamb\u00e9m conosco; n\u00e3o ficar\u00e1 nem uma una; porque deles tomaremos para servir ao SENHOR nosso Deus; e n\u00e3o sabemos com que serviremos ao SENHOR, at\u00e9 que cheguemos ali. <br><span><sup><b>27<\/b><\/sup><\/span> Mas o SENHOR endureceu o cora\u00e7\u00e3o de Fara\u00f3, e n\u00e3o quis deix\u00e1-los ir. <br><span><sup><b>28<\/b><\/sup><\/span> E disse-lhe Fara\u00f3: Retira-te de mim: guarda-te que n\u00e3o vejas mais meu rosto, porque em qualquer dia que vires meu rosto, morrer\u00e1s. <br><span><sup><b>29<\/b><\/sup><\/span> E Mois\u00e9s respondeu: Bem disseste; n\u00e3o verei mais teu rosto.<\/span><\/p>\n\n\n\n<div class=\"wp-block-columns is-layout-flex wp-container-core-columns-is-layout-9d6595d7 wp-block-columns-is-layout-flex\">\n<div class=\"wp-block-column is-layout-flow wp-block-column-is-layout-flow\">\n<p><a href=\"\/exodo-9\">\u00caxodo 9<\/a><\/p>\n<\/div>\n\n\n\n<div class=\"wp-block-column is-layout-flow wp-block-column-is-layout-flow\">\n<p class=\"has-text-align-right\"><a href=\"\/exodo-11\">\u00caxodo 11<\/a><\/p>\n<\/div>\n<\/div>\n\n\n\n<h2 class=\"wp-block-heading\">Descri\u00e7\u00e3o &#8211; \u00caxodo 10<\/h2>\n\n\n\n<p class=\"has-medium-font-size\">\u00caxodo 10 narra as oitavas e nona pragas: gafanhotos e trevas, ampliando o julgamento de Deus sobre o Egito. Os gafanhotos devastam completamente as planta\u00e7\u00f5es restantes, trazendo fome e desespero ao povo eg\u00edpcio. Em seguida, Deus envia uma densa escurid\u00e3o que cobre o Egito por tr\u00eas dias, exceto nas casas dos israelitas, destacando Sua prote\u00e7\u00e3o. Apesar da crescente press\u00e3o, o fara\u00f3 permanece obstinado, recusando-se a libertar os israelitas completamente. Este cap\u00edtulo intensifica a tens\u00e3o na narrativa, preparando o cen\u00e1rio para a d\u00e9cima e \u00faltima praga, que culminar\u00e1 na liberta\u00e7\u00e3o de Israel, mostrando a soberania de Deus sobre a opress\u00e3o eg\u00edpcia.<\/p>\n\n\n\n<h3 class=\"wp-block-heading\">Livro do \u00caxodo:<\/h3>\n\n\n<ul class=\"wp-block-page-list\"><li class=\"wp-block-pages-list__item\"><a class=\"wp-block-pages-list__item__link\" href=\"https:\/\/bibliapresente.com\/postagens\/livros-da-biblia\/exodo\/exodo-1\/\">\u00caxodo 1 &#8211; O Nascimento de Mois\u00e9s<\/a><\/li><li class=\"wp-block-pages-list__item\"><a class=\"wp-block-pages-list__item__link\" href=\"https:\/\/bibliapresente.com\/postagens\/livros-da-biblia\/exodo\/exodo-2\/\">\u00caxodo 2 &#8211; Mois\u00e9s no Pal\u00e1cio do Fara\u00f3<\/a><\/li><li class=\"wp-block-pages-list__item\"><a class=\"wp-block-pages-list__item__link\" href=\"https:\/\/bibliapresente.com\/postagens\/livros-da-biblia\/exodo\/exodo-3\/\">\u00caxodo 3 &#8211; O Chamado de Mois\u00e9s<\/a><\/li><li class=\"wp-block-pages-list__item\"><a class=\"wp-block-pages-list__item__link\" href=\"https:\/\/bibliapresente.com\/postagens\/livros-da-biblia\/exodo\/exodo-4\/\">\u00caxodo 4 &#8211; Deus D\u00e1 Sinais a Mois\u00e9s<\/a><\/li><li class=\"wp-block-pages-list__item\"><a class=\"wp-block-pages-list__item__link\" href=\"https:\/\/bibliapresente.com\/postagens\/livros-da-biblia\/exodo\/exodo-5\/\">\u00caxodo 5 &#8211; Mois\u00e9s e Ar\u00e3o Conrontam Fara\u00f3<\/a><\/li><li class=\"wp-block-pages-list__item\"><a class=\"wp-block-pages-list__item__link\" href=\"https:\/\/bibliapresente.com\/postagens\/livros-da-biblia\/exodo\/exodo-6\/\">\u00caxodo 6 &#8211; Deus promete livramento<\/a><\/li><li class=\"wp-block-pages-list__item\"><a class=\"wp-block-pages-list__item__link\" href=\"https:\/\/bibliapresente.com\/postagens\/livros-da-biblia\/exodo\/exodo-7\/\">\u00caxodo 7 &#8211; A Primeira Praga: Sangue<\/a><\/li><li class=\"wp-block-pages-list__item\"><a class=\"wp-block-pages-list__item__link\" href=\"https:\/\/bibliapresente.com\/postagens\/livros-da-biblia\/exodo\/exodo-8\/\">\u00caxodo 8 &#8211; Pragas: R\u00e3s, Piolhos e Moscas<\/a><\/li><li class=\"wp-block-pages-list__item\"><a class=\"wp-block-pages-list__item__link\" href=\"https:\/\/bibliapresente.com\/postagens\/livros-da-biblia\/exodo\/exodo-9\/\">\u00caxodo 9 &#8211; Pragas: Peste, \u00dalceras, Granizo<\/a><\/li><li class=\"wp-block-pages-list__item\"><a class=\"wp-block-pages-list__item__link\" href=\"https:\/\/bibliapresente.com\/postagens\/livros-da-biblia\/exodo\/exodo-10\/\">\u00caxodo 10 &#8211; Pragas: Gafanhotos e Trevas<\/a><\/li><li class=\"wp-block-pages-list__item\"><a class=\"wp-block-pages-list__item__link\" href=\"https:\/\/bibliapresente.com\/postagens\/livros-da-biblia\/exodo\/exodo-11\/\">\u00caxodo 11 &#8211; Deus anuncia a \u00faltima praga<\/a><\/li><li class=\"wp-block-pages-list__item\"><a class=\"wp-block-pages-list__item__link\" href=\"https:\/\/bibliapresente.com\/postagens\/livros-da-biblia\/exodo\/exodo-12\/\">\u00caxodo 12 &#8211; A P\u00e1scoa e a Liberta\u00e7\u00e3o<\/a><\/li><li class=\"wp-block-pages-list__item\"><a class=\"wp-block-pages-list__item__link\" href=\"https:\/\/bibliapresente.com\/postagens\/livros-da-biblia\/exodo\/exodo-13\/\">\u00caxodo 13 &#8211; A Consagra\u00e7\u00e3o dos Primog\u00eanitos<\/a><\/li><li class=\"wp-block-pages-list__item\"><a class=\"wp-block-pages-list__item__link\" href=\"https:\/\/bibliapresente.com\/postagens\/livros-da-biblia\/exodo\/exodo-14\/\">\u00caxodo 14 &#8211; A Travessia do Mar Vermelho<\/a><\/li><li class=\"wp-block-pages-list__item\"><a class=\"wp-block-pages-list__item__link\" href=\"https:\/\/bibliapresente.com\/postagens\/livros-da-biblia\/exodo\/exodo-15\/\">\u00caxodo 15 &#8211; O C\u00e2ntico de Mois\u00e9s<\/a><\/li><li class=\"wp-block-pages-list__item\"><a class=\"wp-block-pages-list__item__link\" href=\"https:\/\/bibliapresente.com\/postagens\/livros-da-biblia\/exodo\/exodo-16\/\">\u00caxodo 16 &#8211; O Man\u00e1 no Deserto<\/a><\/li><li class=\"wp-block-pages-list__item\"><a class=\"wp-block-pages-list__item__link\" href=\"https:\/\/bibliapresente.com\/postagens\/livros-da-biblia\/exodo\/exodo-17\/\">\u00caxodo 17 &#8211; \u00c1gua Brotando da Rocha<\/a><\/li><li class=\"wp-block-pages-list__item\"><a class=\"wp-block-pages-list__item__link\" href=\"https:\/\/bibliapresente.com\/postagens\/livros-da-biblia\/exodo\/exodo-18\/\">\u00caxodo 18 &#8211; Os Conselhos de Jetro<\/a><\/li><li class=\"wp-block-pages-list__item\"><a class=\"wp-block-pages-list__item__link\" href=\"https:\/\/bibliapresente.com\/postagens\/livros-da-biblia\/exodo\/exodo-19\/\">\u00caxodo 19 &#8211; A Chegada ao Monte Sinai<\/a><\/li><li class=\"wp-block-pages-list__item\"><a class=\"wp-block-pages-list__item__link\" href=\"https:\/\/bibliapresente.com\/postagens\/livros-da-biblia\/exodo\/exodo-20\/\">\u00caxodo 20 &#8211; Os Dez Mandamentos<\/a><\/li><li class=\"wp-block-pages-list__item\"><a class=\"wp-block-pages-list__item__link\" href=\"https:\/\/bibliapresente.com\/postagens\/livros-da-biblia\/exodo\/exodo-21\/\">\u00caxodo 21 &#8211; Leis Sobre Justi\u00e7a Social<\/a><\/li><li class=\"wp-block-pages-list__item\"><a class=\"wp-block-pages-list__item__link\" href=\"https:\/\/bibliapresente.com\/postagens\/livros-da-biblia\/exodo\/exodo-22\/\">\u00caxodo 22 &#8211; Leis Sobre Danos e Repara\u00e7\u00e3o<\/a><\/li><li class=\"wp-block-pages-list__item\"><a class=\"wp-block-pages-list__item__link\" href=\"https:\/\/bibliapresente.com\/postagens\/livros-da-biblia\/exodo\/exodo-23\/\">\u00caxodo 23 &#8211; Leis de Justi\u00e7a e Festividades<\/a><\/li><li class=\"wp-block-pages-list__item\"><a class=\"wp-block-pages-list__item__link\" href=\"https:\/\/bibliapresente.com\/postagens\/livros-da-biblia\/exodo\/exodo-24\/\">\u00caxodo 24 &#8211; A Confirma\u00e7\u00e3o da Alian\u00e7a<\/a><\/li><li class=\"wp-block-pages-list__item\"><a class=\"wp-block-pages-list__item__link\" href=\"https:\/\/bibliapresente.com\/postagens\/livros-da-biblia\/exodo\/exodo-25\/\">\u00caxodo 25 &#8211; Arca da Alian\u00e7a e Tabern\u00e1culo<\/a><\/li><li class=\"wp-block-pages-list__item\"><a class=\"wp-block-pages-list__item__link\" href=\"https:\/\/bibliapresente.com\/postagens\/livros-da-biblia\/exodo\/exodo-26\/\">\u00caxodo 26 &#8211; Construindo o Tabern\u00e1culo<\/a><\/li><li class=\"wp-block-pages-list__item\"><a class=\"wp-block-pages-list__item__link\" href=\"https:\/\/bibliapresente.com\/postagens\/livros-da-biblia\/exodo\/exodo-27\/\">\u00caxodo 27 &#8211; O Altar de Bronze<\/a><\/li><li class=\"wp-block-pages-list__item\"><a class=\"wp-block-pages-list__item__link\" href=\"https:\/\/bibliapresente.com\/postagens\/livros-da-biblia\/exodo\/exodo-28\/\">\u00caxodo 28 &#8211; O Vestu\u00e1rio dos Sacerdotes<\/a><\/li><li class=\"wp-block-pages-list__item\"><a class=\"wp-block-pages-list__item__link\" href=\"https:\/\/bibliapresente.com\/postagens\/livros-da-biblia\/exodo\/exodo-29\/\">\u00caxodo 29 &#8211; Consagra\u00e7\u00e3o de Ar\u00e3o<\/a><\/li><li class=\"wp-block-pages-list__item\"><a class=\"wp-block-pages-list__item__link\" href=\"https:\/\/bibliapresente.com\/postagens\/livros-da-biblia\/exodo\/exodo-30\/\">\u00caxodo 30 &#8211; O Altar do Incenso<\/a><\/li><li class=\"wp-block-pages-list__item\"><a class=\"wp-block-pages-list__item__link\" href=\"https:\/\/bibliapresente.com\/postagens\/livros-da-biblia\/exodo\/exodo-31\/\">\u00caxodo 31 &#8211; O S\u00e1bado<\/a><\/li><li class=\"wp-block-pages-list__item\"><a class=\"wp-block-pages-list__item__link\" href=\"https:\/\/bibliapresente.com\/postagens\/livros-da-biblia\/exodo\/exodo-32\/\">\u00caxodo 32 &#8211; O Bezerro de Ouro<\/a><\/li><li class=\"wp-block-pages-list__item\"><a class=\"wp-block-pages-list__item__link\" href=\"https:\/\/bibliapresente.com\/postagens\/livros-da-biblia\/exodo\/exodo-33\/\">\u00caxodo 33 &#8211; Deus promete a Sua presen\u00e7a<\/a><\/li><li class=\"wp-block-pages-list__item\"><a class=\"wp-block-pages-list__item__link\" href=\"https:\/\/bibliapresente.com\/postagens\/livros-da-biblia\/exodo\/exodo-34\/\">\u00caxodo 34 &#8211; A Renova\u00e7\u00e3o da Alian\u00e7a<\/a><\/li><li class=\"wp-block-pages-list__item\"><a class=\"wp-block-pages-list__item__link\" href=\"https:\/\/bibliapresente.com\/postagens\/livros-da-biblia\/exodo\/exodo-35\/\">\u00caxodo 35 &#8211; A Oferta do Povo<\/a><\/li><li class=\"wp-block-pages-list__item\"><a class=\"wp-block-pages-list__item__link\" href=\"https:\/\/bibliapresente.com\/postagens\/livros-da-biblia\/exodo\/exodo-36\/\">\u00caxodo 36 &#8211; A Constru\u00e7\u00e3o do Tabern\u00e1culo<\/a><\/li><li class=\"wp-block-pages-list__item\"><a class=\"wp-block-pages-list__item__link\" href=\"https:\/\/bibliapresente.com\/postagens\/livros-da-biblia\/exodo\/exodo-37\/\">\u00caxodo 37 &#8211; A Arca, a Mesa e o Candelabro<\/a><\/li><li class=\"wp-block-pages-list__item\"><a class=\"wp-block-pages-list__item__link\" href=\"https:\/\/bibliapresente.com\/postagens\/livros-da-biblia\/exodo\/exodo-38\/\">\u00caxodo 38 &#8211; O Altar de Bronze<\/a><\/li><li class=\"wp-block-pages-list__item\"><a class=\"wp-block-pages-list__item__link\" href=\"https:\/\/bibliapresente.com\/postagens\/livros-da-biblia\/exodo\/exodo-39\/\">\u00caxodo 39 &#8211; A Confec\u00e7\u00e3o das Vestes<\/a><\/li><li class=\"wp-block-pages-list__item\"><a class=\"wp-block-pages-list__item__link\" href=\"https:\/\/bibliapresente.com\/postagens\/livros-da-biblia\/exodo\/exodo-40\/\">\u00caxodo 40 &#8211; A Consagra\u00e7\u00e3o do Tabern\u00e1culo<\/a><\/li><\/ul>\n\n\n<p><\/p>\n","protected":false},"excerpt":{"rendered":"<p>Deus amea\u00e7a Fara\u00f3 com a praga dos gafanhotos 1 E o SENHOR disse a Mois\u00e9s: Entra \u00e0 presen\u00e7a de Fara\u00f3; porque eu agravei seu cora\u00e7\u00e3o, e o cora\u00e7\u00e3o de seus servos, para dar entre eles estes meus sinais; 2 E para que contes a teus filhos e a teus netos as coisas que eu fiz &hellip; <\/p>\n","protected":false},"author":2,"featured_media":583,"parent":581,"menu_order":10,"comment_status":"closed","ping_status":"closed","template":"","meta":{"om_disable_all_campaigns":false,"_monsterinsights_skip_tracking":false,"_monsterinsights_sitenote_active":false,"_monsterinsights_sitenote_note":"","_monsterinsights_sitenote_category":0,"footnotes":""},"class_list":["post-606","page","type-page","status-publish","has-post-thumbnail","hentry"],"aioseo_notices":[],"_links":{"self":[{"href":"https:\/\/bibliapresente.com\/postagens\/wp-json\/wp\/v2\/pages\/606","targetHints":{"allow":["GET"]}}],"collection":[{"href":"https:\/\/bibliapresente.com\/postagens\/wp-json\/wp\/v2\/pages"}],"about":[{"href":"https:\/\/bibliapresente.com\/postagens\/wp-json\/wp\/v2\/types\/page"}],"author":[{"embeddable":true,"href":"https:\/\/bibliapresente.com\/postagens\/wp-json\/wp\/v2\/users\/2"}],"replies":[{"embeddable":true,"href":"https:\/\/bibliapresente.com\/postagens\/wp-json\/wp\/v2\/comments?post=606"}],"version-history":[{"count":5,"href":"https:\/\/bibliapresente.com\/postagens\/wp-json\/wp\/v2\/pages\/606\/revisions"}],"predecessor-version":[{"id":1160,"href":"https:\/\/bibliapresente.com\/postagens\/wp-json\/wp\/v2\/pages\/606\/revisions\/1160"}],"up":[{"embeddable":true,"href":"https:\/\/bibliapresente.com\/postagens\/wp-json\/wp\/v2\/pages\/581"}],"wp:featuredmedia":[{"embeddable":true,"href":"https:\/\/bibliapresente.com\/postagens\/wp-json\/wp\/v2\/media\/583"}],"wp:attachment":[{"href":"https:\/\/bibliapresente.com\/postagens\/wp-json\/wp\/v2\/media?parent=606"}],"curies":[{"name":"wp","href":"https:\/\/api.w.org\/{rel}","templated":true}]}}