{"id":597,"date":"2025-01-25T15:11:21","date_gmt":"2025-01-25T18:11:21","guid":{"rendered":"https:\/\/bibliapresente.com\/postagens\/?page_id=597"},"modified":"2025-01-26T21:23:24","modified_gmt":"2025-01-27T00:23:24","slug":"exodo-6","status":"publish","type":"page","link":"https:\/\/bibliapresente.com\/postagens\/livros-da-biblia\/exodo\/exodo-6\/","title":{"rendered":"\u00caxodo 6 &#8211; Deus promete livramento"},"content":{"rendered":"\n<p class=\"has-medium-font-size\" style=\"letter-spacing:1px\"><span><span><sup><b>1<\/b><\/sup><\/span> O SENHOR respondeu a Mois\u00e9s: Agora ver\u00e1s o que eu farei a Fara\u00f3; porque com m\u00e3o forte os deixar\u00e1 ir; e com m\u00e3o forte os expulsar\u00e1 de sua terra. <\/span><\/p>\n\n\n\n<h3 class=\"wp-block-heading\">Deus promete livrar os israelitas<\/h3>\n\n\n\n<p class=\"has-medium-font-size\" style=\"letter-spacing:1px\"><span><span><sup><b>2<\/b><\/sup><\/span> Falou, todavia, Deus a Mois\u00e9s, e disse-lhe: Eu sou o SENHOR; <br><span><sup><b>3<\/b><\/sup><\/span> E apareci a Abra\u00e3o, a Isaque e a Jac\u00f3 sob o nome de Deus Todo-Poderoso, mas em meu nome, EU-SOU, n\u00e3o me notifiquei a eles. <br><span><sup><b>4<\/b><\/sup><\/span> E tamb\u00e9m estabeleci meu pacto com eles, de dar-lhes a terra de Cana\u00e3, a terra em que foram estrangeiros, e na qual peregrinaram. <br><span><sup><b>5<\/b><\/sup><\/span> E tamb\u00e9m eu ouvi o gemido dos filhos de Israel, aos quais fazem servir os eg\u00edpcios, e lembrei-me de meu pacto. <br><span><sup><b>6<\/b><\/sup><\/span> Portanto dir\u00e1s aos filhos de Israel: EU SOU O SENHOR; e eu vos tirarei de debaixo das cargas do Egito, e vos livrarei de sua servid\u00e3o, e vos redimirei com bra\u00e7o estendido, e com ju\u00edzos grandes: <br><span><sup><b>7<\/b><\/sup><\/span> E vos tomarei por meu povo e serei vosso Deus: e v\u00f3s sabereis que eu sou o SENHOR vosso Deus, que vos tiro de debaixo das cargas do Egito: <br><span><sup><b>8<\/b><\/sup><\/span> E vos meterei na terra, pela qual levantei minha m\u00e3o que a daria a Abra\u00e3o, a Isaque e a Jac\u00f3: e eu vos a darei por heran\u00e7a. EU SOU O SENHOR. <br><span><sup><b>9<\/b><\/sup><\/span> Desta maneira falou Mois\u00e9s aos filhos de Israel: mas eles n\u00e3o escutavam a Mois\u00e9s por causa da ang\u00fastia de esp\u00edrito, e da dura servid\u00e3o. <br><span><sup><b>10<\/b><\/sup><\/span> E falou o SENHOR a Mois\u00e9s, dizendo: <br><span><sup><b>11<\/b><\/sup><\/span> Entra, e fala a Fara\u00f3 rei do Egito, que deixe ir de sua terra aos filhos de Israel. <br><span><sup><b>12<\/b><\/sup><\/span> E respondeu Mois\u00e9s diante do SENHOR, dizendo: Eis que, os filhos de Israel n\u00e3o me escutam: como, pois, me escutar\u00e1 Fara\u00f3, mormente sendo eu incircunciso de l\u00e1bios? <br><span><sup><b>13<\/b><\/sup><\/span> Ent\u00e3o o SENHOR falou a Mois\u00e9s e a Ar\u00e3o, e deu-lhes mandamento para os filhos de Israel, e para Fara\u00f3 rei do Egito, para que tirassem aos filhos de Israel da terra do Egito. <\/span><\/p>\n\n\n\n<h3 class=\"wp-block-heading\">Genealogias de R\u00faben, Sime\u00e3o e Levi<\/h3>\n\n\n\n<p class=\"has-medium-font-size\" style=\"letter-spacing:1px\"><span><span><sup><b>14<\/b><\/sup><\/span> Estes s\u00e3o os chefes das fam\u00edlias de seus pais. Os filhos de R\u00faben, o primog\u00eanito de Israel: Enoque e Palu, Hezrom e Carmi: estas s\u00e3o as fam\u00edlias de R\u00faben. <br><span><sup><b>15<\/b><\/sup><\/span> Os filhos de Sime\u00e3o: Jemuel, e Jamim, e Oade, e Jaquim, e Zoar, e Saul, filho de uma cananeia: estas s\u00e3o as fam\u00edlias de Sime\u00e3o. <br><span><sup><b>16<\/b><\/sup><\/span> E estes s\u00e3o os nomes dos filhos de Levi por suas linhagens: G\u00e9rson, e Coate, e Merari: E os anos da vida de Levi foram cento trinta e sete anos. <br><span><sup><b>17<\/b><\/sup><\/span> E os filhos de G\u00e9rson: Libni, e Simei, por suas fam\u00edlias. <br><span><sup><b>18<\/b><\/sup><\/span> E os filhos de Coate: Anr\u00e3o, e Izar, e Hebrom, e Uziel. E os anos da vida de Coate foram cento e trinta e tr\u00eas anos. <br><span><sup><b>19<\/b><\/sup><\/span> E os filhos de Merari: Mali, e Musi: estas s\u00e3o as fam\u00edlias de Levi por suas linhagens. <br><span><sup><b>20<\/b><\/sup><\/span> E Anr\u00e3o tomou por mulher a Joquebede sua tia, a qual lhe deu \u00e0 luz a Ar\u00e3o e a Mois\u00e9s. E os anos da vida de Anr\u00e3o foram cento e trinta e sete anos. <br><span><sup><b>21<\/b><\/sup><\/span> E os filhos de Izar: Cor\u00e1, e Nefegue e Zicri. <br><span><sup><b>22<\/b><\/sup><\/span> E os filhos de Uziel: Misael, e Elzaf\u00e3 e Sitri. <br><span><sup><b>23<\/b><\/sup><\/span> E tomou para si Ar\u00e3o por mulher a Eliseba, filha de Aminadabe, irm\u00e3 de Naassom; a qual lhe deu \u00e0 luz a Nadabe, e a Abi\u00fa, e a Eleazar, e a Itamar. <br><span><sup><b>24<\/b><\/sup><\/span> E os filhos de Cor\u00e1: Assir, e Elcana, e Abiasafe: estas s\u00e3o as fam\u00edlias dos cora\u00edtas. <br><span><sup><b>25<\/b><\/sup><\/span> E Eleazar, filho de Ar\u00e3o, tomou para si mulher das filhas de Putiel, a qual lhe deu \u00e0 luz a Fineias: E estes s\u00e3o os chefes dos pais dos levitas por suas fam\u00edlias. <br><span><sup><b>26<\/b><\/sup><\/span> Este \u00e9 aquele Ar\u00e3o e aquele Mois\u00e9s, aos quais o SENHOR disse: Tirai aos filhos de Israel da terra do Egito por seus esquadr\u00f5es. <br><span><sup><b>27<\/b><\/sup><\/span> Estes s\u00e3o os que falaram a Fara\u00f3 rei do Egito, para tirar do Egito aos filhos de Israel. Mois\u00e9s e Ar\u00e3o foram estes. <\/span><\/p>\n\n\n\n<h3 class=\"wp-block-heading\">Deus instrui Mois\u00e9s a falar outra vez com Fara\u00f3<\/h3>\n\n\n\n<p class=\"has-medium-font-size\" style=\"letter-spacing:1px\"><span><span><sup><b>28<\/b><\/sup><\/span> Quando o SENHOR falou a Mois\u00e9s na terra do Egito, <br><span><sup><b>29<\/b><\/sup><\/span> Ent\u00e3o o SENHOR falou a Mois\u00e9s, dizendo: Eu sou o SENHOR; dize a Fara\u00f3 rei do Egito todas as coisas que eu te digo. <br><span><sup><b>30<\/b><\/sup><\/span> E Mois\u00e9s respondeu diante do SENHOR: Eis que, eu sou incircunciso de l\u00e1bios, como, pois, me ouvir\u00e1 Fara\u00f3?<\/span><\/p>\n\n\n\n<div class=\"wp-block-columns is-layout-flex wp-container-core-columns-is-layout-9d6595d7 wp-block-columns-is-layout-flex\">\n<div class=\"wp-block-column is-layout-flow wp-block-column-is-layout-flow\">\n<p><a href=\"\/exodo-5\">\u00caxodo 5<\/a><\/p>\n<\/div>\n\n\n\n<div class=\"wp-block-column is-layout-flow wp-block-column-is-layout-flow\">\n<p class=\"has-text-align-right\"><a href=\"\/exodo-7\">\u00caxodo 7<\/a><\/p>\n<\/div>\n<\/div>\n\n\n\n<h2 class=\"wp-block-heading\">Descri\u00e7\u00e3o &#8211; \u00caxodo 6<\/h2>\n\n\n\n<p class=\"has-medium-font-size\">\u00caxodo 6 marca a reafirma\u00e7\u00e3o da promessa de Deus de libertar Israel da escravid\u00e3o no Egito. Ap\u00f3s o des\u00e2nimo causado pelo endurecimento do fara\u00f3, Deus lembra a Mois\u00e9s Sua alian\u00e7a com Abra\u00e3o, Isaque e Jac\u00f3, garantindo que cumprir\u00e1 Suas promessas. Ele declara Seu nome como &#8220;Yahweh&#8221; e reafirma que levar\u00e1 os israelitas \u00e0 Terra Prometida. Apesar das garantias divinas, o povo continua descrente devido \u00e0 opress\u00e3o. Este cap\u00edtulo \u00e9 fundamental para entender o v\u00ednculo entre a promessa feita aos patriarcas e a liberta\u00e7\u00e3o iminente, preparando o caminho para as a\u00e7\u00f5es milagrosas de Deus que culminar\u00e3o na sa\u00edda do Egito.<\/p>\n\n\n\n<h3 class=\"wp-block-heading\">Livro do \u00caxodo:<\/h3>\n\n\n<ul class=\"wp-block-page-list\"><li class=\"wp-block-pages-list__item\"><a class=\"wp-block-pages-list__item__link\" href=\"https:\/\/bibliapresente.com\/postagens\/livros-da-biblia\/exodo\/exodo-1\/\">\u00caxodo 1 &#8211; O Nascimento de Mois\u00e9s<\/a><\/li><li class=\"wp-block-pages-list__item\"><a class=\"wp-block-pages-list__item__link\" href=\"https:\/\/bibliapresente.com\/postagens\/livros-da-biblia\/exodo\/exodo-2\/\">\u00caxodo 2 &#8211; Mois\u00e9s no Pal\u00e1cio do Fara\u00f3<\/a><\/li><li class=\"wp-block-pages-list__item\"><a class=\"wp-block-pages-list__item__link\" href=\"https:\/\/bibliapresente.com\/postagens\/livros-da-biblia\/exodo\/exodo-3\/\">\u00caxodo 3 &#8211; O Chamado de Mois\u00e9s<\/a><\/li><li class=\"wp-block-pages-list__item\"><a class=\"wp-block-pages-list__item__link\" href=\"https:\/\/bibliapresente.com\/postagens\/livros-da-biblia\/exodo\/exodo-4\/\">\u00caxodo 4 &#8211; Deus D\u00e1 Sinais a Mois\u00e9s<\/a><\/li><li class=\"wp-block-pages-list__item\"><a class=\"wp-block-pages-list__item__link\" href=\"https:\/\/bibliapresente.com\/postagens\/livros-da-biblia\/exodo\/exodo-5\/\">\u00caxodo 5 &#8211; Mois\u00e9s e Ar\u00e3o Conrontam Fara\u00f3<\/a><\/li><li class=\"wp-block-pages-list__item\"><a class=\"wp-block-pages-list__item__link\" href=\"https:\/\/bibliapresente.com\/postagens\/livros-da-biblia\/exodo\/exodo-6\/\">\u00caxodo 6 &#8211; Deus promete livramento<\/a><\/li><li class=\"wp-block-pages-list__item\"><a class=\"wp-block-pages-list__item__link\" href=\"https:\/\/bibliapresente.com\/postagens\/livros-da-biblia\/exodo\/exodo-7\/\">\u00caxodo 7 &#8211; A Primeira Praga: Sangue<\/a><\/li><li class=\"wp-block-pages-list__item\"><a class=\"wp-block-pages-list__item__link\" href=\"https:\/\/bibliapresente.com\/postagens\/livros-da-biblia\/exodo\/exodo-8\/\">\u00caxodo 8 &#8211; Pragas: R\u00e3s, Piolhos e Moscas<\/a><\/li><li class=\"wp-block-pages-list__item\"><a class=\"wp-block-pages-list__item__link\" href=\"https:\/\/bibliapresente.com\/postagens\/livros-da-biblia\/exodo\/exodo-9\/\">\u00caxodo 9 &#8211; Pragas: Peste, \u00dalceras, Granizo<\/a><\/li><li class=\"wp-block-pages-list__item\"><a class=\"wp-block-pages-list__item__link\" href=\"https:\/\/bibliapresente.com\/postagens\/livros-da-biblia\/exodo\/exodo-10\/\">\u00caxodo 10 &#8211; Pragas: Gafanhotos e Trevas<\/a><\/li><li class=\"wp-block-pages-list__item\"><a class=\"wp-block-pages-list__item__link\" href=\"https:\/\/bibliapresente.com\/postagens\/livros-da-biblia\/exodo\/exodo-11\/\">\u00caxodo 11 &#8211; Deus anuncia a \u00faltima praga<\/a><\/li><li class=\"wp-block-pages-list__item\"><a class=\"wp-block-pages-list__item__link\" href=\"https:\/\/bibliapresente.com\/postagens\/livros-da-biblia\/exodo\/exodo-12\/\">\u00caxodo 12 &#8211; A P\u00e1scoa e a Liberta\u00e7\u00e3o<\/a><\/li><li class=\"wp-block-pages-list__item\"><a class=\"wp-block-pages-list__item__link\" href=\"https:\/\/bibliapresente.com\/postagens\/livros-da-biblia\/exodo\/exodo-13\/\">\u00caxodo 13 &#8211; A Consagra\u00e7\u00e3o dos Primog\u00eanitos<\/a><\/li><li class=\"wp-block-pages-list__item\"><a class=\"wp-block-pages-list__item__link\" href=\"https:\/\/bibliapresente.com\/postagens\/livros-da-biblia\/exodo\/exodo-14\/\">\u00caxodo 14 &#8211; A Travessia do Mar Vermelho<\/a><\/li><li class=\"wp-block-pages-list__item\"><a class=\"wp-block-pages-list__item__link\" href=\"https:\/\/bibliapresente.com\/postagens\/livros-da-biblia\/exodo\/exodo-15\/\">\u00caxodo 15 &#8211; O C\u00e2ntico de Mois\u00e9s<\/a><\/li><li class=\"wp-block-pages-list__item\"><a class=\"wp-block-pages-list__item__link\" href=\"https:\/\/bibliapresente.com\/postagens\/livros-da-biblia\/exodo\/exodo-16\/\">\u00caxodo 16 &#8211; O Man\u00e1 no Deserto<\/a><\/li><li class=\"wp-block-pages-list__item\"><a class=\"wp-block-pages-list__item__link\" href=\"https:\/\/bibliapresente.com\/postagens\/livros-da-biblia\/exodo\/exodo-17\/\">\u00caxodo 17 &#8211; \u00c1gua Brotando da Rocha<\/a><\/li><li class=\"wp-block-pages-list__item\"><a class=\"wp-block-pages-list__item__link\" href=\"https:\/\/bibliapresente.com\/postagens\/livros-da-biblia\/exodo\/exodo-18\/\">\u00caxodo 18 &#8211; Os Conselhos de Jetro<\/a><\/li><li class=\"wp-block-pages-list__item\"><a class=\"wp-block-pages-list__item__link\" href=\"https:\/\/bibliapresente.com\/postagens\/livros-da-biblia\/exodo\/exodo-19\/\">\u00caxodo 19 &#8211; A Chegada ao Monte Sinai<\/a><\/li><li class=\"wp-block-pages-list__item\"><a class=\"wp-block-pages-list__item__link\" href=\"https:\/\/bibliapresente.com\/postagens\/livros-da-biblia\/exodo\/exodo-20\/\">\u00caxodo 20 &#8211; Os Dez Mandamentos<\/a><\/li><li class=\"wp-block-pages-list__item\"><a class=\"wp-block-pages-list__item__link\" href=\"https:\/\/bibliapresente.com\/postagens\/livros-da-biblia\/exodo\/exodo-21\/\">\u00caxodo 21 &#8211; Leis Sobre Justi\u00e7a Social<\/a><\/li><li class=\"wp-block-pages-list__item\"><a class=\"wp-block-pages-list__item__link\" href=\"https:\/\/bibliapresente.com\/postagens\/livros-da-biblia\/exodo\/exodo-22\/\">\u00caxodo 22 &#8211; Leis Sobre Danos e Repara\u00e7\u00e3o<\/a><\/li><li class=\"wp-block-pages-list__item\"><a class=\"wp-block-pages-list__item__link\" href=\"https:\/\/bibliapresente.com\/postagens\/livros-da-biblia\/exodo\/exodo-23\/\">\u00caxodo 23 &#8211; Leis de Justi\u00e7a e Festividades<\/a><\/li><li class=\"wp-block-pages-list__item\"><a class=\"wp-block-pages-list__item__link\" href=\"https:\/\/bibliapresente.com\/postagens\/livros-da-biblia\/exodo\/exodo-24\/\">\u00caxodo 24 &#8211; A Confirma\u00e7\u00e3o da Alian\u00e7a<\/a><\/li><li class=\"wp-block-pages-list__item\"><a class=\"wp-block-pages-list__item__link\" href=\"https:\/\/bibliapresente.com\/postagens\/livros-da-biblia\/exodo\/exodo-25\/\">\u00caxodo 25 &#8211; Arca da Alian\u00e7a e Tabern\u00e1culo<\/a><\/li><li class=\"wp-block-pages-list__item\"><a class=\"wp-block-pages-list__item__link\" href=\"https:\/\/bibliapresente.com\/postagens\/livros-da-biblia\/exodo\/exodo-26\/\">\u00caxodo 26 &#8211; Construindo o Tabern\u00e1culo<\/a><\/li><li class=\"wp-block-pages-list__item\"><a class=\"wp-block-pages-list__item__link\" href=\"https:\/\/bibliapresente.com\/postagens\/livros-da-biblia\/exodo\/exodo-27\/\">\u00caxodo 27 &#8211; O Altar de Bronze<\/a><\/li><li class=\"wp-block-pages-list__item\"><a class=\"wp-block-pages-list__item__link\" href=\"https:\/\/bibliapresente.com\/postagens\/livros-da-biblia\/exodo\/exodo-28\/\">\u00caxodo 28 &#8211; O Vestu\u00e1rio dos Sacerdotes<\/a><\/li><li class=\"wp-block-pages-list__item\"><a class=\"wp-block-pages-list__item__link\" href=\"https:\/\/bibliapresente.com\/postagens\/livros-da-biblia\/exodo\/exodo-29\/\">\u00caxodo 29 &#8211; Consagra\u00e7\u00e3o de Ar\u00e3o<\/a><\/li><li class=\"wp-block-pages-list__item\"><a class=\"wp-block-pages-list__item__link\" href=\"https:\/\/bibliapresente.com\/postagens\/livros-da-biblia\/exodo\/exodo-30\/\">\u00caxodo 30 &#8211; O Altar do Incenso<\/a><\/li><li class=\"wp-block-pages-list__item\"><a class=\"wp-block-pages-list__item__link\" href=\"https:\/\/bibliapresente.com\/postagens\/livros-da-biblia\/exodo\/exodo-31\/\">\u00caxodo 31 &#8211; O S\u00e1bado<\/a><\/li><li class=\"wp-block-pages-list__item\"><a class=\"wp-block-pages-list__item__link\" href=\"https:\/\/bibliapresente.com\/postagens\/livros-da-biblia\/exodo\/exodo-32\/\">\u00caxodo 32 &#8211; O Bezerro de Ouro<\/a><\/li><li class=\"wp-block-pages-list__item\"><a class=\"wp-block-pages-list__item__link\" href=\"https:\/\/bibliapresente.com\/postagens\/livros-da-biblia\/exodo\/exodo-33\/\">\u00caxodo 33 &#8211; Deus promete a Sua presen\u00e7a<\/a><\/li><li class=\"wp-block-pages-list__item\"><a class=\"wp-block-pages-list__item__link\" href=\"https:\/\/bibliapresente.com\/postagens\/livros-da-biblia\/exodo\/exodo-34\/\">\u00caxodo 34 &#8211; A Renova\u00e7\u00e3o da Alian\u00e7a<\/a><\/li><li class=\"wp-block-pages-list__item\"><a class=\"wp-block-pages-list__item__link\" href=\"https:\/\/bibliapresente.com\/postagens\/livros-da-biblia\/exodo\/exodo-35\/\">\u00caxodo 35 &#8211; A Oferta do Povo<\/a><\/li><li class=\"wp-block-pages-list__item\"><a class=\"wp-block-pages-list__item__link\" href=\"https:\/\/bibliapresente.com\/postagens\/livros-da-biblia\/exodo\/exodo-36\/\">\u00caxodo 36 &#8211; A Constru\u00e7\u00e3o do Tabern\u00e1culo<\/a><\/li><li class=\"wp-block-pages-list__item\"><a class=\"wp-block-pages-list__item__link\" href=\"https:\/\/bibliapresente.com\/postagens\/livros-da-biblia\/exodo\/exodo-37\/\">\u00caxodo 37 &#8211; A Arca, a Mesa e o Candelabro<\/a><\/li><li class=\"wp-block-pages-list__item\"><a class=\"wp-block-pages-list__item__link\" href=\"https:\/\/bibliapresente.com\/postagens\/livros-da-biblia\/exodo\/exodo-38\/\">\u00caxodo 38 &#8211; O Altar de Bronze<\/a><\/li><li class=\"wp-block-pages-list__item\"><a class=\"wp-block-pages-list__item__link\" href=\"https:\/\/bibliapresente.com\/postagens\/livros-da-biblia\/exodo\/exodo-39\/\">\u00caxodo 39 &#8211; A Confec\u00e7\u00e3o das Vestes<\/a><\/li><li class=\"wp-block-pages-list__item\"><a class=\"wp-block-pages-list__item__link\" href=\"https:\/\/bibliapresente.com\/postagens\/livros-da-biblia\/exodo\/exodo-40\/\">\u00caxodo 40 &#8211; A Consagra\u00e7\u00e3o do Tabern\u00e1culo<\/a><\/li><\/ul>\n\n\n<p><\/p>\n","protected":false},"excerpt":{"rendered":"<p>1 O SENHOR respondeu a Mois\u00e9s: Agora ver\u00e1s o que eu farei a Fara\u00f3; porque com m\u00e3o forte os deixar\u00e1 ir; e com m\u00e3o forte os expulsar\u00e1 de sua terra. Deus promete livrar os israelitas 2 Falou, todavia, Deus a Mois\u00e9s, e disse-lhe: Eu sou o SENHOR; 3 E apareci a Abra\u00e3o, a Isaque e &hellip; <\/p>\n","protected":false},"author":2,"featured_media":583,"parent":581,"menu_order":6,"comment_status":"closed","ping_status":"closed","template":"","meta":{"om_disable_all_campaigns":false,"_monsterinsights_skip_tracking":false,"_monsterinsights_sitenote_active":false,"_monsterinsights_sitenote_note":"","_monsterinsights_sitenote_category":0,"footnotes":""},"class_list":["post-597","page","type-page","status-publish","has-post-thumbnail","hentry"],"aioseo_notices":[],"_links":{"self":[{"href":"https:\/\/bibliapresente.com\/postagens\/wp-json\/wp\/v2\/pages\/597","targetHints":{"allow":["GET"]}}],"collection":[{"href":"https:\/\/bibliapresente.com\/postagens\/wp-json\/wp\/v2\/pages"}],"about":[{"href":"https:\/\/bibliapresente.com\/postagens\/wp-json\/wp\/v2\/types\/page"}],"author":[{"embeddable":true,"href":"https:\/\/bibliapresente.com\/postagens\/wp-json\/wp\/v2\/users\/2"}],"replies":[{"embeddable":true,"href":"https:\/\/bibliapresente.com\/postagens\/wp-json\/wp\/v2\/comments?post=597"}],"version-history":[{"count":7,"href":"https:\/\/bibliapresente.com\/postagens\/wp-json\/wp\/v2\/pages\/597\/revisions"}],"predecessor-version":[{"id":1150,"href":"https:\/\/bibliapresente.com\/postagens\/wp-json\/wp\/v2\/pages\/597\/revisions\/1150"}],"up":[{"embeddable":true,"href":"https:\/\/bibliapresente.com\/postagens\/wp-json\/wp\/v2\/pages\/581"}],"wp:featuredmedia":[{"embeddable":true,"href":"https:\/\/bibliapresente.com\/postagens\/wp-json\/wp\/v2\/media\/583"}],"wp:attachment":[{"href":"https:\/\/bibliapresente.com\/postagens\/wp-json\/wp\/v2\/media?parent=597"}],"curies":[{"name":"wp","href":"https:\/\/api.w.org\/{rel}","templated":true}]}}