{"id":388,"date":"2025-01-04T22:49:21","date_gmt":"2025-01-05T01:49:21","guid":{"rendered":"https:\/\/bibliapresente.com\/postagens\/?page_id=388"},"modified":"2025-01-04T22:49:22","modified_gmt":"2025-01-05T01:49:22","slug":"genesis-50","status":"publish","type":"page","link":"https:\/\/bibliapresente.com\/postagens\/livros-da-biblia\/genesis\/genesis-50\/","title":{"rendered":"G\u00eanesis 50 &#8211; A Morte de Jac\u00f3"},"content":{"rendered":"\n<p class=\"has-medium-font-size\" style=\"letter-spacing:1px\"><span><span><sup><b>1<\/b><\/sup><\/span> Ent\u00e3o se lan\u00e7ou Jos\u00e9 sobre o rosto de seu pai, e chorou sobre ele, e o beijou. <\/span><br><span><span><sup><b>2<\/b><\/sup><\/span> E mandou Jos\u00e9 a seus servos m\u00e9dicos que embalsamassem a seu pai; e os m\u00e9dicos embalsamaram a Israel. <\/span><br><span><span><sup><b>3<\/b><\/sup><\/span> E cumpriam-lhe quarenta dias, porque assim cumpriam os dias dos embalsamados, e choraram-no os eg\u00edpcios setenta dias. <\/span><br><span><span><sup><b>4<\/b><\/sup><\/span> E passados os dias de seu luto, falou Jos\u00e9 aos da casa de Fara\u00f3, dizendo: Se achei agora favor em vossos olhos, vos rogo que faleis aos ouvidos de Fara\u00f3, dizendo: <\/span><br><span><span><sup><b>5<\/b><\/sup><\/span> Meu pai me fez jurar dizendo: Eis que eu morro; em meu sepulcro que eu cavei para mim na terra de Cana\u00e3, ali me sepultar\u00e1s; rogo, pois, que v\u00e1 eu agora, e sepultarei a meu pai, e voltarei. <\/span><br><span><span><sup><b>6<\/b><\/sup><\/span> E Fara\u00f3 disse: Vai, e sepulta a teu pai, como ele te fez jurar. <\/span><br><span><span><sup><b>7<\/b><\/sup><\/span> Ent\u00e3o Jos\u00e9 subiu a sepultar a seu pai; e subiram com ele todos os servos de Fara\u00f3, os anci\u00e3os de sua casa, e todos os anci\u00e3os da terra do Egito. <\/span><br><span><span><sup><b>8<\/b><\/sup><\/span> E toda a casa de Jos\u00e9, e seus irm\u00e3os, e a casa de seu pai: somente deixaram na terra de G\u00f3sen seus filhos, e suas ovelhas e suas vacas. <\/span><br><span><span><sup><b>9<\/b><\/sup><\/span> E subiram tamb\u00e9m com ele carros e cavaleiros, e fez-se um esquadr\u00e3o muito grande. <\/span><br><span><span><sup><b>10<\/b><\/sup><\/span> E chegaram at\u00e9 a eira de Atade, que est\u00e1 \u00e0 outra parte do Jord\u00e3o, e lamentaram ali com grande e muito grave lamenta\u00e7\u00e3o: e Jos\u00e9 fez a seu pai luto por sete dias. <\/span><br><span><span><sup><b>11<\/b><\/sup><\/span> E vendo os moradores da terra, os cananeus, o pranto na eira de Atade, disseram: Pranto grande \u00e9 este dos eg\u00edpcios: por isso foi chamado seu nome Abel-Mizraim, que est\u00e1 \u00e0 outra parte do Jord\u00e3o. <\/span><br><span><span><sup><b>12<\/b><\/sup><\/span> Fizeram, pois, seus filhos com ele, segundo lhes havia mandado: <\/span><br><span><span><sup><b>13<\/b><\/sup><\/span> Pois seus filhos o levaram \u00e0 terra de Cana\u00e3, e o sepultaram na caverna do campo de Macpela, a que havia comprado Abra\u00e3o com o mesmo campo, para heran\u00e7a de sepultura, de Efrom o heteu, diante de Manre. <\/span><br><span><span><sup><b>14<\/b><\/sup><\/span> E voltou Jos\u00e9 ao Egito, ele e seus irm\u00e3os, e todos os que subiram com ele a sepultar a seu pai, depois que o sepultou. <\/span><br><span><span><sup><b>15<\/b><\/sup><\/span> E vendo os irm\u00e3os de Jos\u00e9 que seu pai era morto, disseram: Talvez Jos\u00e9 nos odeie, e nos retribua de todo o mal que lhe fizemos. <\/span><br><span><span><sup><b>16<\/b><\/sup><\/span> E enviaram a dizer a Jos\u00e9: Teu pai mandou antes de sua morte, dizendo: <\/span><br><span><span><sup><b>17<\/b><\/sup><\/span> Assim direis a Jos\u00e9: Rogo-te que perdoes agora a maldade de teus irm\u00e3os e seu pecado, porque mal te trataram: portanto agora te rogamos que perdoes a maldade dos servos do Deus de teu pai. E Jos\u00e9 chorou enquanto falavam. <\/span><br><span><span><sup><b>18<\/b><\/sup><\/span> E vieram tamb\u00e9m seus irm\u00e3os, e prostraram-se diante dele, e disseram: Eis-nos aqui por teus servos. <\/span><br><span><span><sup><b>19<\/b><\/sup><\/span> E respondeu-lhes Jos\u00e9: N\u00e3o temais: estou eu em lugar de Deus? <\/span><br><span><span><sup><b>20<\/b><\/sup><\/span> V\u00f3s pensastes mal sobre mim, mas Deus o encaminhou para o bem, para fazer o que vemos hoje, para manter em vida a muito povo. <\/span><br><span><span><sup><b>21<\/b><\/sup><\/span> Agora, pois, n\u00e3o tenhais medo; eu sustentarei a v\u00f3s e a vossos filhos. Assim os consolou, e lhes falou ao cora\u00e7\u00e3o. <\/span><br><span><span><sup><b>22<\/b><\/sup><\/span> E esteve Jos\u00e9 no Egito, ele e a casa de seu pai: e viveu Jos\u00e9 cento dez anos. <\/span><br><span><span><sup><b>23<\/b><\/sup><\/span> E viu Jos\u00e9 os filhos de Efraim at\u00e9 a terceira gera\u00e7\u00e3o: tamb\u00e9m os filhos de Maquir, filho de Manass\u00e9s, foram criados sobre os joelhos de Jos\u00e9. <\/span><br><span><span><sup><b>24<\/b><\/sup><\/span> E Jos\u00e9 disse a seus irm\u00e3os: Eu me morro; mas Deus certamente vos visitar\u00e1, e vos far\u00e1 subir desta terra \u00e0 terra que jurou a Abra\u00e3o, a Isaque, e a Jac\u00f3. <\/span><br><span><span><sup><b>25<\/b><\/sup><\/span> E fez jurar Jos\u00e9 aos filhos de Israel, dizendo: Deus certamente vos visitar\u00e1, e fareis levar daqui meus ossos. <\/span><br><span><span><sup><b>26<\/b><\/sup><\/span> E morreu Jos\u00e9 da idade de cento e dez anos; e embalsamaram-no, e foi posto em um caix\u00e3o no Egito.<\/span><\/p>\n\n\n\n<div class=\"wp-block-columns is-layout-flex wp-container-core-columns-is-layout-9d6595d7 wp-block-columns-is-layout-flex\">\n<div class=\"wp-block-column is-layout-flow wp-block-column-is-layout-flow\">\n<p><a href=\"\/genesis-49\">G\u00eanesis 49<\/a><\/p>\n<\/div>\n\n\n\n<div class=\"wp-block-column is-layout-flow wp-block-column-is-layout-flow\">\n<p class=\"has-text-align-right\"><a href=\"\/exodo-1\">\u00caxodo 1<\/a><\/p>\n<\/div>\n<\/div>\n\n\n\n<h2 class=\"wp-block-heading\">Descri\u00e7\u00e3o &#8211; G\u00eanesis 50<\/h2>\n\n\n\n<p class=\"has-medium-font-size\">G\u00eanesis 50 encerra o livro de G\u00eanesis com a morte de Jac\u00f3 e a prepara\u00e7\u00e3o de seu enterro. Jos\u00e9, agora governante do Egito, cumpre a promessa de levar o corpo de seu pai de volta \u00e0 terra prometida. O cap\u00edtulo tamb\u00e9m destaca o perd\u00e3o de Jos\u00e9 aos seus irm\u00e3os, que temiam sua vingan\u00e7a ap\u00f3s a morte de Jac\u00f3. Jos\u00e9 revela a soberania de Deus sobre os eventos da vida deles, mostrando como Ele usou as adversidades para cumprir Seu prop\u00f3sito.<\/p>\n\n\n\n<h3 class=\"wp-block-heading\">Livro do G\u00eanesis:<\/h3>\n\n\n<ul class=\"wp-block-page-list\"><li class=\"wp-block-pages-list__item\"><a class=\"wp-block-pages-list__item__link\" href=\"https:\/\/bibliapresente.com\/postagens\/livros-da-biblia\/genesis\/genesis-1\/\">G\u00eanesis 1 &#8211; A Cria\u00e7\u00e3o do Universo<\/a><\/li><li class=\"wp-block-pages-list__item\"><a class=\"wp-block-pages-list__item__link\" href=\"https:\/\/bibliapresente.com\/postagens\/livros-da-biblia\/genesis\/genesis-2\/\">G\u00eanesis 2 &#8211; O Jardim do \u00c9den<\/a><\/li><li class=\"wp-block-pages-list__item\"><a class=\"wp-block-pages-list__item__link\" href=\"https:\/\/bibliapresente.com\/postagens\/livros-da-biblia\/genesis\/genesis-3\/\">G\u00eanesis 3 &#8211; O Pecado Original<\/a><\/li><li class=\"wp-block-pages-list__item\"><a class=\"wp-block-pages-list__item__link\" href=\"https:\/\/bibliapresente.com\/postagens\/livros-da-biblia\/genesis\/genesis-4\/\">G\u00eanesis 4 &#8211; Caim e Abel<\/a><\/li><li class=\"wp-block-pages-list__item\"><a class=\"wp-block-pages-list__item__link\" href=\"https:\/\/bibliapresente.com\/postagens\/livros-da-biblia\/genesis\/genesis-5\/\">G\u00eanesis 5 &#8211; Genealogia de Ad\u00e3o a No\u00e9<\/a><\/li><li class=\"wp-block-pages-list__item\"><a class=\"wp-block-pages-list__item__link\" href=\"https:\/\/bibliapresente.com\/postagens\/livros-da-biblia\/genesis\/genesis-6-a-corrupcao-e-o-chamado-de-noe\/\">G\u00eanesis 6 &#8211; A Corrup\u00e7\u00e3o e o Chamado de No\u00e9<\/a><\/li><li class=\"wp-block-pages-list__item\"><a class=\"wp-block-pages-list__item__link\" href=\"https:\/\/bibliapresente.com\/postagens\/livros-da-biblia\/genesis\/genesis-7\/\">G\u00eanesis 7 &#8211; O Grande Dil\u00favio<\/a><\/li><li class=\"wp-block-pages-list__item\"><a class=\"wp-block-pages-list__item__link\" href=\"https:\/\/bibliapresente.com\/postagens\/livros-da-biblia\/genesis\/genesis-8\/\">G\u00eanesis 8 &#8211; As \u00c1guas do Dil\u00favio Recuam<\/a><\/li><li class=\"wp-block-pages-list__item\"><a class=\"wp-block-pages-list__item__link\" href=\"https:\/\/bibliapresente.com\/postagens\/livros-da-biblia\/genesis\/genesis-9\/\">G\u00eanesis 9 &#8211; A Grande Alian\u00e7a do Arco-\u00cdris<\/a><\/li><li class=\"wp-block-pages-list__item\"><a class=\"wp-block-pages-list__item__link\" href=\"https:\/\/bibliapresente.com\/postagens\/livros-da-biblia\/genesis\/genesis-10-as-nacoes-descendentes-de-noe\/\">G\u00eanesis 10 &#8211; As Na\u00e7\u00f5es Descendentes de No\u00e9<\/a><\/li><li class=\"wp-block-pages-list__item\"><a class=\"wp-block-pages-list__item__link\" href=\"https:\/\/bibliapresente.com\/postagens\/livros-da-biblia\/genesis\/genesis-11-a-torre-de-babel\/\">G\u00eanesis 11 &#8211; A Torre de Babel<\/a><\/li><li class=\"wp-block-pages-list__item\"><a class=\"wp-block-pages-list__item__link\" href=\"https:\/\/bibliapresente.com\/postagens\/livros-da-biblia\/genesis\/genesis-12-o-chamado-de-abraao\/\">G\u00eanesis 12 &#8211; O Chamado de Abra\u00e3o<\/a><\/li><li class=\"wp-block-pages-list__item\"><a class=\"wp-block-pages-list__item__link\" href=\"https:\/\/bibliapresente.com\/postagens\/livros-da-biblia\/genesis\/genesis-13-a-separacao-de-abrao-e-lo\/\">G\u00eanesis 13 &#8211; A Separa\u00e7\u00e3o de Abr\u00e3o e L\u00f3<\/a><\/li><li class=\"wp-block-pages-list__item\"><a class=\"wp-block-pages-list__item__link\" href=\"https:\/\/bibliapresente.com\/postagens\/livros-da-biblia\/genesis\/genesis-14\/\">G\u00eanesis 14 &#8211; A B\u00ean\u00e7\u00e3o de Melquisedeque<\/a><\/li><li class=\"wp-block-pages-list__item\"><a class=\"wp-block-pages-list__item__link\" href=\"https:\/\/bibliapresente.com\/postagens\/livros-da-biblia\/genesis\/genesis-15\/\">G\u00eanesis 15 &#8211; A Alian\u00e7a de Deus com Abr\u00e3o<\/a><\/li><li class=\"wp-block-pages-list__item\"><a class=\"wp-block-pages-list__item__link\" href=\"https:\/\/bibliapresente.com\/postagens\/livros-da-biblia\/genesis\/genesis-16\/\">G\u00eanesis 16 &#8211; O Nascimento de Ismael<\/a><\/li><li class=\"wp-block-pages-list__item\"><a class=\"wp-block-pages-list__item__link\" href=\"https:\/\/bibliapresente.com\/postagens\/livros-da-biblia\/genesis\/genesis-17\/\">G\u00eanesis 17 &#8211; A Institui\u00e7\u00e3o da Circuncis\u00e3o<\/a><\/li><li class=\"wp-block-pages-list__item\"><a class=\"wp-block-pages-list__item__link\" href=\"https:\/\/bibliapresente.com\/postagens\/livros-da-biblia\/genesis\/genesis-18\/\">G\u00eanesis 18 &#8211; A Visita dos Tr\u00eas Anjos<\/a><\/li><li class=\"wp-block-pages-list__item\"><a class=\"wp-block-pages-list__item__link\" href=\"https:\/\/bibliapresente.com\/postagens\/livros-da-biblia\/genesis\/genesis-19\/\">G\u00eanesis 19 &#8211; Sodoma e Gomorra<\/a><\/li><li class=\"wp-block-pages-list__item\"><a class=\"wp-block-pages-list__item__link\" href=\"https:\/\/bibliapresente.com\/postagens\/livros-da-biblia\/genesis\/genesis-20\/\">G\u00eanesis 20 &#8211; Abra\u00e3o e Abimeleque<\/a><\/li><li class=\"wp-block-pages-list__item\"><a class=\"wp-block-pages-list__item__link\" href=\"https:\/\/bibliapresente.com\/postagens\/livros-da-biblia\/genesis\/genesis-21\/\">G\u00eanesis 21 &#8211; O Nascimento de Isaque<\/a><\/li><li class=\"wp-block-pages-list__item\"><a class=\"wp-block-pages-list__item__link\" href=\"https:\/\/bibliapresente.com\/postagens\/livros-da-biblia\/genesis\/genesis-22\/\">G\u00eanesis 22 &#8211; O Sacrif\u00edcio de Isaque<\/a><\/li><li class=\"wp-block-pages-list__item\"><a class=\"wp-block-pages-list__item__link\" href=\"https:\/\/bibliapresente.com\/postagens\/livros-da-biblia\/genesis\/genesis-23\/\">G\u00eanesis 23 &#8211; A Morte de Sara<\/a><\/li><li class=\"wp-block-pages-list__item\"><a class=\"wp-block-pages-list__item__link\" href=\"https:\/\/bibliapresente.com\/postagens\/livros-da-biblia\/genesis\/genesis-24\/\">G\u00eanesis 24 &#8211; O Casamento de Isaque<\/a><\/li><li class=\"wp-block-pages-list__item\"><a class=\"wp-block-pages-list__item__link\" href=\"https:\/\/bibliapresente.com\/postagens\/livros-da-biblia\/genesis\/genesis-25\/\">G\u00eanesis 25 &#8211; O Nascimento de Esa\u00fa e Jac\u00f3<\/a><\/li><li class=\"wp-block-pages-list__item\"><a class=\"wp-block-pages-list__item__link\" href=\"https:\/\/bibliapresente.com\/postagens\/livros-da-biblia\/genesis\/genesis-26\/\">G\u00eanesis 26 &#8211; As Promessas de Deus a Isaque<\/a><\/li><li class=\"wp-block-pages-list__item\"><a class=\"wp-block-pages-list__item__link\" href=\"https:\/\/bibliapresente.com\/postagens\/livros-da-biblia\/genesis\/genesis-27\/\">G\u00eanesis 27 &#8211; Jac\u00f3 Engana Isaque<\/a><\/li><li class=\"wp-block-pages-list__item\"><a class=\"wp-block-pages-list__item__link\" href=\"https:\/\/bibliapresente.com\/postagens\/livros-da-biblia\/genesis\/genesis-28\/\">G\u00eanesis 28 &#8211; O Sonho de Jac\u00f3 em Betel<\/a><\/li><li class=\"wp-block-pages-list__item\"><a class=\"wp-block-pages-list__item__link\" href=\"https:\/\/bibliapresente.com\/postagens\/livros-da-biblia\/genesis\/genesis-29\/\">G\u00eanesis 29 &#8211; Jac\u00f3 e as Filhas de Lab\u00e3o<\/a><\/li><li class=\"wp-block-pages-list__item\"><a class=\"wp-block-pages-list__item__link\" href=\"https:\/\/bibliapresente.com\/postagens\/livros-da-biblia\/genesis\/genesis-30\/\">G\u00eanesis 30 &#8211; O Acordo de Jac\u00f3 com Lab\u00e3o<\/a><\/li><li class=\"wp-block-pages-list__item\"><a class=\"wp-block-pages-list__item__link\" href=\"https:\/\/bibliapresente.com\/postagens\/livros-da-biblia\/genesis\/genesis-31\/\">G\u00eanesis 31 &#8211; A Fuga de Jac\u00f3<\/a><\/li><li class=\"wp-block-pages-list__item\"><a class=\"wp-block-pages-list__item__link\" href=\"https:\/\/bibliapresente.com\/postagens\/livros-da-biblia\/genesis\/genesis-32\/\">G\u00eanesis 32 &#8211; A Luta de Jac\u00f3 com O Anjo<\/a><\/li><li class=\"wp-block-pages-list__item\"><a class=\"wp-block-pages-list__item__link\" href=\"https:\/\/bibliapresente.com\/postagens\/livros-da-biblia\/genesis\/genesis-33\/\">G\u00eanesis 33 &#8211; A Reconcilia\u00e7\u00e3o de Jac\u00f3 e Esa\u00fa<\/a><\/li><li class=\"wp-block-pages-list__item\"><a class=\"wp-block-pages-list__item__link\" href=\"https:\/\/bibliapresente.com\/postagens\/livros-da-biblia\/genesis\/genesis-34\/\">G\u00eanesis 34 &#8211; O Caso de Din\u00e1<\/a><\/li><li class=\"wp-block-pages-list__item\"><a class=\"wp-block-pages-list__item__link\" href=\"https:\/\/bibliapresente.com\/postagens\/livros-da-biblia\/genesis\/genesis-35\/\">G\u00eanesis 35 &#8211; A Consagra\u00e7\u00e3o de Jac\u00f3 em Betel<\/a><\/li><li class=\"wp-block-pages-list__item\"><a class=\"wp-block-pages-list__item__link\" href=\"https:\/\/bibliapresente.com\/postagens\/livros-da-biblia\/genesis\/genesis-36\/\">G\u00eanesis 36 &#8211; Os Descendentes de Esa\u00fa<\/a><\/li><li class=\"wp-block-pages-list__item\"><a class=\"wp-block-pages-list__item__link\" href=\"https:\/\/bibliapresente.com\/postagens\/livros-da-biblia\/genesis\/genesis-37\/\">G\u00eanesis 37 &#8211; Jos\u00e9 Vendido como Escravo<\/a><\/li><li class=\"wp-block-pages-list__item\"><a class=\"wp-block-pages-list__item__link\" href=\"https:\/\/bibliapresente.com\/postagens\/livros-da-biblia\/genesis\/genesis-38\/\">G\u00eanesis 38 &#8211; Jud\u00e1 e Tamar<\/a><\/li><li class=\"wp-block-pages-list__item\"><a class=\"wp-block-pages-list__item__link\" href=\"https:\/\/bibliapresente.com\/postagens\/livros-da-biblia\/genesis\/genesis-39\/\">G\u00eanesis 39 &#8211; Jos\u00e9 na Casa de Potifar<\/a><\/li><li class=\"wp-block-pages-list__item\"><a class=\"wp-block-pages-list__item__link\" href=\"https:\/\/bibliapresente.com\/postagens\/livros-da-biblia\/genesis\/genesis-40\/\">G\u00eanesis 40 &#8211; Jos\u00e9 Interpreta Sonhos<\/a><\/li><li class=\"wp-block-pages-list__item\"><a class=\"wp-block-pages-list__item__link\" href=\"https:\/\/bibliapresente.com\/postagens\/livros-da-biblia\/genesis\/genesis-41\/\">G\u00eanesis 41 &#8211; O Sonho do Fara\u00f3<\/a><\/li><li class=\"wp-block-pages-list__item\"><a class=\"wp-block-pages-list__item__link\" href=\"https:\/\/bibliapresente.com\/postagens\/livros-da-biblia\/genesis\/genesis-42\/\">G\u00eanesis 42 &#8211; Os Irm\u00e3os de Jos\u00e9 no Egito<\/a><\/li><li class=\"wp-block-pages-list__item\"><a class=\"wp-block-pages-list__item__link\" href=\"https:\/\/bibliapresente.com\/postagens\/livros-da-biblia\/genesis\/genesis-43\/\">G\u00eanesis 43 &#8211; Benjamim Vai ao Egito<\/a><\/li><li class=\"wp-block-pages-list__item\"><a class=\"wp-block-pages-list__item__link\" href=\"https:\/\/bibliapresente.com\/postagens\/livros-da-biblia\/genesis\/genesis-44\/\">G\u00eanesis 44 &#8211; O Sacrif\u00edcio de Jud\u00e1<\/a><\/li><li class=\"wp-block-pages-list__item\"><a class=\"wp-block-pages-list__item__link\" href=\"https:\/\/bibliapresente.com\/postagens\/livros-da-biblia\/genesis\/genesis-45\/\">G\u00eanesis 45 &#8211; Jos\u00e9 se Revela a seus Irm\u00e3os<\/a><\/li><li class=\"wp-block-pages-list__item\"><a class=\"wp-block-pages-list__item__link\" href=\"https:\/\/bibliapresente.com\/postagens\/livros-da-biblia\/genesis\/genesis-46\/\">G\u00eanesis 46 &#8211; A Viagem de Jac\u00f3 ao Egito<\/a><\/li><li class=\"wp-block-pages-list__item\"><a class=\"wp-block-pages-list__item__link\" href=\"https:\/\/bibliapresente.com\/postagens\/livros-da-biblia\/genesis\/genesis-47\/\">G\u00eanesis 47 &#8211; Jac\u00f3 Aben\u00e7oa o Fara\u00f3<\/a><\/li><li class=\"wp-block-pages-list__item\"><a class=\"wp-block-pages-list__item__link\" href=\"https:\/\/bibliapresente.com\/postagens\/livros-da-biblia\/genesis\/genesis-48\/\">G\u00eanesis 48 &#8211; Jac\u00f3 Aben\u00e7oa os Filhos de Jos\u00e9<\/a><\/li><li class=\"wp-block-pages-list__item\"><a class=\"wp-block-pages-list__item__link\" href=\"https:\/\/bibliapresente.com\/postagens\/livros-da-biblia\/genesis\/genesis-49\/\">G\u00eanesis 49 &#8211; B\u00ean\u00e7\u00e3os de Jac\u00f3 a Seus Filhos<\/a><\/li><li class=\"wp-block-pages-list__item\"><a class=\"wp-block-pages-list__item__link\" href=\"https:\/\/bibliapresente.com\/postagens\/livros-da-biblia\/genesis\/genesis-50\/\">G\u00eanesis 50 &#8211; A Morte de Jac\u00f3<\/a><\/li><\/ul>","protected":false},"excerpt":{"rendered":"<p>1 Ent\u00e3o se lan\u00e7ou Jos\u00e9 sobre o rosto de seu pai, e chorou sobre ele, e o beijou. 2 E mandou Jos\u00e9 a seus servos m\u00e9dicos que embalsamassem a seu pai; e os m\u00e9dicos embalsamaram a Israel. 3 E cumpriam-lhe quarenta dias, porque assim cumpriam os dias dos embalsamados, e choraram-no os eg\u00edpcios setenta dias. &hellip; <\/p>\n","protected":false},"author":2,"featured_media":263,"parent":233,"menu_order":50,"comment_status":"closed","ping_status":"closed","template":"","meta":{"om_disable_all_campaigns":false,"_monsterinsights_skip_tracking":false,"_monsterinsights_sitenote_active":false,"_monsterinsights_sitenote_note":"","_monsterinsights_sitenote_category":0,"footnotes":""},"class_list":["post-388","page","type-page","status-publish","has-post-thumbnail","hentry"],"aioseo_notices":[],"_links":{"self":[{"href":"https:\/\/bibliapresente.com\/postagens\/wp-json\/wp\/v2\/pages\/388","targetHints":{"allow":["GET"]}}],"collection":[{"href":"https:\/\/bibliapresente.com\/postagens\/wp-json\/wp\/v2\/pages"}],"about":[{"href":"https:\/\/bibliapresente.com\/postagens\/wp-json\/wp\/v2\/types\/page"}],"author":[{"embeddable":true,"href":"https:\/\/bibliapresente.com\/postagens\/wp-json\/wp\/v2\/users\/2"}],"replies":[{"embeddable":true,"href":"https:\/\/bibliapresente.com\/postagens\/wp-json\/wp\/v2\/comments?post=388"}],"version-history":[{"count":5,"href":"https:\/\/bibliapresente.com\/postagens\/wp-json\/wp\/v2\/pages\/388\/revisions"}],"predecessor-version":[{"id":573,"href":"https:\/\/bibliapresente.com\/postagens\/wp-json\/wp\/v2\/pages\/388\/revisions\/573"}],"up":[{"embeddable":true,"href":"https:\/\/bibliapresente.com\/postagens\/wp-json\/wp\/v2\/pages\/233"}],"wp:featuredmedia":[{"embeddable":true,"href":"https:\/\/bibliapresente.com\/postagens\/wp-json\/wp\/v2\/media\/263"}],"wp:attachment":[{"href":"https:\/\/bibliapresente.com\/postagens\/wp-json\/wp\/v2\/media?parent=388"}],"curies":[{"name":"wp","href":"https:\/\/api.w.org\/{rel}","templated":true}]}}