{"id":372,"date":"2025-01-04T19:57:45","date_gmt":"2025-01-04T22:57:45","guid":{"rendered":"https:\/\/bibliapresente.com\/postagens\/?page_id=372"},"modified":"2025-01-04T19:57:47","modified_gmt":"2025-01-04T22:57:47","slug":"genesis-42","status":"publish","type":"page","link":"https:\/\/bibliapresente.com\/postagens\/livros-da-biblia\/genesis\/genesis-42\/","title":{"rendered":"G\u00eanesis 42 &#8211; Os Irm\u00e3os de Jos\u00e9 no Egito"},"content":{"rendered":"\n<p class=\"has-medium-font-size\" style=\"letter-spacing:1px\"><span><span><sup><b>1<\/b><\/sup><\/span> E vendo Jac\u00f3 que no Egito havia alimentos, disse a seus filhos: Por que estais olhando uns para os outros? <\/span><br><span><span><sup><b>2<\/b><\/sup><\/span> E disse: Eis que, eu ouvi que h\u00e1 alimentos no Egito; descei ali, e comprai dali para n\u00f3s, para que possamos viver, e n\u00e3o nos morramos. <\/span><br><span><span><sup><b>3<\/b><\/sup><\/span> E desceram os dez irm\u00e3os de Jos\u00e9 a comprar trigo ao Egito. <\/span><br><span><span><sup><b>4<\/b><\/sup><\/span> Mas Jac\u00f3 n\u00e3o enviou a Benjamim irm\u00e3o de Jos\u00e9 com seus irm\u00e3os; porque disse: N\u00e3o seja acaso que lhe aconte\u00e7a algum desastre. <\/span><br><span><span><sup><b>5<\/b><\/sup><\/span> E vieram os filhos de Israel a comprar entre os que vinham: porque havia fome na terra de Cana\u00e3. <\/span><br><span><span><sup><b>6<\/b><\/sup><\/span> E Jos\u00e9 era o senhor da terra, que vendia a todo o povo da terra: e chegaram os irm\u00e3os de Jos\u00e9, e inclinaram-se a ele rosto por terra. <\/span><br><span><span><sup><b>7<\/b><\/sup><\/span> E Jos\u00e9 quando viu seus irm\u00e3os, reconheceu-os; mas fez que n\u00e3o os conhecesse, e falou-lhes asperamente, e lhes disse: De onde viestes? Eles responderam: Da terra de Cana\u00e3 a comprar alimentos. <\/span><br><span><span><sup><b>8<\/b><\/sup><\/span> Jos\u00e9, pois, reconheceu a seus irm\u00e3os; mas eles n\u00e3o o reconheceram. <\/span><br><span><span><sup><b>9<\/b><\/sup><\/span> Ent\u00e3o se lembrou Jos\u00e9 dos sonhos que havia tido deles, e disse-lhes: Espias sois; para ver o descoberto do pa\u00eds viestes. <\/span><br><span><span><sup><b>10<\/b><\/sup><\/span> E eles lhe responderam: N\u00e3o, senhor meu: mas teus servos vieram a comprar alimentos. <\/span><br><span><span><sup><b>11<\/b><\/sup><\/span> Todos n\u00f3s somos filhos de um homem: somos homens honestos: teus servos nunca foram espias. <\/span><br><span><span><sup><b>12<\/b><\/sup><\/span> E ele lhes disse: N\u00e3o; para ver o descoberto do pa\u00eds viestes. <\/span><br><span><span><sup><b>13<\/b><\/sup><\/span> E eles responderam: Teus servos somos doze irm\u00e3os, filhos de um homem na terra de Cana\u00e3; e eis que o menor est\u00e1 hoje com nosso pai, e outro desapareceu. <\/span><br><span><span><sup><b>14<\/b><\/sup><\/span> E Jos\u00e9 lhes disse: Isso \u00e9 o que vos disse, afirmando que sois espias: <\/span><br><span><span><sup><b>15<\/b><\/sup><\/span> Nisto sereis provados: Vive Fara\u00f3 que n\u00e3o saireis daqui, a n\u00e3o ser quando vosso irm\u00e3o menor aqui vier. <\/span><br><span><span><sup><b>16<\/b><\/sup><\/span> Enviai um de v\u00f3s, e traga a vosso irm\u00e3o; e v\u00f3s ficai presos, e vossas palavras ser\u00e3o provadas, se h\u00e1 verdade convosco: e se n\u00e3o, vive Fara\u00f3, que sois espias. <\/span><br><span><span><sup><b>17<\/b><\/sup><\/span> E juntou-os no c\u00e1rcere por tr\u00eas dias. <\/span><br><span><span><sup><b>18<\/b><\/sup><\/span> E ao terceiro dia disse-lhes Jos\u00e9: Fazei isto, e vivei: Eu temo a Deus: <\/span><br><span><span><sup><b>19<\/b><\/sup><\/span> Se sois homens honestos, fique preso na casa de vosso c\u00e1rcere um de vossos irm\u00e3os; e v\u00f3s ide, levai o alimento para a fome de vossa casa: <\/span><br><span><span><sup><b>20<\/b><\/sup><\/span> Por\u00e9m haveis de trazer-me a vosso irm\u00e3o mais novo, e ser\u00e3o verificadas vossas palavras, e n\u00e3o morrereis. E eles o fizeram assim. <\/span><br><span><span><sup><b>21<\/b><\/sup><\/span> E diziam um ao outro: Verdadeiramente pecamos contra nosso irm\u00e3o, que vimos a ang\u00fastia de sua alma quando nos rogava, e n\u00e3o o ouvimos: por isso veio sobre n\u00f3s esta ang\u00fastia. <\/span><br><span><span><sup><b>22<\/b><\/sup><\/span> Ent\u00e3o R\u00faben lhes respondeu, dizendo: N\u00e3o vos falei eu e disse: N\u00e3o pequeis contra o jovem; e n\u00e3o escutastes? Eis que tamb\u00e9m seu sangue \u00e9 requerido. <\/span><br><span><span><sup><b>23<\/b><\/sup><\/span> E eles n\u00e3o sabiam que os entendia Jos\u00e9, porque havia int\u00e9rprete entre eles. <\/span><br><span><span><sup><b>24<\/b><\/sup><\/span> E apartou-se ele deles, e chorou: depois voltou a eles, e lhes falou, e tomou dentre eles a Sime\u00e3o, e aprisionou-lhe \u00e0 vista deles. <\/span><br><span><span><sup><b>25<\/b><\/sup><\/span> E mandou Jos\u00e9 que enchessem seus sacos de trigo, e devolvessem o dinheiro de cada um deles, pondo-o em seu saco, e lhes dessem comida para o caminho: e fez-se assim com eles. <\/span><br><span><span><sup><b>26<\/b><\/sup><\/span> E eles puseram seu trigo sobre seus asnos, e foram-se dali. <\/span><br><span><span><sup><b>27<\/b><\/sup><\/span> E abrindo um deles seu saco para dar de comer a seu asno no lugar de parada, viu seu dinheiro que estava na boca de seu saco. <\/span><br><span><span><sup><b>28<\/b><\/sup><\/span> E disse a seus irm\u00e3os: Meu dinheiro se me foi devolvido, e ainda ei-lo aqui em meu saco. Alarmou-se, ent\u00e3o, o cora\u00e7\u00e3o deles, e espantados disseram um ao outro: Que \u00e9 isto que nos fez Deus? <\/span><br><span><span><sup><b>29<\/b><\/sup><\/span> E vindos a Jac\u00f3 seu pai em terra de Cana\u00e3, contaram-lhe tudo o que lhes havia acontecido, dizendo: <\/span><br><span><span><sup><b>30<\/b><\/sup><\/span> Aquele homem, senhor da terra, nos falou asperamente, e nos tratou como espias da terra: <\/span><br><span><span><sup><b>31<\/b><\/sup><\/span> E n\u00f3s lhe dissemos: Somos homens honestos, nunca fomos espias: <\/span><br><span><span><sup><b>32<\/b><\/sup><\/span> Somos doze irm\u00e3os, filhos de nosso pai; um desapareceu, e o menor est\u00e1 hoje com nosso pai na terra de Cana\u00e3. <\/span><br><span><span><sup><b>33<\/b><\/sup><\/span> E aquele homem, senhor da terra, nos disse: Nisto conhecerei que sois homens honestos; deixai comigo um de vossos irm\u00e3os, e tomai para a fome de vossas casas, e ide, <\/span><br><span><span><sup><b>34<\/b><\/sup><\/span> E trazei-me a vosso irm\u00e3o o mais novo, para que eu saiba que n\u00e3o sois espias, mas sim homens honestos: assim vos darei a vosso irm\u00e3o, e negociareis na terra. <\/span><br><span><span><sup><b>35<\/b><\/sup><\/span> E aconteceu que esvaziando eles seus sacos, eis que no saco de cada um estava o pacote de seu dinheiro: e vendo eles e seu pai os pacotes de seu dinheiro, tiveram temor. <\/span><br><span><span><sup><b>36<\/b><\/sup><\/span> Ent\u00e3o seu pai Jac\u00f3 lhes disse: V\u00f3s me privastes de meus filhos; Jos\u00e9 desapareceu, nem Sime\u00e3o tampouco, e a Benjamim o levareis: contra mim s\u00e3o todas estas coisas. <\/span><br><span><span><sup><b>37<\/b><\/sup><\/span> E R\u00faben falou a seu pai, dizendo: Far\u00e1s morrer a meus dois filhos, se eu n\u00e3o o devolver a ti; entrega-o em minha m\u00e3o, que eu o devolverei a ti. <\/span><br><span><span><sup><b>38<\/b><\/sup><\/span> E ele disse: N\u00e3o descer\u00e1 meu filho convosco; que seu irm\u00e3o \u00e9 morto, e ele somente restou; e se lhe acontecer algum desastre no caminho por onde vades, fareis descer minhas c\u00e3s com dor ao mundo dos mortos.<\/span><\/p>\n\n\n\n<div class=\"wp-block-columns is-layout-flex wp-container-core-columns-is-layout-9d6595d7 wp-block-columns-is-layout-flex\">\n<div class=\"wp-block-column is-layout-flow wp-block-column-is-layout-flow\">\n<p><a href=\"\/genesis-41\">G\u00eanesis 41<\/a><\/p>\n<\/div>\n\n\n\n<div class=\"wp-block-column is-layout-flow wp-block-column-is-layout-flow\">\n<p class=\"has-text-align-right\"><a href=\"\/genesis-43\">G\u00eanesis 43<\/a><\/p>\n<\/div>\n<\/div>\n\n\n\n<h2 class=\"wp-block-heading\">Descri\u00e7\u00e3o &#8211; G\u00eanesis 42<\/h2>\n\n\n\n<p class=\"has-medium-font-size\">G\u00eanesis 42 narra o momento em que os irm\u00e3os de Jos\u00e9, afetados pela fome, viajam ao Egito para comprar alimentos. Ao se encontrarem com Jos\u00e9, que agora \u00e9 o governador, eles n\u00e3o o reconhecem, mas ele os reconhece. Jos\u00e9 os acusa de espionagem e exige que tragam o irm\u00e3o ca\u00e7ula, Benjamim, como prova de que s\u00e3o verdadeiros. Este cap\u00edtulo marca o in\u00edcio do processo de reconcilia\u00e7\u00e3o entre Jos\u00e9 e seus irm\u00e3os. <strong>Palavras-chave:<\/strong> G\u00eanesis 42, Jos\u00e9, irm\u00e3os, Egito, Benjamim, fome, reconcilia\u00e7\u00e3o, prova\u00e7\u00e3o, hist\u00f3ria de Jos\u00e9.<\/p>\n\n\n\n<h3 class=\"wp-block-heading\">Livro do G\u00eanesis:<\/h3>\n\n\n<ul class=\"wp-block-page-list\"><li class=\"wp-block-pages-list__item\"><a class=\"wp-block-pages-list__item__link\" href=\"https:\/\/bibliapresente.com\/postagens\/livros-da-biblia\/genesis\/genesis-1\/\">G\u00eanesis 1 &#8211; A Cria\u00e7\u00e3o do Universo<\/a><\/li><li class=\"wp-block-pages-list__item\"><a class=\"wp-block-pages-list__item__link\" href=\"https:\/\/bibliapresente.com\/postagens\/livros-da-biblia\/genesis\/genesis-2\/\">G\u00eanesis 2 &#8211; O Jardim do \u00c9den<\/a><\/li><li class=\"wp-block-pages-list__item\"><a class=\"wp-block-pages-list__item__link\" href=\"https:\/\/bibliapresente.com\/postagens\/livros-da-biblia\/genesis\/genesis-3\/\">G\u00eanesis 3 &#8211; O Pecado Original<\/a><\/li><li class=\"wp-block-pages-list__item\"><a class=\"wp-block-pages-list__item__link\" href=\"https:\/\/bibliapresente.com\/postagens\/livros-da-biblia\/genesis\/genesis-4\/\">G\u00eanesis 4 &#8211; Caim e Abel<\/a><\/li><li class=\"wp-block-pages-list__item\"><a class=\"wp-block-pages-list__item__link\" href=\"https:\/\/bibliapresente.com\/postagens\/livros-da-biblia\/genesis\/genesis-5\/\">G\u00eanesis 5 &#8211; Genealogia de Ad\u00e3o a No\u00e9<\/a><\/li><li class=\"wp-block-pages-list__item\"><a class=\"wp-block-pages-list__item__link\" href=\"https:\/\/bibliapresente.com\/postagens\/livros-da-biblia\/genesis\/genesis-6-a-corrupcao-e-o-chamado-de-noe\/\">G\u00eanesis 6 &#8211; A Corrup\u00e7\u00e3o e o Chamado de No\u00e9<\/a><\/li><li class=\"wp-block-pages-list__item\"><a class=\"wp-block-pages-list__item__link\" href=\"https:\/\/bibliapresente.com\/postagens\/livros-da-biblia\/genesis\/genesis-7\/\">G\u00eanesis 7 &#8211; O Grande Dil\u00favio<\/a><\/li><li class=\"wp-block-pages-list__item\"><a class=\"wp-block-pages-list__item__link\" href=\"https:\/\/bibliapresente.com\/postagens\/livros-da-biblia\/genesis\/genesis-8\/\">G\u00eanesis 8 &#8211; As \u00c1guas do Dil\u00favio Recuam<\/a><\/li><li class=\"wp-block-pages-list__item\"><a class=\"wp-block-pages-list__item__link\" href=\"https:\/\/bibliapresente.com\/postagens\/livros-da-biblia\/genesis\/genesis-9\/\">G\u00eanesis 9 &#8211; A Grande Alian\u00e7a do Arco-\u00cdris<\/a><\/li><li class=\"wp-block-pages-list__item\"><a class=\"wp-block-pages-list__item__link\" href=\"https:\/\/bibliapresente.com\/postagens\/livros-da-biblia\/genesis\/genesis-10-as-nacoes-descendentes-de-noe\/\">G\u00eanesis 10 &#8211; As Na\u00e7\u00f5es Descendentes de No\u00e9<\/a><\/li><li class=\"wp-block-pages-list__item\"><a class=\"wp-block-pages-list__item__link\" href=\"https:\/\/bibliapresente.com\/postagens\/livros-da-biblia\/genesis\/genesis-11-a-torre-de-babel\/\">G\u00eanesis 11 &#8211; A Torre de Babel<\/a><\/li><li class=\"wp-block-pages-list__item\"><a class=\"wp-block-pages-list__item__link\" href=\"https:\/\/bibliapresente.com\/postagens\/livros-da-biblia\/genesis\/genesis-12-o-chamado-de-abraao\/\">G\u00eanesis 12 &#8211; O Chamado de Abra\u00e3o<\/a><\/li><li class=\"wp-block-pages-list__item\"><a class=\"wp-block-pages-list__item__link\" href=\"https:\/\/bibliapresente.com\/postagens\/livros-da-biblia\/genesis\/genesis-13-a-separacao-de-abrao-e-lo\/\">G\u00eanesis 13 &#8211; A Separa\u00e7\u00e3o de Abr\u00e3o e L\u00f3<\/a><\/li><li class=\"wp-block-pages-list__item\"><a class=\"wp-block-pages-list__item__link\" href=\"https:\/\/bibliapresente.com\/postagens\/livros-da-biblia\/genesis\/genesis-14\/\">G\u00eanesis 14 &#8211; A B\u00ean\u00e7\u00e3o de Melquisedeque<\/a><\/li><li class=\"wp-block-pages-list__item\"><a class=\"wp-block-pages-list__item__link\" href=\"https:\/\/bibliapresente.com\/postagens\/livros-da-biblia\/genesis\/genesis-15\/\">G\u00eanesis 15 &#8211; A Alian\u00e7a de Deus com Abr\u00e3o<\/a><\/li><li class=\"wp-block-pages-list__item\"><a class=\"wp-block-pages-list__item__link\" href=\"https:\/\/bibliapresente.com\/postagens\/livros-da-biblia\/genesis\/genesis-16\/\">G\u00eanesis 16 &#8211; O Nascimento de Ismael<\/a><\/li><li class=\"wp-block-pages-list__item\"><a class=\"wp-block-pages-list__item__link\" href=\"https:\/\/bibliapresente.com\/postagens\/livros-da-biblia\/genesis\/genesis-17\/\">G\u00eanesis 17 &#8211; A Institui\u00e7\u00e3o da Circuncis\u00e3o<\/a><\/li><li class=\"wp-block-pages-list__item\"><a class=\"wp-block-pages-list__item__link\" href=\"https:\/\/bibliapresente.com\/postagens\/livros-da-biblia\/genesis\/genesis-18\/\">G\u00eanesis 18 &#8211; A Visita dos Tr\u00eas Anjos<\/a><\/li><li class=\"wp-block-pages-list__item\"><a class=\"wp-block-pages-list__item__link\" href=\"https:\/\/bibliapresente.com\/postagens\/livros-da-biblia\/genesis\/genesis-19\/\">G\u00eanesis 19 &#8211; Sodoma e Gomorra<\/a><\/li><li class=\"wp-block-pages-list__item\"><a class=\"wp-block-pages-list__item__link\" href=\"https:\/\/bibliapresente.com\/postagens\/livros-da-biblia\/genesis\/genesis-20\/\">G\u00eanesis 20 &#8211; Abra\u00e3o e Abimeleque<\/a><\/li><li class=\"wp-block-pages-list__item\"><a class=\"wp-block-pages-list__item__link\" href=\"https:\/\/bibliapresente.com\/postagens\/livros-da-biblia\/genesis\/genesis-21\/\">G\u00eanesis 21 &#8211; O Nascimento de Isaque<\/a><\/li><li class=\"wp-block-pages-list__item\"><a class=\"wp-block-pages-list__item__link\" href=\"https:\/\/bibliapresente.com\/postagens\/livros-da-biblia\/genesis\/genesis-22\/\">G\u00eanesis 22 &#8211; O Sacrif\u00edcio de Isaque<\/a><\/li><li class=\"wp-block-pages-list__item\"><a class=\"wp-block-pages-list__item__link\" href=\"https:\/\/bibliapresente.com\/postagens\/livros-da-biblia\/genesis\/genesis-23\/\">G\u00eanesis 23 &#8211; A Morte de Sara<\/a><\/li><li class=\"wp-block-pages-list__item\"><a class=\"wp-block-pages-list__item__link\" href=\"https:\/\/bibliapresente.com\/postagens\/livros-da-biblia\/genesis\/genesis-24\/\">G\u00eanesis 24 &#8211; O Casamento de Isaque<\/a><\/li><li class=\"wp-block-pages-list__item\"><a class=\"wp-block-pages-list__item__link\" href=\"https:\/\/bibliapresente.com\/postagens\/livros-da-biblia\/genesis\/genesis-25\/\">G\u00eanesis 25 &#8211; O Nascimento de Esa\u00fa e Jac\u00f3<\/a><\/li><li class=\"wp-block-pages-list__item\"><a class=\"wp-block-pages-list__item__link\" href=\"https:\/\/bibliapresente.com\/postagens\/livros-da-biblia\/genesis\/genesis-26\/\">G\u00eanesis 26 &#8211; As Promessas de Deus a Isaque<\/a><\/li><li class=\"wp-block-pages-list__item\"><a class=\"wp-block-pages-list__item__link\" href=\"https:\/\/bibliapresente.com\/postagens\/livros-da-biblia\/genesis\/genesis-27\/\">G\u00eanesis 27 &#8211; Jac\u00f3 Engana Isaque<\/a><\/li><li class=\"wp-block-pages-list__item\"><a class=\"wp-block-pages-list__item__link\" href=\"https:\/\/bibliapresente.com\/postagens\/livros-da-biblia\/genesis\/genesis-28\/\">G\u00eanesis 28 &#8211; O Sonho de Jac\u00f3 em Betel<\/a><\/li><li class=\"wp-block-pages-list__item\"><a class=\"wp-block-pages-list__item__link\" href=\"https:\/\/bibliapresente.com\/postagens\/livros-da-biblia\/genesis\/genesis-29\/\">G\u00eanesis 29 &#8211; Jac\u00f3 e as Filhas de Lab\u00e3o<\/a><\/li><li class=\"wp-block-pages-list__item\"><a class=\"wp-block-pages-list__item__link\" href=\"https:\/\/bibliapresente.com\/postagens\/livros-da-biblia\/genesis\/genesis-30\/\">G\u00eanesis 30 &#8211; O Acordo de Jac\u00f3 com Lab\u00e3o<\/a><\/li><li class=\"wp-block-pages-list__item\"><a class=\"wp-block-pages-list__item__link\" href=\"https:\/\/bibliapresente.com\/postagens\/livros-da-biblia\/genesis\/genesis-31\/\">G\u00eanesis 31 &#8211; A Fuga de Jac\u00f3<\/a><\/li><li class=\"wp-block-pages-list__item\"><a class=\"wp-block-pages-list__item__link\" href=\"https:\/\/bibliapresente.com\/postagens\/livros-da-biblia\/genesis\/genesis-32\/\">G\u00eanesis 32 &#8211; A Luta de Jac\u00f3 com O Anjo<\/a><\/li><li class=\"wp-block-pages-list__item\"><a class=\"wp-block-pages-list__item__link\" href=\"https:\/\/bibliapresente.com\/postagens\/livros-da-biblia\/genesis\/genesis-33\/\">G\u00eanesis 33 &#8211; A Reconcilia\u00e7\u00e3o de Jac\u00f3 e Esa\u00fa<\/a><\/li><li class=\"wp-block-pages-list__item\"><a class=\"wp-block-pages-list__item__link\" href=\"https:\/\/bibliapresente.com\/postagens\/livros-da-biblia\/genesis\/genesis-34\/\">G\u00eanesis 34 &#8211; O Caso de Din\u00e1<\/a><\/li><li class=\"wp-block-pages-list__item\"><a class=\"wp-block-pages-list__item__link\" href=\"https:\/\/bibliapresente.com\/postagens\/livros-da-biblia\/genesis\/genesis-35\/\">G\u00eanesis 35 &#8211; A Consagra\u00e7\u00e3o de Jac\u00f3 em Betel<\/a><\/li><li class=\"wp-block-pages-list__item\"><a class=\"wp-block-pages-list__item__link\" href=\"https:\/\/bibliapresente.com\/postagens\/livros-da-biblia\/genesis\/genesis-36\/\">G\u00eanesis 36 &#8211; Os Descendentes de Esa\u00fa<\/a><\/li><li class=\"wp-block-pages-list__item\"><a class=\"wp-block-pages-list__item__link\" href=\"https:\/\/bibliapresente.com\/postagens\/livros-da-biblia\/genesis\/genesis-37\/\">G\u00eanesis 37 &#8211; Jos\u00e9 Vendido como Escravo<\/a><\/li><li class=\"wp-block-pages-list__item\"><a class=\"wp-block-pages-list__item__link\" href=\"https:\/\/bibliapresente.com\/postagens\/livros-da-biblia\/genesis\/genesis-38\/\">G\u00eanesis 38 &#8211; Jud\u00e1 e Tamar<\/a><\/li><li class=\"wp-block-pages-list__item\"><a class=\"wp-block-pages-list__item__link\" href=\"https:\/\/bibliapresente.com\/postagens\/livros-da-biblia\/genesis\/genesis-39\/\">G\u00eanesis 39 &#8211; Jos\u00e9 na Casa de Potifar<\/a><\/li><li class=\"wp-block-pages-list__item\"><a class=\"wp-block-pages-list__item__link\" href=\"https:\/\/bibliapresente.com\/postagens\/livros-da-biblia\/genesis\/genesis-40\/\">G\u00eanesis 40 &#8211; Jos\u00e9 Interpreta Sonhos<\/a><\/li><li class=\"wp-block-pages-list__item\"><a class=\"wp-block-pages-list__item__link\" href=\"https:\/\/bibliapresente.com\/postagens\/livros-da-biblia\/genesis\/genesis-41\/\">G\u00eanesis 41 &#8211; O Sonho do Fara\u00f3<\/a><\/li><li class=\"wp-block-pages-list__item\"><a class=\"wp-block-pages-list__item__link\" href=\"https:\/\/bibliapresente.com\/postagens\/livros-da-biblia\/genesis\/genesis-42\/\">G\u00eanesis 42 &#8211; Os Irm\u00e3os de Jos\u00e9 no Egito<\/a><\/li><li class=\"wp-block-pages-list__item\"><a class=\"wp-block-pages-list__item__link\" href=\"https:\/\/bibliapresente.com\/postagens\/livros-da-biblia\/genesis\/genesis-43\/\">G\u00eanesis 43 &#8211; Benjamim Vai ao Egito<\/a><\/li><li class=\"wp-block-pages-list__item\"><a class=\"wp-block-pages-list__item__link\" href=\"https:\/\/bibliapresente.com\/postagens\/livros-da-biblia\/genesis\/genesis-44\/\">G\u00eanesis 44 &#8211; O Sacrif\u00edcio de Jud\u00e1<\/a><\/li><li class=\"wp-block-pages-list__item\"><a class=\"wp-block-pages-list__item__link\" href=\"https:\/\/bibliapresente.com\/postagens\/livros-da-biblia\/genesis\/genesis-45\/\">G\u00eanesis 45 &#8211; Jos\u00e9 se Revela a seus Irm\u00e3os<\/a><\/li><li class=\"wp-block-pages-list__item\"><a class=\"wp-block-pages-list__item__link\" href=\"https:\/\/bibliapresente.com\/postagens\/livros-da-biblia\/genesis\/genesis-46\/\">G\u00eanesis 46 &#8211; A Viagem de Jac\u00f3 ao Egito<\/a><\/li><li class=\"wp-block-pages-list__item\"><a class=\"wp-block-pages-list__item__link\" href=\"https:\/\/bibliapresente.com\/postagens\/livros-da-biblia\/genesis\/genesis-47\/\">G\u00eanesis 47 &#8211; Jac\u00f3 Aben\u00e7oa o Fara\u00f3<\/a><\/li><li class=\"wp-block-pages-list__item\"><a class=\"wp-block-pages-list__item__link\" href=\"https:\/\/bibliapresente.com\/postagens\/livros-da-biblia\/genesis\/genesis-48\/\">G\u00eanesis 48 &#8211; Jac\u00f3 Aben\u00e7oa os Filhos de Jos\u00e9<\/a><\/li><li class=\"wp-block-pages-list__item\"><a class=\"wp-block-pages-list__item__link\" href=\"https:\/\/bibliapresente.com\/postagens\/livros-da-biblia\/genesis\/genesis-49\/\">G\u00eanesis 49 &#8211; B\u00ean\u00e7\u00e3os de Jac\u00f3 a Seus Filhos<\/a><\/li><li class=\"wp-block-pages-list__item\"><a class=\"wp-block-pages-list__item__link\" href=\"https:\/\/bibliapresente.com\/postagens\/livros-da-biblia\/genesis\/genesis-50\/\">G\u00eanesis 50 &#8211; A Morte de Jac\u00f3<\/a><\/li><\/ul>","protected":false},"excerpt":{"rendered":"<p>1 E vendo Jac\u00f3 que no Egito havia alimentos, disse a seus filhos: Por que estais olhando uns para os outros? 2 E disse: Eis que, eu ouvi que h\u00e1 alimentos no Egito; descei ali, e comprai dali para n\u00f3s, para que possamos viver, e n\u00e3o nos morramos. 3 E desceram os dez irm\u00e3os de &hellip; <\/p>\n","protected":false},"author":2,"featured_media":263,"parent":233,"menu_order":42,"comment_status":"closed","ping_status":"closed","template":"","meta":{"om_disable_all_campaigns":false,"_monsterinsights_skip_tracking":false,"_monsterinsights_sitenote_active":false,"_monsterinsights_sitenote_note":"","_monsterinsights_sitenote_category":0,"footnotes":""},"class_list":["post-372","page","type-page","status-publish","has-post-thumbnail","hentry"],"aioseo_notices":[],"_links":{"self":[{"href":"https:\/\/bibliapresente.com\/postagens\/wp-json\/wp\/v2\/pages\/372","targetHints":{"allow":["GET"]}}],"collection":[{"href":"https:\/\/bibliapresente.com\/postagens\/wp-json\/wp\/v2\/pages"}],"about":[{"href":"https:\/\/bibliapresente.com\/postagens\/wp-json\/wp\/v2\/types\/page"}],"author":[{"embeddable":true,"href":"https:\/\/bibliapresente.com\/postagens\/wp-json\/wp\/v2\/users\/2"}],"replies":[{"embeddable":true,"href":"https:\/\/bibliapresente.com\/postagens\/wp-json\/wp\/v2\/comments?post=372"}],"version-history":[{"count":5,"href":"https:\/\/bibliapresente.com\/postagens\/wp-json\/wp\/v2\/pages\/372\/revisions"}],"predecessor-version":[{"id":565,"href":"https:\/\/bibliapresente.com\/postagens\/wp-json\/wp\/v2\/pages\/372\/revisions\/565"}],"up":[{"embeddable":true,"href":"https:\/\/bibliapresente.com\/postagens\/wp-json\/wp\/v2\/pages\/233"}],"wp:featuredmedia":[{"embeddable":true,"href":"https:\/\/bibliapresente.com\/postagens\/wp-json\/wp\/v2\/media\/263"}],"wp:attachment":[{"href":"https:\/\/bibliapresente.com\/postagens\/wp-json\/wp\/v2\/media?parent=372"}],"curies":[{"name":"wp","href":"https:\/\/api.w.org\/{rel}","templated":true}]}}