{"id":370,"date":"2025-01-04T19:55:26","date_gmt":"2025-01-04T22:55:26","guid":{"rendered":"https:\/\/bibliapresente.com\/postagens\/?page_id=370"},"modified":"2025-01-04T19:55:27","modified_gmt":"2025-01-04T22:55:27","slug":"genesis-41","status":"publish","type":"page","link":"https:\/\/bibliapresente.com\/postagens\/livros-da-biblia\/genesis\/genesis-41\/","title":{"rendered":"G\u00eanesis 41 &#8211; O Sonho do Fara\u00f3"},"content":{"rendered":"\n<p class=\"has-medium-font-size\" style=\"letter-spacing:1px\"><span><span><sup><b>1<\/b><\/sup><\/span> E aconteceu que passados dois anos teve Fara\u00f3 um sonho: Parecia-lhe que estava junto ao rio; <\/span><br><span><span><sup><b>2<\/b><\/sup><\/span> E que do rio subiam sete vacas, belas \u00e0 vista, e muito gordas, e pastavam entre os juncos: <\/span><br><span><span><sup><b>3<\/b><\/sup><\/span> E que outras sete vacas subiam atr\u00e1s elas do rio, de feia apar\u00eancia, e magras de carne, e se pararam perto das vacas belas \u00e0 beira do rio: <\/span><br><span><span><sup><b>4<\/b><\/sup><\/span> E que as vacas de feia apar\u00eancia e magras de carne devoravam as sete vacas belas e muito gordas. E despertou Fara\u00f3. <\/span><br><span><span><sup><b>5<\/b><\/sup><\/span> Dormiu de novo, e sonhou a segunda vez: Que sete espigas cheias e belas subiam de uma s\u00f3 haste: <\/span><br><span><span><sup><b>6<\/b><\/sup><\/span> E que outras sete espigas mi\u00fadas e abatidas do vento oriental, sa\u00edam depois delas: <\/span><br><span><span><sup><b>7<\/b><\/sup><\/span> E as sete espigas mi\u00fadas devoravam as sete espigas espessas e cheias. E despertou Fara\u00f3, e eis que era sonho. <\/span><br><span><span><sup><b>8<\/b><\/sup><\/span> E aconteceu que \u00e0 manh\u00e3 estava movido seu esp\u00edrito; e enviou e fez chamar a todos os magos do Egito, e a todos os seus s\u00e1bios: e contou-lhes Fara\u00f3 seus sonhos, mas n\u00e3o havia quem a Fara\u00f3 os interpretasse. <\/span><br><span><span><sup><b>9<\/b><\/sup><\/span> Ent\u00e3o o chefe dos copeiros falou a Fara\u00f3, dizendo: Lembro-me hoje de minhas faltas: <\/span><br><span><span><sup><b>10<\/b><\/sup><\/span> Fara\u00f3 se irou contra seus servos, e a mim me lan\u00e7ou \u00e0 pris\u00e3o da casa do capit\u00e3o dos da guarda, a mim e ao chefe dos padeiros: <\/span><br><span><span><sup><b>11<\/b><\/sup><\/span> E eu e ele vimos um sonho uma mesma noite: cada um sonhou conforme a interpreta\u00e7\u00e3o de seu sonho. <\/span><br><span><span><sup><b>12<\/b><\/sup><\/span> E estava ali conosco um jovem hebreu, servente do capit\u00e3o dos da guarda; e o contamos a ele, e ele nos interpretou nossos sonhos, e interpretou a cada um conforme seu sonho. <\/span><br><span><span><sup><b>13<\/b><\/sup><\/span> E aconteceu que como ele nos interpretou, assim foi: a mim me fez voltar a meu posto, e fez enforcar ao outro. <\/span><br><span><span><sup><b>14<\/b><\/sup><\/span> Ent\u00e3o Fara\u00f3 enviou e chamou a Jos\u00e9; e fizeram-lhe sair correndo do c\u00e1rcere; e ele rapou-se a barba, mudou-se de roupas, e veio a Fara\u00f3. <\/span><br><span><span><sup><b>15<\/b><\/sup><\/span> E disse Fara\u00f3 a Jos\u00e9: Eu tive um sonho, e n\u00e3o h\u00e1 quem o interprete; mas ouvi dizer de ti, que ouves sonhos para os interpretar. <\/span><br><span><span><sup><b>16<\/b><\/sup><\/span> E respondeu Jos\u00e9 a Fara\u00f3, dizendo: N\u00e3o est\u00e1 em mim; Deus ser\u00e1 o que responda paz a Fara\u00f3. <\/span><br><span><span><sup><b>17<\/b><\/sup><\/span> Ent\u00e3o Fara\u00f3 disse a Jos\u00e9: Em meu sonho parecia-me que estava \u00e0 beira do rio: <\/span><br><span><span><sup><b>18<\/b><\/sup><\/span> E que do rio subiam sete vacas de gordas carnes e bela apar\u00eancia, que pastavam entre os juncos: <\/span><br><span><span><sup><b>19<\/b><\/sup><\/span> E que outras sete vacas subiam depois delas, magras e de muito feio aspecto; t\u00e3o abatidas, que n\u00e3o vi outras semelhantes em toda a terra do Egito em feiura: <\/span><br><span><span><sup><b>20<\/b><\/sup><\/span> E as vacas magras e feias devoravam as sete primeiras vacas gordas: <\/span><br><span><span><sup><b>21<\/b><\/sup><\/span> E entravam em suas entranhas, mas n\u00e3o se conhecia que houvesse entrado nelas, porque sua apar\u00eancia era ainda m\u00e1, como de antes. E eu despertei. <\/span><br><span><span><sup><b>22<\/b><\/sup><\/span> Vi tamb\u00e9m sonhando, que sete espigas subiam em uma mesma haste, cheias e belas; <\/span><br><span><span><sup><b>23<\/b><\/sup><\/span> E que outras sete espigas mi\u00fadas, definhadas, abatidas do vento oriental, subiam depois delas: <\/span><br><span><span><sup><b>24<\/b><\/sup><\/span> E as espigas mi\u00fadas devoravam as sete espigas belas: e disse-o aos magos, mas n\u00e3o h\u00e1 quem o interprete a mim. <\/span><br><span><span><sup><b>25<\/b><\/sup><\/span> Ent\u00e3o respondeu Jos\u00e9 a Fara\u00f3: O sonho de Fara\u00f3 \u00e9 um mesmo: Deus mostrou a Fara\u00f3 o que vai fazer. <\/span><br><span><span><sup><b>26<\/b><\/sup><\/span> As sete vacas belas sete anos s\u00e3o; e as espigas belas s\u00e3o sete anos: o sonho \u00e9 um mesmo. <\/span><br><span><span><sup><b>27<\/b><\/sup><\/span> Tamb\u00e9m as sete vacas magras e feias que subiam atr\u00e1s elas, s\u00e3o sete anos; e as sete espigas mi\u00fadas e definhadas do vento oriental, sete anos ser\u00e3o de fome. <\/span><br><span><span><sup><b>28<\/b><\/sup><\/span> Isto \u00e9 o que respondo a Fara\u00f3. O que Deus vai fazer, mostrou-o a Fara\u00f3. <\/span><br><span><span><sup><b>29<\/b><\/sup><\/span> Eis que v\u00eam sete anos de grande fartura toda a terra do Egito: <\/span><br><span><span><sup><b>30<\/b><\/sup><\/span> E se levantar\u00e3o depois eles sete anos de fome; e toda a fartura ser\u00e1 esquecida na terra do Egito; e a fome consumir\u00e1 a terra; <\/span><br><span><span><sup><b>31<\/b><\/sup><\/span> E aquela abund\u00e2ncia n\u00e3o mais ser\u00e1 vista por causa da fome seguinte, a qual ser\u00e1 grav\u00edssima. <\/span><br><span><span><sup><b>32<\/b><\/sup><\/span> E o suceder o sonho a Fara\u00f3 duas vezes, significa que a coisa \u00e9 firme da parte de Deus, e que Deus se apressa a faz\u00ea-la. <\/span><br><span><span><sup><b>33<\/b><\/sup><\/span> Portanto, providencie Fara\u00f3 agora um homem prudente e s\u00e1bio, e ponha-o sobre a terra do Egito. <\/span><br><span><span><sup><b>34<\/b><\/sup><\/span> Fa\u00e7a isto Fara\u00f3, e ponha governadores sobre o pa\u00eds, e tome a quinta parte da terra do Egito nos sete anos da fartura; <\/span><br><span><span><sup><b>35<\/b><\/sup><\/span> E juntem toda a provis\u00e3o destes bons anos que v\u00eam, e acumulem o trigo sob a m\u00e3o de Fara\u00f3 para mantimento das cidades; e guardem-no. <\/span><br><span><span><sup><b>36<\/b><\/sup><\/span> E esteja aquela provis\u00e3o em dep\u00f3sito para o pa\u00eds, para os sete anos de fome que ser\u00e3o na terra do Egito; e o pa\u00eds n\u00e3o perecer\u00e1 de fome. <\/span><br><span><span><sup><b>37<\/b><\/sup><\/span> E o neg\u00f3cio pareceu bem a Fara\u00f3, e a seus servos. <\/span><br><span><span><sup><b>38<\/b><\/sup><\/span> E disse Fara\u00f3 a seus servos: Acharemos outro homem como este, em quem haja esp\u00edrito de Deus? <\/span><br><span><span><sup><b>39<\/b><\/sup><\/span> E disse Fara\u00f3 a Jos\u00e9: Pois que Deus te fez saber tudo isto, n\u00e3o h\u00e1 entendido nem s\u00e1bio como tu: <\/span><br><span><span><sup><b>40<\/b><\/sup><\/span> Tu ser\u00e1s sobre minha casa, e por teu dito se governar\u00e1 todo o meu povo: somente no trono serei eu maior que tu. <\/span><br><span><span><sup><b>41<\/b><\/sup><\/span> Disse mais Fara\u00f3 a Jos\u00e9: Eis que eu te pus sobre toda a terra do Egito. <\/span><br><span><span><sup><b>42<\/b><\/sup><\/span> Ent\u00e3o Fara\u00f3 tirou seu anel de sua m\u00e3o, e o p\u00f4s na m\u00e3o de Jos\u00e9, e fez-lhe vestir de roupas de linho fin\u00edssimo, e p\u00f4s um colar de ouro em seu pesco\u00e7o; <\/span><br><span><span><sup><b>43<\/b><\/sup><\/span> E o fez subir em seu segundo carro, e proclamaram diante dele: Dobrai os joelhos: e p\u00f4s-lhe sobre toda a terra do Egito. <\/span><br><span><span><sup><b>44<\/b><\/sup><\/span> E disse Fara\u00f3 a Jos\u00e9: Eu sou Fara\u00f3; e sem ti ningu\u00e9m levantar\u00e1 sua m\u00e3o nem seu p\u00e9 toda a terra do Egito. <\/span><br><span><span><sup><b>45<\/b><\/sup><\/span> E chamou Fara\u00f3 o nome de Jos\u00e9, Zefenate-Paneia; e deu-lhe por mulher a Azenate, filha de Pot\u00edfera, sacerdote de Om. E saiu Jos\u00e9 por toda a terra do Egito. <\/span><br><span><span><sup><b>46<\/b><\/sup><\/span> E era Jos\u00e9 de idade de trinta anos quando foi apresentado diante de Fara\u00f3, rei do Egito: e saiu Jos\u00e9 de diante de Fara\u00f3, e transitou por toda a terra do Egito. <\/span><br><span><span><sup><b>47<\/b><\/sup><\/span> E fez a terra naqueles sete anos de fartura a amontoados. <\/span><br><span><span><sup><b>48<\/b><\/sup><\/span> E ele juntou todo o mantimento dos sete anos que foram na terra do Egito, e guardou mantimento nas cidades, pondo em cada cidade o mantimento do campo de seus arredores. <\/span><br><span><span><sup><b>49<\/b><\/sup><\/span> E ajuntou Jos\u00e9 trigo como areia do mar, muito em extremo, at\u00e9 n\u00e3o se poder contar, porque n\u00e3o tinha n\u00famero. <\/span><br><span><span><sup><b>50<\/b><\/sup><\/span> E nasceram a Jos\u00e9 dois filhos antes que viesse o primeiro ano da fome, os quais lhe deu \u00e0 luz Azenate, filha de Pot\u00edfera, sacerdote de Om. <\/span><br><span><span><sup><b>51<\/b><\/sup><\/span> E chamou Jos\u00e9 o nome do primog\u00eanito Manass\u00e9s; porque Deus (disse) me fez esquecer todo o meu sofrimento, e toda a casa de meu pai. <\/span><br><span><span><sup><b>52<\/b><\/sup><\/span> E o nome do segundo chamou-o Efraim; porque Deus (disse) me fez f\u00e9rtil na terra de minha afli\u00e7\u00e3o. <\/span><br><span><span><sup><b>53<\/b><\/sup><\/span> E cumpriram-se os sete anos da fartura, que houve na terra do Egito. <\/span><br><span><span><sup><b>54<\/b><\/sup><\/span> E come\u00e7aram a vir os sete anos de fome, como Jos\u00e9 havia dito: e houve fome em todos os pa\u00edses, mas toda a terra do Egito havia p\u00e3o. <\/span><br><span><span><sup><b>55<\/b><\/sup><\/span> E quando se sentiu a fome toda a terra do Egito, o povo clamou a Fara\u00f3 por p\u00e3o. E disse Fara\u00f3 a todos os eg\u00edpcios: Ide a Jos\u00e9, e fazei o que ele vos disser. <\/span><br><span><span><sup><b>56<\/b><\/sup><\/span> E a fome estava por toda a extens\u00e3o do pa\u00eds. Ent\u00e3o abriu Jos\u00e9 todo dep\u00f3sito de gr\u00e3os onde havia, e vendia aos eg\u00edpcios; porque havia crescido a fome na terra do Egito. <\/span><br><span><span><sup><b>57<\/b><\/sup><\/span> E toda a terra vinha ao Egito para comprar de Jos\u00e9, porque por toda a terra havia crescido a fome.<\/span><\/p>\n\n\n\n<div class=\"wp-block-columns is-layout-flex wp-container-core-columns-is-layout-9d6595d7 wp-block-columns-is-layout-flex\">\n<div class=\"wp-block-column is-layout-flow wp-block-column-is-layout-flow\">\n<p><a title=\"O Livro do G\u00eanesis\" href=\"\/genesis\">G\u00ea<\/a><a href=\"\/genesis-41\">n<\/a><a href=\"\/genesis-40\">esis 40<\/a><\/p>\n<\/div>\n\n\n\n<div class=\"wp-block-column is-layout-flow wp-block-column-is-layout-flow\">\n<p class=\"has-text-align-right\"><a href=\"\/genesis-42\">G\u00eanesis 42<\/a><\/p>\n<\/div>\n<\/div>\n\n\n\n<h2 class=\"wp-block-heading\">Descri\u00e7\u00e3o &#8211; G\u00eanesis 41<\/h2>\n\n\n\n<p class=\"has-medium-font-size\">G\u00eanesis 41 descreve a ascens\u00e3o de Jos\u00e9 ao poder no Egito, ap\u00f3s interpretar os sonhos do fara\u00f3. O fara\u00f3 sonha com sete vacas gordas e sete vacas magras, representando sete anos de abund\u00e2ncia seguidos de sete anos de fome. Jos\u00e9, guiado por Deus, aconselha o fara\u00f3 a armazenar alimentos durante os anos f\u00e9rteis. Impressionado com sua sabedoria, o fara\u00f3 o coloca como governador do Egito. Este cap\u00edtulo marca a virada na hist\u00f3ria de Jos\u00e9, mostrando como Deus usa suas adversidades para cumprir seu plano.<\/p>\n\n\n\n<h3 class=\"wp-block-heading\">Livro do G\u00eanesis:<\/h3>\n\n\n<ul class=\"wp-block-page-list\"><li class=\"wp-block-pages-list__item\"><a class=\"wp-block-pages-list__item__link\" href=\"https:\/\/bibliapresente.com\/postagens\/livros-da-biblia\/genesis\/genesis-1\/\">G\u00eanesis 1 &#8211; A Cria\u00e7\u00e3o do Universo<\/a><\/li><li class=\"wp-block-pages-list__item\"><a class=\"wp-block-pages-list__item__link\" href=\"https:\/\/bibliapresente.com\/postagens\/livros-da-biblia\/genesis\/genesis-2\/\">G\u00eanesis 2 &#8211; O Jardim do \u00c9den<\/a><\/li><li class=\"wp-block-pages-list__item\"><a class=\"wp-block-pages-list__item__link\" href=\"https:\/\/bibliapresente.com\/postagens\/livros-da-biblia\/genesis\/genesis-3\/\">G\u00eanesis 3 &#8211; O Pecado Original<\/a><\/li><li class=\"wp-block-pages-list__item\"><a class=\"wp-block-pages-list__item__link\" href=\"https:\/\/bibliapresente.com\/postagens\/livros-da-biblia\/genesis\/genesis-4\/\">G\u00eanesis 4 &#8211; Caim e Abel<\/a><\/li><li class=\"wp-block-pages-list__item\"><a class=\"wp-block-pages-list__item__link\" href=\"https:\/\/bibliapresente.com\/postagens\/livros-da-biblia\/genesis\/genesis-5\/\">G\u00eanesis 5 &#8211; Genealogia de Ad\u00e3o a No\u00e9<\/a><\/li><li class=\"wp-block-pages-list__item\"><a class=\"wp-block-pages-list__item__link\" href=\"https:\/\/bibliapresente.com\/postagens\/livros-da-biblia\/genesis\/genesis-6-a-corrupcao-e-o-chamado-de-noe\/\">G\u00eanesis 6 &#8211; A Corrup\u00e7\u00e3o e o Chamado de No\u00e9<\/a><\/li><li class=\"wp-block-pages-list__item\"><a class=\"wp-block-pages-list__item__link\" href=\"https:\/\/bibliapresente.com\/postagens\/livros-da-biblia\/genesis\/genesis-7\/\">G\u00eanesis 7 &#8211; O Grande Dil\u00favio<\/a><\/li><li class=\"wp-block-pages-list__item\"><a class=\"wp-block-pages-list__item__link\" href=\"https:\/\/bibliapresente.com\/postagens\/livros-da-biblia\/genesis\/genesis-8\/\">G\u00eanesis 8 &#8211; As \u00c1guas do Dil\u00favio Recuam<\/a><\/li><li class=\"wp-block-pages-list__item\"><a class=\"wp-block-pages-list__item__link\" href=\"https:\/\/bibliapresente.com\/postagens\/livros-da-biblia\/genesis\/genesis-9\/\">G\u00eanesis 9 &#8211; A Grande Alian\u00e7a do Arco-\u00cdris<\/a><\/li><li class=\"wp-block-pages-list__item\"><a class=\"wp-block-pages-list__item__link\" href=\"https:\/\/bibliapresente.com\/postagens\/livros-da-biblia\/genesis\/genesis-10-as-nacoes-descendentes-de-noe\/\">G\u00eanesis 10 &#8211; As Na\u00e7\u00f5es Descendentes de No\u00e9<\/a><\/li><li class=\"wp-block-pages-list__item\"><a class=\"wp-block-pages-list__item__link\" href=\"https:\/\/bibliapresente.com\/postagens\/livros-da-biblia\/genesis\/genesis-11-a-torre-de-babel\/\">G\u00eanesis 11 &#8211; A Torre de Babel<\/a><\/li><li class=\"wp-block-pages-list__item\"><a class=\"wp-block-pages-list__item__link\" href=\"https:\/\/bibliapresente.com\/postagens\/livros-da-biblia\/genesis\/genesis-12-o-chamado-de-abraao\/\">G\u00eanesis 12 &#8211; O Chamado de Abra\u00e3o<\/a><\/li><li class=\"wp-block-pages-list__item\"><a class=\"wp-block-pages-list__item__link\" href=\"https:\/\/bibliapresente.com\/postagens\/livros-da-biblia\/genesis\/genesis-13-a-separacao-de-abrao-e-lo\/\">G\u00eanesis 13 &#8211; A Separa\u00e7\u00e3o de Abr\u00e3o e L\u00f3<\/a><\/li><li class=\"wp-block-pages-list__item\"><a class=\"wp-block-pages-list__item__link\" href=\"https:\/\/bibliapresente.com\/postagens\/livros-da-biblia\/genesis\/genesis-14\/\">G\u00eanesis 14 &#8211; A B\u00ean\u00e7\u00e3o de Melquisedeque<\/a><\/li><li class=\"wp-block-pages-list__item\"><a class=\"wp-block-pages-list__item__link\" href=\"https:\/\/bibliapresente.com\/postagens\/livros-da-biblia\/genesis\/genesis-15\/\">G\u00eanesis 15 &#8211; A Alian\u00e7a de Deus com Abr\u00e3o<\/a><\/li><li class=\"wp-block-pages-list__item\"><a class=\"wp-block-pages-list__item__link\" href=\"https:\/\/bibliapresente.com\/postagens\/livros-da-biblia\/genesis\/genesis-16\/\">G\u00eanesis 16 &#8211; O Nascimento de Ismael<\/a><\/li><li class=\"wp-block-pages-list__item\"><a class=\"wp-block-pages-list__item__link\" href=\"https:\/\/bibliapresente.com\/postagens\/livros-da-biblia\/genesis\/genesis-17\/\">G\u00eanesis 17 &#8211; A Institui\u00e7\u00e3o da Circuncis\u00e3o<\/a><\/li><li class=\"wp-block-pages-list__item\"><a class=\"wp-block-pages-list__item__link\" href=\"https:\/\/bibliapresente.com\/postagens\/livros-da-biblia\/genesis\/genesis-18\/\">G\u00eanesis 18 &#8211; A Visita dos Tr\u00eas Anjos<\/a><\/li><li class=\"wp-block-pages-list__item\"><a class=\"wp-block-pages-list__item__link\" href=\"https:\/\/bibliapresente.com\/postagens\/livros-da-biblia\/genesis\/genesis-19\/\">G\u00eanesis 19 &#8211; Sodoma e Gomorra<\/a><\/li><li class=\"wp-block-pages-list__item\"><a class=\"wp-block-pages-list__item__link\" href=\"https:\/\/bibliapresente.com\/postagens\/livros-da-biblia\/genesis\/genesis-20\/\">G\u00eanesis 20 &#8211; Abra\u00e3o e Abimeleque<\/a><\/li><li class=\"wp-block-pages-list__item\"><a class=\"wp-block-pages-list__item__link\" href=\"https:\/\/bibliapresente.com\/postagens\/livros-da-biblia\/genesis\/genesis-21\/\">G\u00eanesis 21 &#8211; O Nascimento de Isaque<\/a><\/li><li class=\"wp-block-pages-list__item\"><a class=\"wp-block-pages-list__item__link\" href=\"https:\/\/bibliapresente.com\/postagens\/livros-da-biblia\/genesis\/genesis-22\/\">G\u00eanesis 22 &#8211; O Sacrif\u00edcio de Isaque<\/a><\/li><li class=\"wp-block-pages-list__item\"><a class=\"wp-block-pages-list__item__link\" href=\"https:\/\/bibliapresente.com\/postagens\/livros-da-biblia\/genesis\/genesis-23\/\">G\u00eanesis 23 &#8211; A Morte de Sara<\/a><\/li><li class=\"wp-block-pages-list__item\"><a class=\"wp-block-pages-list__item__link\" href=\"https:\/\/bibliapresente.com\/postagens\/livros-da-biblia\/genesis\/genesis-24\/\">G\u00eanesis 24 &#8211; O Casamento de Isaque<\/a><\/li><li class=\"wp-block-pages-list__item\"><a class=\"wp-block-pages-list__item__link\" href=\"https:\/\/bibliapresente.com\/postagens\/livros-da-biblia\/genesis\/genesis-25\/\">G\u00eanesis 25 &#8211; O Nascimento de Esa\u00fa e Jac\u00f3<\/a><\/li><li class=\"wp-block-pages-list__item\"><a class=\"wp-block-pages-list__item__link\" href=\"https:\/\/bibliapresente.com\/postagens\/livros-da-biblia\/genesis\/genesis-26\/\">G\u00eanesis 26 &#8211; As Promessas de Deus a Isaque<\/a><\/li><li class=\"wp-block-pages-list__item\"><a class=\"wp-block-pages-list__item__link\" href=\"https:\/\/bibliapresente.com\/postagens\/livros-da-biblia\/genesis\/genesis-27\/\">G\u00eanesis 27 &#8211; Jac\u00f3 Engana Isaque<\/a><\/li><li class=\"wp-block-pages-list__item\"><a class=\"wp-block-pages-list__item__link\" href=\"https:\/\/bibliapresente.com\/postagens\/livros-da-biblia\/genesis\/genesis-28\/\">G\u00eanesis 28 &#8211; O Sonho de Jac\u00f3 em Betel<\/a><\/li><li class=\"wp-block-pages-list__item\"><a class=\"wp-block-pages-list__item__link\" href=\"https:\/\/bibliapresente.com\/postagens\/livros-da-biblia\/genesis\/genesis-29\/\">G\u00eanesis 29 &#8211; Jac\u00f3 e as Filhas de Lab\u00e3o<\/a><\/li><li class=\"wp-block-pages-list__item\"><a class=\"wp-block-pages-list__item__link\" href=\"https:\/\/bibliapresente.com\/postagens\/livros-da-biblia\/genesis\/genesis-30\/\">G\u00eanesis 30 &#8211; O Acordo de Jac\u00f3 com Lab\u00e3o<\/a><\/li><li class=\"wp-block-pages-list__item\"><a class=\"wp-block-pages-list__item__link\" href=\"https:\/\/bibliapresente.com\/postagens\/livros-da-biblia\/genesis\/genesis-31\/\">G\u00eanesis 31 &#8211; A Fuga de Jac\u00f3<\/a><\/li><li class=\"wp-block-pages-list__item\"><a class=\"wp-block-pages-list__item__link\" href=\"https:\/\/bibliapresente.com\/postagens\/livros-da-biblia\/genesis\/genesis-32\/\">G\u00eanesis 32 &#8211; A Luta de Jac\u00f3 com O Anjo<\/a><\/li><li class=\"wp-block-pages-list__item\"><a class=\"wp-block-pages-list__item__link\" href=\"https:\/\/bibliapresente.com\/postagens\/livros-da-biblia\/genesis\/genesis-33\/\">G\u00eanesis 33 &#8211; A Reconcilia\u00e7\u00e3o de Jac\u00f3 e Esa\u00fa<\/a><\/li><li class=\"wp-block-pages-list__item\"><a class=\"wp-block-pages-list__item__link\" href=\"https:\/\/bibliapresente.com\/postagens\/livros-da-biblia\/genesis\/genesis-34\/\">G\u00eanesis 34 &#8211; O Caso de Din\u00e1<\/a><\/li><li class=\"wp-block-pages-list__item\"><a class=\"wp-block-pages-list__item__link\" href=\"https:\/\/bibliapresente.com\/postagens\/livros-da-biblia\/genesis\/genesis-35\/\">G\u00eanesis 35 &#8211; A Consagra\u00e7\u00e3o de Jac\u00f3 em Betel<\/a><\/li><li class=\"wp-block-pages-list__item\"><a class=\"wp-block-pages-list__item__link\" href=\"https:\/\/bibliapresente.com\/postagens\/livros-da-biblia\/genesis\/genesis-36\/\">G\u00eanesis 36 &#8211; Os Descendentes de Esa\u00fa<\/a><\/li><li class=\"wp-block-pages-list__item\"><a class=\"wp-block-pages-list__item__link\" href=\"https:\/\/bibliapresente.com\/postagens\/livros-da-biblia\/genesis\/genesis-37\/\">G\u00eanesis 37 &#8211; Jos\u00e9 Vendido como Escravo<\/a><\/li><li class=\"wp-block-pages-list__item\"><a class=\"wp-block-pages-list__item__link\" href=\"https:\/\/bibliapresente.com\/postagens\/livros-da-biblia\/genesis\/genesis-38\/\">G\u00eanesis 38 &#8211; Jud\u00e1 e Tamar<\/a><\/li><li class=\"wp-block-pages-list__item\"><a class=\"wp-block-pages-list__item__link\" href=\"https:\/\/bibliapresente.com\/postagens\/livros-da-biblia\/genesis\/genesis-39\/\">G\u00eanesis 39 &#8211; Jos\u00e9 na Casa de Potifar<\/a><\/li><li class=\"wp-block-pages-list__item\"><a class=\"wp-block-pages-list__item__link\" href=\"https:\/\/bibliapresente.com\/postagens\/livros-da-biblia\/genesis\/genesis-40\/\">G\u00eanesis 40 &#8211; Jos\u00e9 Interpreta Sonhos<\/a><\/li><li class=\"wp-block-pages-list__item\"><a class=\"wp-block-pages-list__item__link\" href=\"https:\/\/bibliapresente.com\/postagens\/livros-da-biblia\/genesis\/genesis-41\/\">G\u00eanesis 41 &#8211; O Sonho do Fara\u00f3<\/a><\/li><li class=\"wp-block-pages-list__item\"><a class=\"wp-block-pages-list__item__link\" href=\"https:\/\/bibliapresente.com\/postagens\/livros-da-biblia\/genesis\/genesis-42\/\">G\u00eanesis 42 &#8211; Os Irm\u00e3os de Jos\u00e9 no Egito<\/a><\/li><li class=\"wp-block-pages-list__item\"><a class=\"wp-block-pages-list__item__link\" href=\"https:\/\/bibliapresente.com\/postagens\/livros-da-biblia\/genesis\/genesis-43\/\">G\u00eanesis 43 &#8211; Benjamim Vai ao Egito<\/a><\/li><li class=\"wp-block-pages-list__item\"><a class=\"wp-block-pages-list__item__link\" href=\"https:\/\/bibliapresente.com\/postagens\/livros-da-biblia\/genesis\/genesis-44\/\">G\u00eanesis 44 &#8211; O Sacrif\u00edcio de Jud\u00e1<\/a><\/li><li class=\"wp-block-pages-list__item\"><a class=\"wp-block-pages-list__item__link\" href=\"https:\/\/bibliapresente.com\/postagens\/livros-da-biblia\/genesis\/genesis-45\/\">G\u00eanesis 45 &#8211; Jos\u00e9 se Revela a seus Irm\u00e3os<\/a><\/li><li class=\"wp-block-pages-list__item\"><a class=\"wp-block-pages-list__item__link\" href=\"https:\/\/bibliapresente.com\/postagens\/livros-da-biblia\/genesis\/genesis-46\/\">G\u00eanesis 46 &#8211; A Viagem de Jac\u00f3 ao Egito<\/a><\/li><li class=\"wp-block-pages-list__item\"><a class=\"wp-block-pages-list__item__link\" href=\"https:\/\/bibliapresente.com\/postagens\/livros-da-biblia\/genesis\/genesis-47\/\">G\u00eanesis 47 &#8211; Jac\u00f3 Aben\u00e7oa o Fara\u00f3<\/a><\/li><li class=\"wp-block-pages-list__item\"><a class=\"wp-block-pages-list__item__link\" href=\"https:\/\/bibliapresente.com\/postagens\/livros-da-biblia\/genesis\/genesis-48\/\">G\u00eanesis 48 &#8211; Jac\u00f3 Aben\u00e7oa os Filhos de Jos\u00e9<\/a><\/li><li class=\"wp-block-pages-list__item\"><a class=\"wp-block-pages-list__item__link\" href=\"https:\/\/bibliapresente.com\/postagens\/livros-da-biblia\/genesis\/genesis-49\/\">G\u00eanesis 49 &#8211; B\u00ean\u00e7\u00e3os de Jac\u00f3 a Seus Filhos<\/a><\/li><li class=\"wp-block-pages-list__item\"><a class=\"wp-block-pages-list__item__link\" href=\"https:\/\/bibliapresente.com\/postagens\/livros-da-biblia\/genesis\/genesis-50\/\">G\u00eanesis 50 &#8211; A Morte de Jac\u00f3<\/a><\/li><\/ul>","protected":false},"excerpt":{"rendered":"<p>1 E aconteceu que passados dois anos teve Fara\u00f3 um sonho: Parecia-lhe que estava junto ao rio; 2 E que do rio subiam sete vacas, belas \u00e0 vista, e muito gordas, e pastavam entre os juncos: 3 E que outras sete vacas subiam atr\u00e1s elas do rio, de feia apar\u00eancia, e magras de carne, e &hellip; <\/p>\n","protected":false},"author":2,"featured_media":263,"parent":233,"menu_order":41,"comment_status":"closed","ping_status":"closed","template":"","meta":{"om_disable_all_campaigns":false,"_monsterinsights_skip_tracking":false,"_monsterinsights_sitenote_active":false,"_monsterinsights_sitenote_note":"","_monsterinsights_sitenote_category":0,"footnotes":""},"class_list":["post-370","page","type-page","status-publish","has-post-thumbnail","hentry"],"aioseo_notices":[],"_links":{"self":[{"href":"https:\/\/bibliapresente.com\/postagens\/wp-json\/wp\/v2\/pages\/370","targetHints":{"allow":["GET"]}}],"collection":[{"href":"https:\/\/bibliapresente.com\/postagens\/wp-json\/wp\/v2\/pages"}],"about":[{"href":"https:\/\/bibliapresente.com\/postagens\/wp-json\/wp\/v2\/types\/page"}],"author":[{"embeddable":true,"href":"https:\/\/bibliapresente.com\/postagens\/wp-json\/wp\/v2\/users\/2"}],"replies":[{"embeddable":true,"href":"https:\/\/bibliapresente.com\/postagens\/wp-json\/wp\/v2\/comments?post=370"}],"version-history":[{"count":5,"href":"https:\/\/bibliapresente.com\/postagens\/wp-json\/wp\/v2\/pages\/370\/revisions"}],"predecessor-version":[{"id":564,"href":"https:\/\/bibliapresente.com\/postagens\/wp-json\/wp\/v2\/pages\/370\/revisions\/564"}],"up":[{"embeddable":true,"href":"https:\/\/bibliapresente.com\/postagens\/wp-json\/wp\/v2\/pages\/233"}],"wp:featuredmedia":[{"embeddable":true,"href":"https:\/\/bibliapresente.com\/postagens\/wp-json\/wp\/v2\/media\/263"}],"wp:attachment":[{"href":"https:\/\/bibliapresente.com\/postagens\/wp-json\/wp\/v2\/media?parent=370"}],"curies":[{"name":"wp","href":"https:\/\/api.w.org\/{rel}","templated":true}]}}