{"id":356,"date":"2025-01-04T19:23:13","date_gmt":"2025-01-04T22:23:13","guid":{"rendered":"https:\/\/bibliapresente.com\/postagens\/?page_id=356"},"modified":"2025-01-04T19:23:14","modified_gmt":"2025-01-04T22:23:14","slug":"genesis-34","status":"publish","type":"page","link":"https:\/\/bibliapresente.com\/postagens\/livros-da-biblia\/genesis\/genesis-34\/","title":{"rendered":"G\u00eanesis 34 &#8211; O Caso de Din\u00e1"},"content":{"rendered":"\n<p class=\"has-medium-font-size\"><span><span><sup><b>1<\/b><\/sup><\/span> E saiu Din\u00e1 a filha de Lia, a qual esta havia dado a Jac\u00f3, a ver as filhas do pa\u00eds. <\/span><br><span><span><sup><b>2<\/b><\/sup><\/span> E viu-a Siqu\u00e9m, filho de Hamor heveu, pr\u00edncipe daquela terra, e tomou-a, e deitou-se com ela, e a desonrou. <\/span><br><span><span><sup><b>3<\/b><\/sup><\/span> Mas sua alma se apegou a Din\u00e1 a filha de Lia, e apaixonou-se pela mo\u00e7a, e falou ao cora\u00e7\u00e3o da jovem. <\/span><br><span><span><sup><b>4<\/b><\/sup><\/span> E falou Siqu\u00e9m a Hamor seu pai, dizendo: Toma-me por mulher esta mo\u00e7a. <\/span><br><span><span><sup><b>5<\/b><\/sup><\/span> E ouviu Jac\u00f3 que havia Siqu\u00e9m violado a Din\u00e1 sua filha: e estando seus filhos com seu gado no campo, calou Jac\u00f3 at\u00e9 que eles viessem. <\/span><br><span><span><sup><b>6<\/b><\/sup><\/span> E dirigiu-se Hamor pai de Siqu\u00e9m a Jac\u00f3, para falar com ele. <\/span><br><span><span><sup><b>7<\/b><\/sup><\/span> E os filhos de Jac\u00f3 vieram do campo quando o souberam; e se entristeceram os homens, e se irritaram muito, porque fez deprava\u00e7\u00e3o em Israel lan\u00e7ando-se com a filha de Jac\u00f3, o que n\u00e3o se devia haver feito. <\/span><br><span><span><sup><b>8<\/b><\/sup><\/span> E Hamor falou com eles, dizendo: A alma de meu filho Siqu\u00e9m se apegou \u00e0 vossa filha; rogo-vos que a deis por mulher. <\/span><br><span><span><sup><b>9<\/b><\/sup><\/span> E aparentai-vos conosco; dai-nos vossas filhas, e tomai v\u00f3s as nossas. <\/span><br><span><span><sup><b>10<\/b><\/sup><\/span> E habitai conosco; porque a terra estar\u00e1 diante de v\u00f3s; morai e negociai nela, e tomai nela possess\u00e3o. <\/span><br><span><span><sup><b>11<\/b><\/sup><\/span> Siqu\u00e9m tamb\u00e9m disse a seu pai e a seus irm\u00e3os: Ache eu favor em vossos olhos, e darei o que me disserdes. <\/span><br><span><span><sup><b>12<\/b><\/sup><\/span> Aumentai a cargo meu muito dote e presentes, que eu darei quanto me disserdes, e d\u00e1-me a mo\u00e7a por mulher. <\/span><br><span><span><sup><b>13<\/b><\/sup><\/span> E responderam os filhos de Jac\u00f3 a Siqu\u00e9m e a Hamor seu pai com engano; e falaram, porquanto havia violado a Din\u00e1 sua irm\u00e3. <\/span><br><span><span><sup><b>14<\/b><\/sup><\/span> E disseram-lhes: N\u00e3o podemos fazer isto de dar nossa irm\u00e3 a homem que tem prep\u00facio; porque entre n\u00f3s \u00e9 abomina\u00e7\u00e3o. <\/span><br><span><span><sup><b>15<\/b><\/sup><\/span> Mas com esta condi\u00e7\u00e3o vos consentiremos: se haveis de ser como n\u00f3s, que se circuncide entre v\u00f3s todo homem; <\/span><br><span><span><sup><b>16<\/b><\/sup><\/span> Ent\u00e3o vos daremos nossas filhas, e tomaremos n\u00f3s as vossas; e habitaremos convosco, e seremos um povo. <\/span><br><span><span><sup><b>17<\/b><\/sup><\/span> Mas se n\u00e3o nos prestardes ouvido para vos circuncidar, tomaremos nossa filha, e nos iremos. <\/span><br><span><span><sup><b>18<\/b><\/sup><\/span> E pareceram bem seus palavras a Hamor e a Siqu\u00e9m, filho de Hamor. <\/span><br><span><span><sup><b>19<\/b><\/sup><\/span> E n\u00e3o tardou o jovem fazer aquilo, porque a filha de Jac\u00f3 lhe havia agradado: e ele era o mais honrado de toda a casa de seu pai. <\/span><br><span><span><sup><b>20<\/b><\/sup><\/span> Ent\u00e3o Hamor e Siqu\u00e9m seu filho vieram \u00e0 porta de sua cidade, e falaram aos homens de sua cidade, dizendo: <\/span><br><span><span><sup><b>21<\/b><\/sup><\/span> Estes homens s\u00e3o pac\u00edficos conosco, e habitar\u00e3o no pa\u00eds, e comercializar\u00e3o nele: pois eis que a terra \u00e9 bastante larga para eles: n\u00f3s tomaremos suas filhas por mulheres, e lhes daremos as nossas. <\/span><br><span><span><sup><b>22<\/b><\/sup><\/span> Mas com esta condi\u00e7\u00e3o nos estes homens consentir\u00e3o em habitar conosco, para que sejamos um povo: se se circuncidar em n\u00f3s todo homem, assim como eles s\u00e3o circuncidados. <\/span><br><span><span><sup><b>23<\/b><\/sup><\/span> Seus gados, e sua riqueza e todos seus animais, ser\u00e3o nossas: somente concordemos com eles, e habitar\u00e3o conosco. <\/span><br><span><span><sup><b>24<\/b><\/sup><\/span> E obedeceram a Hamor e a Siqu\u00e9m seu filho todos os que sa\u00edam pela porta da cidade, e circuncidaram a todo homem, dentre os que sa\u00edam pela porta de sua cidade. <\/span><br><span><span><sup><b>25<\/b><\/sup><\/span> E sucedeu que ao terceiro dia, quando sentiam eles a maior dor, os dois filhos de Jac\u00f3, Sime\u00e3o e Levi, irm\u00e3os de Din\u00e1, tomaram cada um sua espada, e vieram contra a cidade animosamente, e mataram a todo homem. <\/span><br><span><span><sup><b>26<\/b><\/sup><\/span> E a Hamor e a seu filho Siqu\u00e9m mataram a fio de espada: e tomaram a Din\u00e1 de casa de Siqu\u00e9m, e sa\u00edram. <\/span><br><span><span><sup><b>27<\/b><\/sup><\/span> E os filhos de Jac\u00f3 vieram aos mortos e saquearam a cidade; porquanto haviam violado \u00e0 sua irm\u00e3. <\/span><br><span><span><sup><b>28<\/b><\/sup><\/span> Tomaram suas ovelhas e vacas e seus asnos, e o que havia na cidade e no campo, <\/span><br><span><span><sup><b>29<\/b><\/sup><\/span> E todos os seus pertences; se levaram cativos a todos as suas crian\u00e7as e suas mulheres, e roubaram tudo o que havia nas casas. <\/span><br><span><span><sup><b>30<\/b><\/sup><\/span> Ent\u00e3o disse Jac\u00f3 a Sime\u00e3o e a Levi: V\u00f3s me perturbastes em fazer-me abomin\u00e1vel aos moradores desta terra, os cananeus e os ferezeus; e tendo eu poucos homens, se juntar\u00e3o contra mim, e me ferir\u00e3o, e serei destru\u00eddo eu e minha casa. <\/span><br><span><span><sup><b>31<\/b><\/sup><\/span> E eles responderam Havia ele de tratar \u00e0 nossa irm\u00e3 como \u00e0 uma prostituta?<\/span><\/p>\n\n\n\n<div class=\"wp-block-columns is-layout-flex wp-container-core-columns-is-layout-9d6595d7 wp-block-columns-is-layout-flex\">\n<div class=\"wp-block-column is-layout-flow wp-block-column-is-layout-flow\">\n<p><a href=\"\/genesis-33\">G\u00eanesis 33<\/a><\/p>\n<\/div>\n\n\n\n<div class=\"wp-block-column is-layout-flow wp-block-column-is-layout-flow\">\n<p class=\"has-text-align-right\"><a href=\"\/genesis-35\">G\u00eanesis 35<\/a><\/p>\n<\/div>\n<\/div>\n\n\n\n<h2 class=\"wp-block-heading\">Descri\u00e7\u00e3o &#8211; G\u00eanesis 34<\/h2>\n\n\n\n<p class=\"has-medium-font-size\">G\u00eanesis 34 narra o tr\u00e1gico epis\u00f3dio envolvendo Din\u00e1, filha de Jac\u00f3, que \u00e9 desonrada por Siqu\u00e9m, pr\u00edncipe da terra. Em resposta, os irm\u00e3os de Din\u00e1, Sime\u00e3o e Levi, tomam vingan\u00e7a de forma violenta, atacando a cidade de Siqu\u00e9m ap\u00f3s os homens terem sido circuncidados. O cap\u00edtulo destaca temas de honra, justi\u00e7a e as consequ\u00eancias da vingan\u00e7a, refletindo os desafios morais e familiares no Antigo Testamento. Esse epis\u00f3dio tamb\u00e9m prepara o contexto para a jornada de Jac\u00f3 e sua fam\u00edlia em dire\u00e7\u00e3o \u00e0 purifica\u00e7\u00e3o e restaura\u00e7\u00e3o espiritual.<\/p>\n\n\n\n<h3 class=\"wp-block-heading\">Livro do G\u00eanesis:<\/h3>\n\n\n<ul class=\"wp-block-page-list\"><li class=\"wp-block-pages-list__item\"><a class=\"wp-block-pages-list__item__link\" href=\"https:\/\/bibliapresente.com\/postagens\/livros-da-biblia\/genesis\/genesis-1\/\">G\u00eanesis 1 &#8211; A Cria\u00e7\u00e3o do Universo<\/a><\/li><li class=\"wp-block-pages-list__item\"><a class=\"wp-block-pages-list__item__link\" href=\"https:\/\/bibliapresente.com\/postagens\/livros-da-biblia\/genesis\/genesis-2\/\">G\u00eanesis 2 &#8211; O Jardim do \u00c9den<\/a><\/li><li class=\"wp-block-pages-list__item\"><a class=\"wp-block-pages-list__item__link\" href=\"https:\/\/bibliapresente.com\/postagens\/livros-da-biblia\/genesis\/genesis-3\/\">G\u00eanesis 3 &#8211; O Pecado Original<\/a><\/li><li class=\"wp-block-pages-list__item\"><a class=\"wp-block-pages-list__item__link\" href=\"https:\/\/bibliapresente.com\/postagens\/livros-da-biblia\/genesis\/genesis-4\/\">G\u00eanesis 4 &#8211; Caim e Abel<\/a><\/li><li class=\"wp-block-pages-list__item\"><a class=\"wp-block-pages-list__item__link\" href=\"https:\/\/bibliapresente.com\/postagens\/livros-da-biblia\/genesis\/genesis-5\/\">G\u00eanesis 5 &#8211; Genealogia de Ad\u00e3o a No\u00e9<\/a><\/li><li class=\"wp-block-pages-list__item\"><a class=\"wp-block-pages-list__item__link\" href=\"https:\/\/bibliapresente.com\/postagens\/livros-da-biblia\/genesis\/genesis-6-a-corrupcao-e-o-chamado-de-noe\/\">G\u00eanesis 6 &#8211; A Corrup\u00e7\u00e3o e o Chamado de No\u00e9<\/a><\/li><li class=\"wp-block-pages-list__item\"><a class=\"wp-block-pages-list__item__link\" href=\"https:\/\/bibliapresente.com\/postagens\/livros-da-biblia\/genesis\/genesis-7\/\">G\u00eanesis 7 &#8211; O Grande Dil\u00favio<\/a><\/li><li class=\"wp-block-pages-list__item\"><a class=\"wp-block-pages-list__item__link\" href=\"https:\/\/bibliapresente.com\/postagens\/livros-da-biblia\/genesis\/genesis-8\/\">G\u00eanesis 8 &#8211; As \u00c1guas do Dil\u00favio Recuam<\/a><\/li><li class=\"wp-block-pages-list__item\"><a class=\"wp-block-pages-list__item__link\" href=\"https:\/\/bibliapresente.com\/postagens\/livros-da-biblia\/genesis\/genesis-9\/\">G\u00eanesis 9 &#8211; A Grande Alian\u00e7a do Arco-\u00cdris<\/a><\/li><li class=\"wp-block-pages-list__item\"><a class=\"wp-block-pages-list__item__link\" href=\"https:\/\/bibliapresente.com\/postagens\/livros-da-biblia\/genesis\/genesis-10-as-nacoes-descendentes-de-noe\/\">G\u00eanesis 10 &#8211; As Na\u00e7\u00f5es Descendentes de No\u00e9<\/a><\/li><li class=\"wp-block-pages-list__item\"><a class=\"wp-block-pages-list__item__link\" href=\"https:\/\/bibliapresente.com\/postagens\/livros-da-biblia\/genesis\/genesis-11-a-torre-de-babel\/\">G\u00eanesis 11 &#8211; A Torre de Babel<\/a><\/li><li class=\"wp-block-pages-list__item\"><a class=\"wp-block-pages-list__item__link\" href=\"https:\/\/bibliapresente.com\/postagens\/livros-da-biblia\/genesis\/genesis-12-o-chamado-de-abraao\/\">G\u00eanesis 12 &#8211; O Chamado de Abra\u00e3o<\/a><\/li><li class=\"wp-block-pages-list__item\"><a class=\"wp-block-pages-list__item__link\" href=\"https:\/\/bibliapresente.com\/postagens\/livros-da-biblia\/genesis\/genesis-13-a-separacao-de-abrao-e-lo\/\">G\u00eanesis 13 &#8211; A Separa\u00e7\u00e3o de Abr\u00e3o e L\u00f3<\/a><\/li><li class=\"wp-block-pages-list__item\"><a class=\"wp-block-pages-list__item__link\" href=\"https:\/\/bibliapresente.com\/postagens\/livros-da-biblia\/genesis\/genesis-14\/\">G\u00eanesis 14 &#8211; A B\u00ean\u00e7\u00e3o de Melquisedeque<\/a><\/li><li class=\"wp-block-pages-list__item\"><a class=\"wp-block-pages-list__item__link\" href=\"https:\/\/bibliapresente.com\/postagens\/livros-da-biblia\/genesis\/genesis-15\/\">G\u00eanesis 15 &#8211; A Alian\u00e7a de Deus com Abr\u00e3o<\/a><\/li><li class=\"wp-block-pages-list__item\"><a class=\"wp-block-pages-list__item__link\" href=\"https:\/\/bibliapresente.com\/postagens\/livros-da-biblia\/genesis\/genesis-16\/\">G\u00eanesis 16 &#8211; O Nascimento de Ismael<\/a><\/li><li class=\"wp-block-pages-list__item\"><a class=\"wp-block-pages-list__item__link\" href=\"https:\/\/bibliapresente.com\/postagens\/livros-da-biblia\/genesis\/genesis-17\/\">G\u00eanesis 17 &#8211; A Institui\u00e7\u00e3o da Circuncis\u00e3o<\/a><\/li><li class=\"wp-block-pages-list__item\"><a class=\"wp-block-pages-list__item__link\" href=\"https:\/\/bibliapresente.com\/postagens\/livros-da-biblia\/genesis\/genesis-18\/\">G\u00eanesis 18 &#8211; A Visita dos Tr\u00eas Anjos<\/a><\/li><li class=\"wp-block-pages-list__item\"><a class=\"wp-block-pages-list__item__link\" href=\"https:\/\/bibliapresente.com\/postagens\/livros-da-biblia\/genesis\/genesis-19\/\">G\u00eanesis 19 &#8211; Sodoma e Gomorra<\/a><\/li><li class=\"wp-block-pages-list__item\"><a class=\"wp-block-pages-list__item__link\" href=\"https:\/\/bibliapresente.com\/postagens\/livros-da-biblia\/genesis\/genesis-20\/\">G\u00eanesis 20 &#8211; Abra\u00e3o e Abimeleque<\/a><\/li><li class=\"wp-block-pages-list__item\"><a class=\"wp-block-pages-list__item__link\" href=\"https:\/\/bibliapresente.com\/postagens\/livros-da-biblia\/genesis\/genesis-21\/\">G\u00eanesis 21 &#8211; O Nascimento de Isaque<\/a><\/li><li class=\"wp-block-pages-list__item\"><a class=\"wp-block-pages-list__item__link\" href=\"https:\/\/bibliapresente.com\/postagens\/livros-da-biblia\/genesis\/genesis-22\/\">G\u00eanesis 22 &#8211; O Sacrif\u00edcio de Isaque<\/a><\/li><li class=\"wp-block-pages-list__item\"><a class=\"wp-block-pages-list__item__link\" href=\"https:\/\/bibliapresente.com\/postagens\/livros-da-biblia\/genesis\/genesis-23\/\">G\u00eanesis 23 &#8211; A Morte de Sara<\/a><\/li><li class=\"wp-block-pages-list__item\"><a class=\"wp-block-pages-list__item__link\" href=\"https:\/\/bibliapresente.com\/postagens\/livros-da-biblia\/genesis\/genesis-24\/\">G\u00eanesis 24 &#8211; O Casamento de Isaque<\/a><\/li><li class=\"wp-block-pages-list__item\"><a class=\"wp-block-pages-list__item__link\" href=\"https:\/\/bibliapresente.com\/postagens\/livros-da-biblia\/genesis\/genesis-25\/\">G\u00eanesis 25 &#8211; O Nascimento de Esa\u00fa e Jac\u00f3<\/a><\/li><li class=\"wp-block-pages-list__item\"><a class=\"wp-block-pages-list__item__link\" href=\"https:\/\/bibliapresente.com\/postagens\/livros-da-biblia\/genesis\/genesis-26\/\">G\u00eanesis 26 &#8211; As Promessas de Deus a Isaque<\/a><\/li><li class=\"wp-block-pages-list__item\"><a class=\"wp-block-pages-list__item__link\" href=\"https:\/\/bibliapresente.com\/postagens\/livros-da-biblia\/genesis\/genesis-27\/\">G\u00eanesis 27 &#8211; Jac\u00f3 Engana Isaque<\/a><\/li><li class=\"wp-block-pages-list__item\"><a class=\"wp-block-pages-list__item__link\" href=\"https:\/\/bibliapresente.com\/postagens\/livros-da-biblia\/genesis\/genesis-28\/\">G\u00eanesis 28 &#8211; O Sonho de Jac\u00f3 em Betel<\/a><\/li><li class=\"wp-block-pages-list__item\"><a class=\"wp-block-pages-list__item__link\" href=\"https:\/\/bibliapresente.com\/postagens\/livros-da-biblia\/genesis\/genesis-29\/\">G\u00eanesis 29 &#8211; Jac\u00f3 e as Filhas de Lab\u00e3o<\/a><\/li><li class=\"wp-block-pages-list__item\"><a class=\"wp-block-pages-list__item__link\" href=\"https:\/\/bibliapresente.com\/postagens\/livros-da-biblia\/genesis\/genesis-30\/\">G\u00eanesis 30 &#8211; O Acordo de Jac\u00f3 com Lab\u00e3o<\/a><\/li><li class=\"wp-block-pages-list__item\"><a class=\"wp-block-pages-list__item__link\" href=\"https:\/\/bibliapresente.com\/postagens\/livros-da-biblia\/genesis\/genesis-31\/\">G\u00eanesis 31 &#8211; A Fuga de Jac\u00f3<\/a><\/li><li class=\"wp-block-pages-list__item\"><a class=\"wp-block-pages-list__item__link\" href=\"https:\/\/bibliapresente.com\/postagens\/livros-da-biblia\/genesis\/genesis-32\/\">G\u00eanesis 32 &#8211; A Luta de Jac\u00f3 com O Anjo<\/a><\/li><li class=\"wp-block-pages-list__item\"><a class=\"wp-block-pages-list__item__link\" href=\"https:\/\/bibliapresente.com\/postagens\/livros-da-biblia\/genesis\/genesis-33\/\">G\u00eanesis 33 &#8211; A Reconcilia\u00e7\u00e3o de Jac\u00f3 e Esa\u00fa<\/a><\/li><li class=\"wp-block-pages-list__item\"><a class=\"wp-block-pages-list__item__link\" href=\"https:\/\/bibliapresente.com\/postagens\/livros-da-biblia\/genesis\/genesis-34\/\">G\u00eanesis 34 &#8211; O Caso de Din\u00e1<\/a><\/li><li class=\"wp-block-pages-list__item\"><a class=\"wp-block-pages-list__item__link\" href=\"https:\/\/bibliapresente.com\/postagens\/livros-da-biblia\/genesis\/genesis-35\/\">G\u00eanesis 35 &#8211; A Consagra\u00e7\u00e3o de Jac\u00f3 em Betel<\/a><\/li><li class=\"wp-block-pages-list__item\"><a class=\"wp-block-pages-list__item__link\" href=\"https:\/\/bibliapresente.com\/postagens\/livros-da-biblia\/genesis\/genesis-36\/\">G\u00eanesis 36 &#8211; Os Descendentes de Esa\u00fa<\/a><\/li><li class=\"wp-block-pages-list__item\"><a class=\"wp-block-pages-list__item__link\" href=\"https:\/\/bibliapresente.com\/postagens\/livros-da-biblia\/genesis\/genesis-37\/\">G\u00eanesis 37 &#8211; Jos\u00e9 Vendido como Escravo<\/a><\/li><li class=\"wp-block-pages-list__item\"><a class=\"wp-block-pages-list__item__link\" href=\"https:\/\/bibliapresente.com\/postagens\/livros-da-biblia\/genesis\/genesis-38\/\">G\u00eanesis 38 &#8211; Jud\u00e1 e Tamar<\/a><\/li><li class=\"wp-block-pages-list__item\"><a class=\"wp-block-pages-list__item__link\" href=\"https:\/\/bibliapresente.com\/postagens\/livros-da-biblia\/genesis\/genesis-39\/\">G\u00eanesis 39 &#8211; Jos\u00e9 na Casa de Potifar<\/a><\/li><li class=\"wp-block-pages-list__item\"><a class=\"wp-block-pages-list__item__link\" href=\"https:\/\/bibliapresente.com\/postagens\/livros-da-biblia\/genesis\/genesis-40\/\">G\u00eanesis 40 &#8211; Jos\u00e9 Interpreta Sonhos<\/a><\/li><li class=\"wp-block-pages-list__item\"><a class=\"wp-block-pages-list__item__link\" href=\"https:\/\/bibliapresente.com\/postagens\/livros-da-biblia\/genesis\/genesis-41\/\">G\u00eanesis 41 &#8211; O Sonho do Fara\u00f3<\/a><\/li><li class=\"wp-block-pages-list__item\"><a class=\"wp-block-pages-list__item__link\" href=\"https:\/\/bibliapresente.com\/postagens\/livros-da-biblia\/genesis\/genesis-42\/\">G\u00eanesis 42 &#8211; Os Irm\u00e3os de Jos\u00e9 no Egito<\/a><\/li><li class=\"wp-block-pages-list__item\"><a class=\"wp-block-pages-list__item__link\" href=\"https:\/\/bibliapresente.com\/postagens\/livros-da-biblia\/genesis\/genesis-43\/\">G\u00eanesis 43 &#8211; Benjamim Vai ao Egito<\/a><\/li><li class=\"wp-block-pages-list__item\"><a class=\"wp-block-pages-list__item__link\" href=\"https:\/\/bibliapresente.com\/postagens\/livros-da-biblia\/genesis\/genesis-44\/\">G\u00eanesis 44 &#8211; O Sacrif\u00edcio de Jud\u00e1<\/a><\/li><li class=\"wp-block-pages-list__item\"><a class=\"wp-block-pages-list__item__link\" href=\"https:\/\/bibliapresente.com\/postagens\/livros-da-biblia\/genesis\/genesis-45\/\">G\u00eanesis 45 &#8211; Jos\u00e9 se Revela a seus Irm\u00e3os<\/a><\/li><li class=\"wp-block-pages-list__item\"><a class=\"wp-block-pages-list__item__link\" href=\"https:\/\/bibliapresente.com\/postagens\/livros-da-biblia\/genesis\/genesis-46\/\">G\u00eanesis 46 &#8211; A Viagem de Jac\u00f3 ao Egito<\/a><\/li><li class=\"wp-block-pages-list__item\"><a class=\"wp-block-pages-list__item__link\" href=\"https:\/\/bibliapresente.com\/postagens\/livros-da-biblia\/genesis\/genesis-47\/\">G\u00eanesis 47 &#8211; Jac\u00f3 Aben\u00e7oa o Fara\u00f3<\/a><\/li><li class=\"wp-block-pages-list__item\"><a class=\"wp-block-pages-list__item__link\" href=\"https:\/\/bibliapresente.com\/postagens\/livros-da-biblia\/genesis\/genesis-48\/\">G\u00eanesis 48 &#8211; Jac\u00f3 Aben\u00e7oa os Filhos de Jos\u00e9<\/a><\/li><li class=\"wp-block-pages-list__item\"><a class=\"wp-block-pages-list__item__link\" href=\"https:\/\/bibliapresente.com\/postagens\/livros-da-biblia\/genesis\/genesis-49\/\">G\u00eanesis 49 &#8211; B\u00ean\u00e7\u00e3os de Jac\u00f3 a Seus Filhos<\/a><\/li><li class=\"wp-block-pages-list__item\"><a class=\"wp-block-pages-list__item__link\" href=\"https:\/\/bibliapresente.com\/postagens\/livros-da-biblia\/genesis\/genesis-50\/\">G\u00eanesis 50 &#8211; A Morte de Jac\u00f3<\/a><\/li><\/ul>","protected":false},"excerpt":{"rendered":"<p>1 E saiu Din\u00e1 a filha de Lia, a qual esta havia dado a Jac\u00f3, a ver as filhas do pa\u00eds. 2 E viu-a Siqu\u00e9m, filho de Hamor heveu, pr\u00edncipe daquela terra, e tomou-a, e deitou-se com ela, e a desonrou. 3 Mas sua alma se apegou a Din\u00e1 a filha de Lia, e apaixonou-se &hellip; <\/p>\n","protected":false},"author":2,"featured_media":263,"parent":233,"menu_order":34,"comment_status":"closed","ping_status":"closed","template":"","meta":{"om_disable_all_campaigns":false,"_monsterinsights_skip_tracking":false,"_monsterinsights_sitenote_active":false,"_monsterinsights_sitenote_note":"","_monsterinsights_sitenote_category":0,"footnotes":""},"class_list":["post-356","page","type-page","status-publish","has-post-thumbnail","hentry"],"aioseo_notices":[],"_links":{"self":[{"href":"https:\/\/bibliapresente.com\/postagens\/wp-json\/wp\/v2\/pages\/356","targetHints":{"allow":["GET"]}}],"collection":[{"href":"https:\/\/bibliapresente.com\/postagens\/wp-json\/wp\/v2\/pages"}],"about":[{"href":"https:\/\/bibliapresente.com\/postagens\/wp-json\/wp\/v2\/types\/page"}],"author":[{"embeddable":true,"href":"https:\/\/bibliapresente.com\/postagens\/wp-json\/wp\/v2\/users\/2"}],"replies":[{"embeddable":true,"href":"https:\/\/bibliapresente.com\/postagens\/wp-json\/wp\/v2\/comments?post=356"}],"version-history":[{"count":5,"href":"https:\/\/bibliapresente.com\/postagens\/wp-json\/wp\/v2\/pages\/356\/revisions"}],"predecessor-version":[{"id":557,"href":"https:\/\/bibliapresente.com\/postagens\/wp-json\/wp\/v2\/pages\/356\/revisions\/557"}],"up":[{"embeddable":true,"href":"https:\/\/bibliapresente.com\/postagens\/wp-json\/wp\/v2\/pages\/233"}],"wp:featuredmedia":[{"embeddable":true,"href":"https:\/\/bibliapresente.com\/postagens\/wp-json\/wp\/v2\/media\/263"}],"wp:attachment":[{"href":"https:\/\/bibliapresente.com\/postagens\/wp-json\/wp\/v2\/media?parent=356"}],"curies":[{"name":"wp","href":"https:\/\/api.w.org\/{rel}","templated":true}]}}