{"id":340,"date":"2025-01-04T13:22:57","date_gmt":"2025-01-04T16:22:57","guid":{"rendered":"https:\/\/bibliapresente.com\/postagens\/?page_id=340"},"modified":"2025-01-04T13:22:59","modified_gmt":"2025-01-04T16:22:59","slug":"genesis-26","status":"publish","type":"page","link":"https:\/\/bibliapresente.com\/postagens\/livros-da-biblia\/genesis\/genesis-26\/","title":{"rendered":"G\u00eanesis 26 &#8211; As Promessas de Deus a Isaque"},"content":{"rendered":"\n<h3 class=\"wp-block-heading\">Isaque vae a Gerar por causa da fome<\/h3>\n\n\n\n<p class=\"has-medium-font-size\" style=\"letter-spacing:1px\"><span><span><sup><b>1<\/b><\/sup><\/span> E houve fome na terra, al\u00e9m da primeira fome que foi nos dias de Abra\u00e3o: e foi-se Isaque a Abimeleque rei dos filisteus, em Gerar. <\/span><br><span><span><sup><b>2<\/b><\/sup><\/span> E apareceu-lhe o SENHOR, e disse-lhe: N\u00e3o des\u00e7as ao Egito: habita na terra que eu te disser; <\/span><br><span><span><sup><b>3<\/b><\/sup><\/span> Habita nesta terra, e serei contigo, e te aben\u00e7oarei; porque a ti e \u00e0 tua descend\u00eancia darei todas estas terras, e confirmarei o juramento que jurei a Abra\u00e3o teu pai: <\/span><br><span><span><sup><b>4<\/b><\/sup><\/span> E multiplicarei tua descend\u00eancia como as estrelas do c\u00e9u, e darei \u00e0 tua descend\u00eancia todas estas terras; e todas as na\u00e7\u00f5es da terra ser\u00e3o aben\u00e7oadas em tua descend\u00eancia. <\/span><br><span><span><sup><b>5<\/b><\/sup><\/span> Porquanto ouviu Abra\u00e3o minha voz, e guardou meu preceito, meus mandamentos, meus estatutos e minhas leis. <\/span><br><span><span><sup><b>6<\/b><\/sup><\/span> Habitou, pois, Isaque em Gerar. <\/span><br><span><span><sup><b>7<\/b><\/sup><\/span> E os homens daquele lugar lhe perguntaram acerca de sua mulher; e ele respondeu: \u00c9 minha irm\u00e3; porque teve medo de dizer: \u00c9 minha mulher; que talvez, disse, os homens do lugar me matem por causa de Rebeca; porque era de belo aspecto. <\/span><br><span><span><sup><b>8<\/b><\/sup><\/span> E sucedeu que, depois que ele esteve ali muitos dias, Abimeleque, rei dos filisteus, olhando por uma janela, viu a Isaque que acariciava Rebeca sua mulher. <\/span><br><span><span><sup><b>9<\/b><\/sup><\/span> E chamou Abimeleque a Isaque, e disse: Eis que ela \u00e9 certamente tua mulher: como, pois, disseste: \u00c9 minha irm\u00e3? E Isaque lhe respondeu: Porque disse: Talvez eu morra por causa dela. <\/span><br><span><span><sup><b>10<\/b><\/sup><\/span> E Abimeleque disse: Por que nos fizeste isto? Por pouco haveria dormido algu\u00e9m do povo com tua mulher, e haverias trazido sobre n\u00f3s o pecado. <\/span><br><span><span><sup><b>11<\/b><\/sup><\/span> Ent\u00e3o Abimeleque mandou a todo o povo, dizendo: O que tocar a este homem ou a sua mulher, certamente morrer\u00e1. <\/span><\/p>\n\n\n\n<h3 class=\"wp-block-heading\">Isaque Prospera<\/h3>\n\n\n\n<p class=\"has-medium-font-size\" style=\"letter-spacing:1px\"><span><span><sup><b>12<\/b><\/sup><\/span> E semeou Isaque naquela terra, e achou aquele ano cem por um: e o SENHOR o aben\u00e7oou. <\/span><br><span><span><sup><b>13<\/b><\/sup><\/span> E o homem se engrandeceu, e foi engrandecendo-se cada vez mais, at\u00e9 fazer-se muito poderoso: <\/span><br><span><span><sup><b>14<\/b><\/sup><\/span> E teve rebanho de ovelhas, e rebanho de vacas, e grande n\u00famero de servos; e os filisteus tiveram inveja dele. <\/span><br><span><span><sup><b>15<\/b><\/sup><\/span> E todos os po\u00e7os que os criados de Abra\u00e3o seu pai haviam aberto em seus dias, os filisteus os haviam fechado e enchido da terra. <\/span><br><span><span><sup><b>16<\/b><\/sup><\/span> E disse Abimeleque a Isaque: Aparta-te de n\u00f3s, porque muito mais poderoso que n\u00f3s te fizeste. <\/span><br><span><span><sup><b>17<\/b><\/sup><\/span> E Isaque se foi dali; e assentou suas tendas no vale de Gerar, e habitou ali. <\/span><br><span><span><sup><b>18<\/b><\/sup><\/span> E voltou a abrir Isaque os po\u00e7os de \u00e1gua que haviam aberto nos dias de Abra\u00e3o seu pai, e que os filisteus haviam fechado, depois de Abra\u00e3o ter morrido; e chamou-os pelos nomes que seu pai os havia chamado. <\/span><br><span><span><sup><b>19<\/b><\/sup><\/span> E os servos de Isaque cavaram no vale, e acharam ali um po\u00e7o de \u00e1guas vivas. <\/span><br><span><span><sup><b>20<\/b><\/sup><\/span> E os pastores de Gerar brigaram com os pastores de Isaque, dizendo: A \u00e1gua \u00e9 nossa: por isso chamou o nome do po\u00e7o Eseque, porque haviam brigado com ele. <\/span><br><span><span><sup><b>21<\/b><\/sup><\/span> E abriram outro po\u00e7o, e tamb\u00e9m brigaram sobre ele: e chamou seu nome Sitna. <\/span><br><span><span><sup><b>22<\/b><\/sup><\/span> E apartou-se dali, e abriu outro po\u00e7o, e n\u00e3o brigaram sobre ele: e chamou seu nome Reobote, e disse: Porque agora nos fez alargar o SENHOR e frutificaremos na terra. <\/span><br><span><span><sup><b>23<\/b><\/sup><\/span> E dali subiu a Berseba. <\/span><br><span><span><sup><b>24<\/b><\/sup><\/span> E apareceu-lhe o SENHOR aquela noite, e disse: Eu sou o Deus de Abra\u00e3o teu pai: n\u00e3o temas, que eu sou contigo, e eu te aben\u00e7oarei, e multiplicarei tua descend\u00eancia por causa de Abra\u00e3o meu servo. <\/span><br><span><span><sup><b>25<\/b><\/sup><\/span> E edificou ali um altar, e invocou o nome do SENHOR, e estendeu ali sua tenda: e abriram ali os servos de Isaque um po\u00e7o. <\/span><\/p>\n\n\n\n<h3 class=\"wp-block-heading\">Abimeleque faz um pacto com Isaque<\/h3>\n\n\n\n<p class=\"has-medium-font-size\" style=\"letter-spacing:1px\"><span><span><sup><b>26<\/b><\/sup><\/span> E Abimeleque veio a ele desde Gerar, e Auzate, amigo seu, e Ficol, capit\u00e3o de seu ex\u00e9rcito. <\/span><br><span><span><sup><b>27<\/b><\/sup><\/span> E disse-lhes Isaque: Por que vindes a mim, pois que haveis me odiado, e me expulsastes dentre v\u00f3s? <\/span><br><span><span><sup><b>28<\/b><\/sup><\/span> E eles responderam: Vimos que o SENHOR \u00e9 contigo; e dissemos: Haja agora juramento entre n\u00f3s, entre n\u00f3s e ti, e faremos alian\u00e7a contigo: <\/span><br><span><span><sup><b>29<\/b><\/sup><\/span> Que n\u00e3o nos fa\u00e7as mal, como n\u00f3s n\u00e3o te tocamos, y como somente te fizemos bem, e te enviamos em paz: tu agora, bendito do SENHOR. <\/span><br><span><span><sup><b>30<\/b><\/sup><\/span> Ent\u00e3o ele lhes fez banquete, e comeram e beberam. <\/span><br><span><span><sup><b>31<\/b><\/sup><\/span> E se levantaram de madrugada, e juraram um ao outro; e Isaque os despediu, e eles se partiram dele em paz. <\/span><br><span><span><sup><b>32<\/b><\/sup><\/span> E naquele dia sucedeu que vieram os criados de Isaque, e deram-lhe novas acerca do po\u00e7o que haviam aberto, e lhe disseram: Achamos \u00e1gua. <\/span><br><span><span><sup><b>33<\/b><\/sup><\/span> E chamou-o Seba: por cuja causa o nome daquela cidade \u00e9 Berseba at\u00e9 hoje. <\/span><br><span><span><sup><b>34<\/b><\/sup><\/span> E quando Esa\u00fa foi de quarenta anos, tomou por mulher a Judite filha de Beeri heteu, e a Basemate filha de Elom heteu: <\/span><br><span><span><sup><b>35<\/b><\/sup><\/span> E foram amargura de esp\u00edrito a Isaque e a Rebeca.<\/span><\/p>\n\n\n\n<div class=\"wp-block-columns is-layout-flex wp-container-core-columns-is-layout-9d6595d7 wp-block-columns-is-layout-flex\">\n<div class=\"wp-block-column is-layout-flow wp-block-column-is-layout-flow\">\n<p><a href=\"\/genesis-25\">G\u00eanesis 25<\/a><\/p>\n<\/div>\n\n\n\n<div class=\"wp-block-column is-layout-flow wp-block-column-is-layout-flow\">\n<p class=\"has-text-align-right\"><a href=\"\/genesis-27\">G\u00eanesis 27<\/a><\/p>\n<\/div>\n<\/div>\n\n\n\n<h2 class=\"wp-block-heading\">Descri\u00e7\u00e3o &#8211; G\u00eanesis 26<\/h2>\n\n\n\n<p class=\"has-medium-font-size\">G\u00eanesis 26 destaca a vida de Isaque, filho de Abra\u00e3o, e sua fidelidade ao pacto divino. O cap\u00edtulo descreve como Deus reafirma a promessa feita a Abra\u00e3o. Dessa forma, o Senhor garante b\u00ean\u00e7\u00e3os e prosperidade a Isaque, mesmo em tempos de fome. Enquanto isso, Isaque enfrenta conflitos com os filisteus por causa de po\u00e7os. Mas mant\u00e9m a paz e confia na provid\u00eancia divina. A narrativa refor\u00e7a a continuidade da alian\u00e7a de Deus com os patriarcas e a import\u00e2ncia da obedi\u00eancia e f\u00e9.<\/p>\n\n\n\n<h3 class=\"wp-block-heading\">Livro do G\u00eanesis:<\/h3>\n\n\n<ul class=\"wp-block-page-list\"><li class=\"wp-block-pages-list__item\"><a class=\"wp-block-pages-list__item__link\" href=\"https:\/\/bibliapresente.com\/postagens\/livros-da-biblia\/genesis\/genesis-1\/\">G\u00eanesis 1 &#8211; A Cria\u00e7\u00e3o do Universo<\/a><\/li><li class=\"wp-block-pages-list__item\"><a class=\"wp-block-pages-list__item__link\" href=\"https:\/\/bibliapresente.com\/postagens\/livros-da-biblia\/genesis\/genesis-2\/\">G\u00eanesis 2 &#8211; O Jardim do \u00c9den<\/a><\/li><li class=\"wp-block-pages-list__item\"><a class=\"wp-block-pages-list__item__link\" href=\"https:\/\/bibliapresente.com\/postagens\/livros-da-biblia\/genesis\/genesis-3\/\">G\u00eanesis 3 &#8211; O Pecado Original<\/a><\/li><li class=\"wp-block-pages-list__item\"><a class=\"wp-block-pages-list__item__link\" href=\"https:\/\/bibliapresente.com\/postagens\/livros-da-biblia\/genesis\/genesis-4\/\">G\u00eanesis 4 &#8211; Caim e Abel<\/a><\/li><li class=\"wp-block-pages-list__item\"><a class=\"wp-block-pages-list__item__link\" href=\"https:\/\/bibliapresente.com\/postagens\/livros-da-biblia\/genesis\/genesis-5\/\">G\u00eanesis 5 &#8211; Genealogia de Ad\u00e3o a No\u00e9<\/a><\/li><li class=\"wp-block-pages-list__item\"><a class=\"wp-block-pages-list__item__link\" href=\"https:\/\/bibliapresente.com\/postagens\/livros-da-biblia\/genesis\/genesis-6-a-corrupcao-e-o-chamado-de-noe\/\">G\u00eanesis 6 &#8211; A Corrup\u00e7\u00e3o e o Chamado de No\u00e9<\/a><\/li><li class=\"wp-block-pages-list__item\"><a class=\"wp-block-pages-list__item__link\" href=\"https:\/\/bibliapresente.com\/postagens\/livros-da-biblia\/genesis\/genesis-7\/\">G\u00eanesis 7 &#8211; O Grande Dil\u00favio<\/a><\/li><li class=\"wp-block-pages-list__item\"><a class=\"wp-block-pages-list__item__link\" href=\"https:\/\/bibliapresente.com\/postagens\/livros-da-biblia\/genesis\/genesis-8\/\">G\u00eanesis 8 &#8211; As \u00c1guas do Dil\u00favio Recuam<\/a><\/li><li class=\"wp-block-pages-list__item\"><a class=\"wp-block-pages-list__item__link\" href=\"https:\/\/bibliapresente.com\/postagens\/livros-da-biblia\/genesis\/genesis-9\/\">G\u00eanesis 9 &#8211; A Grande Alian\u00e7a do Arco-\u00cdris<\/a><\/li><li class=\"wp-block-pages-list__item\"><a class=\"wp-block-pages-list__item__link\" href=\"https:\/\/bibliapresente.com\/postagens\/livros-da-biblia\/genesis\/genesis-10-as-nacoes-descendentes-de-noe\/\">G\u00eanesis 10 &#8211; As Na\u00e7\u00f5es Descendentes de No\u00e9<\/a><\/li><li class=\"wp-block-pages-list__item\"><a class=\"wp-block-pages-list__item__link\" href=\"https:\/\/bibliapresente.com\/postagens\/livros-da-biblia\/genesis\/genesis-11-a-torre-de-babel\/\">G\u00eanesis 11 &#8211; A Torre de Babel<\/a><\/li><li class=\"wp-block-pages-list__item\"><a class=\"wp-block-pages-list__item__link\" href=\"https:\/\/bibliapresente.com\/postagens\/livros-da-biblia\/genesis\/genesis-12-o-chamado-de-abraao\/\">G\u00eanesis 12 &#8211; O Chamado de Abra\u00e3o<\/a><\/li><li class=\"wp-block-pages-list__item\"><a class=\"wp-block-pages-list__item__link\" href=\"https:\/\/bibliapresente.com\/postagens\/livros-da-biblia\/genesis\/genesis-13-a-separacao-de-abrao-e-lo\/\">G\u00eanesis 13 &#8211; A Separa\u00e7\u00e3o de Abr\u00e3o e L\u00f3<\/a><\/li><li class=\"wp-block-pages-list__item\"><a class=\"wp-block-pages-list__item__link\" href=\"https:\/\/bibliapresente.com\/postagens\/livros-da-biblia\/genesis\/genesis-14\/\">G\u00eanesis 14 &#8211; A B\u00ean\u00e7\u00e3o de Melquisedeque<\/a><\/li><li class=\"wp-block-pages-list__item\"><a class=\"wp-block-pages-list__item__link\" href=\"https:\/\/bibliapresente.com\/postagens\/livros-da-biblia\/genesis\/genesis-15\/\">G\u00eanesis 15 &#8211; A Alian\u00e7a de Deus com Abr\u00e3o<\/a><\/li><li class=\"wp-block-pages-list__item\"><a class=\"wp-block-pages-list__item__link\" href=\"https:\/\/bibliapresente.com\/postagens\/livros-da-biblia\/genesis\/genesis-16\/\">G\u00eanesis 16 &#8211; O Nascimento de Ismael<\/a><\/li><li class=\"wp-block-pages-list__item\"><a class=\"wp-block-pages-list__item__link\" href=\"https:\/\/bibliapresente.com\/postagens\/livros-da-biblia\/genesis\/genesis-17\/\">G\u00eanesis 17 &#8211; A Institui\u00e7\u00e3o da Circuncis\u00e3o<\/a><\/li><li class=\"wp-block-pages-list__item\"><a class=\"wp-block-pages-list__item__link\" href=\"https:\/\/bibliapresente.com\/postagens\/livros-da-biblia\/genesis\/genesis-18\/\">G\u00eanesis 18 &#8211; A Visita dos Tr\u00eas Anjos<\/a><\/li><li class=\"wp-block-pages-list__item\"><a class=\"wp-block-pages-list__item__link\" href=\"https:\/\/bibliapresente.com\/postagens\/livros-da-biblia\/genesis\/genesis-19\/\">G\u00eanesis 19 &#8211; Sodoma e Gomorra<\/a><\/li><li class=\"wp-block-pages-list__item\"><a class=\"wp-block-pages-list__item__link\" href=\"https:\/\/bibliapresente.com\/postagens\/livros-da-biblia\/genesis\/genesis-20\/\">G\u00eanesis 20 &#8211; Abra\u00e3o e Abimeleque<\/a><\/li><li class=\"wp-block-pages-list__item\"><a class=\"wp-block-pages-list__item__link\" href=\"https:\/\/bibliapresente.com\/postagens\/livros-da-biblia\/genesis\/genesis-21\/\">G\u00eanesis 21 &#8211; O Nascimento de Isaque<\/a><\/li><li class=\"wp-block-pages-list__item\"><a class=\"wp-block-pages-list__item__link\" href=\"https:\/\/bibliapresente.com\/postagens\/livros-da-biblia\/genesis\/genesis-22\/\">G\u00eanesis 22 &#8211; O Sacrif\u00edcio de Isaque<\/a><\/li><li class=\"wp-block-pages-list__item\"><a class=\"wp-block-pages-list__item__link\" href=\"https:\/\/bibliapresente.com\/postagens\/livros-da-biblia\/genesis\/genesis-23\/\">G\u00eanesis 23 &#8211; A Morte de Sara<\/a><\/li><li class=\"wp-block-pages-list__item\"><a class=\"wp-block-pages-list__item__link\" href=\"https:\/\/bibliapresente.com\/postagens\/livros-da-biblia\/genesis\/genesis-24\/\">G\u00eanesis 24 &#8211; O Casamento de Isaque<\/a><\/li><li class=\"wp-block-pages-list__item\"><a class=\"wp-block-pages-list__item__link\" href=\"https:\/\/bibliapresente.com\/postagens\/livros-da-biblia\/genesis\/genesis-25\/\">G\u00eanesis 25 &#8211; O Nascimento de Esa\u00fa e Jac\u00f3<\/a><\/li><li class=\"wp-block-pages-list__item\"><a class=\"wp-block-pages-list__item__link\" href=\"https:\/\/bibliapresente.com\/postagens\/livros-da-biblia\/genesis\/genesis-26\/\">G\u00eanesis 26 &#8211; As Promessas de Deus a Isaque<\/a><\/li><li class=\"wp-block-pages-list__item\"><a class=\"wp-block-pages-list__item__link\" href=\"https:\/\/bibliapresente.com\/postagens\/livros-da-biblia\/genesis\/genesis-27\/\">G\u00eanesis 27 &#8211; Jac\u00f3 Engana Isaque<\/a><\/li><li class=\"wp-block-pages-list__item\"><a class=\"wp-block-pages-list__item__link\" href=\"https:\/\/bibliapresente.com\/postagens\/livros-da-biblia\/genesis\/genesis-28\/\">G\u00eanesis 28 &#8211; O Sonho de Jac\u00f3 em Betel<\/a><\/li><li class=\"wp-block-pages-list__item\"><a class=\"wp-block-pages-list__item__link\" href=\"https:\/\/bibliapresente.com\/postagens\/livros-da-biblia\/genesis\/genesis-29\/\">G\u00eanesis 29 &#8211; Jac\u00f3 e as Filhas de Lab\u00e3o<\/a><\/li><li class=\"wp-block-pages-list__item\"><a class=\"wp-block-pages-list__item__link\" href=\"https:\/\/bibliapresente.com\/postagens\/livros-da-biblia\/genesis\/genesis-30\/\">G\u00eanesis 30 &#8211; O Acordo de Jac\u00f3 com Lab\u00e3o<\/a><\/li><li class=\"wp-block-pages-list__item\"><a class=\"wp-block-pages-list__item__link\" href=\"https:\/\/bibliapresente.com\/postagens\/livros-da-biblia\/genesis\/genesis-31\/\">G\u00eanesis 31 &#8211; A Fuga de Jac\u00f3<\/a><\/li><li class=\"wp-block-pages-list__item\"><a class=\"wp-block-pages-list__item__link\" href=\"https:\/\/bibliapresente.com\/postagens\/livros-da-biblia\/genesis\/genesis-32\/\">G\u00eanesis 32 &#8211; A Luta de Jac\u00f3 com O Anjo<\/a><\/li><li class=\"wp-block-pages-list__item\"><a class=\"wp-block-pages-list__item__link\" href=\"https:\/\/bibliapresente.com\/postagens\/livros-da-biblia\/genesis\/genesis-33\/\">G\u00eanesis 33 &#8211; A Reconcilia\u00e7\u00e3o de Jac\u00f3 e Esa\u00fa<\/a><\/li><li class=\"wp-block-pages-list__item\"><a class=\"wp-block-pages-list__item__link\" href=\"https:\/\/bibliapresente.com\/postagens\/livros-da-biblia\/genesis\/genesis-34\/\">G\u00eanesis 34 &#8211; O Caso de Din\u00e1<\/a><\/li><li class=\"wp-block-pages-list__item\"><a class=\"wp-block-pages-list__item__link\" href=\"https:\/\/bibliapresente.com\/postagens\/livros-da-biblia\/genesis\/genesis-35\/\">G\u00eanesis 35 &#8211; A Consagra\u00e7\u00e3o de Jac\u00f3 em Betel<\/a><\/li><li class=\"wp-block-pages-list__item\"><a class=\"wp-block-pages-list__item__link\" href=\"https:\/\/bibliapresente.com\/postagens\/livros-da-biblia\/genesis\/genesis-36\/\">G\u00eanesis 36 &#8211; Os Descendentes de Esa\u00fa<\/a><\/li><li class=\"wp-block-pages-list__item\"><a class=\"wp-block-pages-list__item__link\" href=\"https:\/\/bibliapresente.com\/postagens\/livros-da-biblia\/genesis\/genesis-37\/\">G\u00eanesis 37 &#8211; Jos\u00e9 Vendido como Escravo<\/a><\/li><li class=\"wp-block-pages-list__item\"><a class=\"wp-block-pages-list__item__link\" href=\"https:\/\/bibliapresente.com\/postagens\/livros-da-biblia\/genesis\/genesis-38\/\">G\u00eanesis 38 &#8211; Jud\u00e1 e Tamar<\/a><\/li><li class=\"wp-block-pages-list__item\"><a class=\"wp-block-pages-list__item__link\" href=\"https:\/\/bibliapresente.com\/postagens\/livros-da-biblia\/genesis\/genesis-39\/\">G\u00eanesis 39 &#8211; Jos\u00e9 na Casa de Potifar<\/a><\/li><li class=\"wp-block-pages-list__item\"><a class=\"wp-block-pages-list__item__link\" href=\"https:\/\/bibliapresente.com\/postagens\/livros-da-biblia\/genesis\/genesis-40\/\">G\u00eanesis 40 &#8211; Jos\u00e9 Interpreta Sonhos<\/a><\/li><li class=\"wp-block-pages-list__item\"><a class=\"wp-block-pages-list__item__link\" href=\"https:\/\/bibliapresente.com\/postagens\/livros-da-biblia\/genesis\/genesis-41\/\">G\u00eanesis 41 &#8211; O Sonho do Fara\u00f3<\/a><\/li><li class=\"wp-block-pages-list__item\"><a class=\"wp-block-pages-list__item__link\" href=\"https:\/\/bibliapresente.com\/postagens\/livros-da-biblia\/genesis\/genesis-42\/\">G\u00eanesis 42 &#8211; Os Irm\u00e3os de Jos\u00e9 no Egito<\/a><\/li><li class=\"wp-block-pages-list__item\"><a class=\"wp-block-pages-list__item__link\" href=\"https:\/\/bibliapresente.com\/postagens\/livros-da-biblia\/genesis\/genesis-43\/\">G\u00eanesis 43 &#8211; Benjamim Vai ao Egito<\/a><\/li><li class=\"wp-block-pages-list__item\"><a class=\"wp-block-pages-list__item__link\" href=\"https:\/\/bibliapresente.com\/postagens\/livros-da-biblia\/genesis\/genesis-44\/\">G\u00eanesis 44 &#8211; O Sacrif\u00edcio de Jud\u00e1<\/a><\/li><li class=\"wp-block-pages-list__item\"><a class=\"wp-block-pages-list__item__link\" href=\"https:\/\/bibliapresente.com\/postagens\/livros-da-biblia\/genesis\/genesis-45\/\">G\u00eanesis 45 &#8211; Jos\u00e9 se Revela a seus Irm\u00e3os<\/a><\/li><li class=\"wp-block-pages-list__item\"><a class=\"wp-block-pages-list__item__link\" href=\"https:\/\/bibliapresente.com\/postagens\/livros-da-biblia\/genesis\/genesis-46\/\">G\u00eanesis 46 &#8211; A Viagem de Jac\u00f3 ao Egito<\/a><\/li><li class=\"wp-block-pages-list__item\"><a class=\"wp-block-pages-list__item__link\" href=\"https:\/\/bibliapresente.com\/postagens\/livros-da-biblia\/genesis\/genesis-47\/\">G\u00eanesis 47 &#8211; Jac\u00f3 Aben\u00e7oa o Fara\u00f3<\/a><\/li><li class=\"wp-block-pages-list__item\"><a class=\"wp-block-pages-list__item__link\" href=\"https:\/\/bibliapresente.com\/postagens\/livros-da-biblia\/genesis\/genesis-48\/\">G\u00eanesis 48 &#8211; Jac\u00f3 Aben\u00e7oa os Filhos de Jos\u00e9<\/a><\/li><li class=\"wp-block-pages-list__item\"><a class=\"wp-block-pages-list__item__link\" href=\"https:\/\/bibliapresente.com\/postagens\/livros-da-biblia\/genesis\/genesis-49\/\">G\u00eanesis 49 &#8211; B\u00ean\u00e7\u00e3os de Jac\u00f3 a Seus Filhos<\/a><\/li><li class=\"wp-block-pages-list__item\"><a class=\"wp-block-pages-list__item__link\" href=\"https:\/\/bibliapresente.com\/postagens\/livros-da-biblia\/genesis\/genesis-50\/\">G\u00eanesis 50 &#8211; A Morte de Jac\u00f3<\/a><\/li><\/ul>","protected":false},"excerpt":{"rendered":"<p>Isaque vae a Gerar por causa da fome 1 E houve fome na terra, al\u00e9m da primeira fome que foi nos dias de Abra\u00e3o: e foi-se Isaque a Abimeleque rei dos filisteus, em Gerar. 2 E apareceu-lhe o SENHOR, e disse-lhe: N\u00e3o des\u00e7as ao Egito: habita na terra que eu te disser; 3 Habita nesta &hellip; <\/p>\n","protected":false},"author":2,"featured_media":263,"parent":233,"menu_order":26,"comment_status":"closed","ping_status":"closed","template":"","meta":{"om_disable_all_campaigns":false,"_monsterinsights_skip_tracking":false,"_monsterinsights_sitenote_active":false,"_monsterinsights_sitenote_note":"","_monsterinsights_sitenote_category":0,"footnotes":""},"class_list":["post-340","page","type-page","status-publish","has-post-thumbnail","hentry"],"aioseo_notices":[],"_links":{"self":[{"href":"https:\/\/bibliapresente.com\/postagens\/wp-json\/wp\/v2\/pages\/340","targetHints":{"allow":["GET"]}}],"collection":[{"href":"https:\/\/bibliapresente.com\/postagens\/wp-json\/wp\/v2\/pages"}],"about":[{"href":"https:\/\/bibliapresente.com\/postagens\/wp-json\/wp\/v2\/types\/page"}],"author":[{"embeddable":true,"href":"https:\/\/bibliapresente.com\/postagens\/wp-json\/wp\/v2\/users\/2"}],"replies":[{"embeddable":true,"href":"https:\/\/bibliapresente.com\/postagens\/wp-json\/wp\/v2\/comments?post=340"}],"version-history":[{"count":3,"href":"https:\/\/bibliapresente.com\/postagens\/wp-json\/wp\/v2\/pages\/340\/revisions"}],"predecessor-version":[{"id":508,"href":"https:\/\/bibliapresente.com\/postagens\/wp-json\/wp\/v2\/pages\/340\/revisions\/508"}],"up":[{"embeddable":true,"href":"https:\/\/bibliapresente.com\/postagens\/wp-json\/wp\/v2\/pages\/233"}],"wp:featuredmedia":[{"embeddable":true,"href":"https:\/\/bibliapresente.com\/postagens\/wp-json\/wp\/v2\/media\/263"}],"wp:attachment":[{"href":"https:\/\/bibliapresente.com\/postagens\/wp-json\/wp\/v2\/media?parent=340"}],"curies":[{"name":"wp","href":"https:\/\/api.w.org\/{rel}","templated":true}]}}