{"id":324,"date":"2024-12-31T11:45:45","date_gmt":"2024-12-31T14:45:45","guid":{"rendered":"https:\/\/bibliapresente.com\/postagens\/?page_id=324"},"modified":"2024-12-31T11:45:46","modified_gmt":"2024-12-31T14:45:46","slug":"genesis-18","status":"publish","type":"page","link":"https:\/\/bibliapresente.com\/postagens\/livros-da-biblia\/genesis\/genesis-18\/","title":{"rendered":"G\u00eanesis 18 &#8211; A Visita dos Tr\u00eas Anjos"},"content":{"rendered":"\n<h3 class=\"wp-block-heading\">Tr\u00eas anjos aparecem a Abra\u00e3o<\/h3>\n\n\n\n<p class=\"has-medium-font-size\" style=\"letter-spacing:1px\"><span><span><sup><b>1<\/b><\/sup><\/span> E apareceu-lhe o SENHOR nos carvalhos de Manre, estando ele sentado \u00e0 porta de sua tenda no calor do dia. <br><span><sup><b>2<\/b><\/sup><\/span> E levantou seus olhos e olhou, e eis que tr\u00eas homens que estavam junto a ele: e quando os viu, saiu correndo da porta de sua tenda a receb\u00ea-los, e inclinou-se at\u00e9 a terra, <br><span><sup><b>3<\/b><\/sup><\/span> E disse: Senhor, se agora achei favor em teus olhos, rogo-te que n\u00e3o passes de teu servo. <\/span><br><span><span><sup><b>4<\/b><\/sup><\/span> Que se traga agora um pouco de \u00e1gua, e lavai vossos p\u00e9s; e recostai-vos debaixo de uma \u00e1rvore, <\/span><br><span><span><sup><b>5<\/b><\/sup><\/span> E trarei um bocado de p\u00e3o, e confortai vosso cora\u00e7\u00e3o; depois passareis: porque por isso passastes perto de vosso servo. E eles disseram: Faze assim como disseste. <\/span><br><span><span><sup><b>6<\/b><\/sup><\/span> Ent\u00e3o Abra\u00e3o foi depressa \u00e0 tenda a Sara, e lhe disse: Toma logo tr\u00eas medidas de flor de farinha, amassa e faze p\u00e3es cozidos debaixo das cinzas. <\/span><br><span><span><sup><b>7<\/b><\/sup><\/span> E correu Abra\u00e3o \u00e0s vacas, e tomou um bezerro tenro e bom, e deu-o ao jovem, e deu-se este pressa a prepar\u00e1-lo. <\/span><br><span><span><sup><b>8<\/b><\/sup><\/span> Tomou tamb\u00e9m manteiga e leite, e o bezerro que havia preparado, e o p\u00f4s diante deles; e ele estava junto a eles debaixo da \u00e1rvore; e comeram. <\/span><br><span><span><sup><b>9<\/b><\/sup><\/span> E lhe disseram: Onde est\u00e1 Sara tua mulher? E ele respondeu: Aqui na tenda. <\/span><br><span><span><sup><b>10<\/b><\/sup><\/span> Ent\u00e3o disse: De certo voltarei a ti segundo o tempo da vida, e eis que, ter\u00e1 um filho Sara tua mulher. E Sara escutava \u00e0 porta da tenda, que estava detr\u00e1s dele. <\/span><br><span><span><sup><b>11<\/b><\/sup><\/span> E Abra\u00e3o e Sara eram velhos, entrados em dias: a Sara havia cessado j\u00e1 o costume das mulheres. <\/span><br><span><span><sup><b>12<\/b><\/sup><\/span> Riu-se, pois, Sara entre si, dizendo: Depois que envelheci terei deleite, sendo tamb\u00e9m meu senhor j\u00e1 velho? <\/span><br><span><span><sup><b>13<\/b><\/sup><\/span> Ent\u00e3o o SENHOR disse a Abra\u00e3o: Por que se riu Sara dizendo: Ser\u00e1 certo que darei \u00e0 luz sendo j\u00e1 velha? <\/span><br><span><span><sup><b>14<\/b><\/sup><\/span> H\u00e1 para Deus alguma coisa dif\u00edcil? Ao tempo assinalado voltarei a ti, segundo o tempo da vida, e Sara ter\u00e1 um filho. <\/span><br><span><span><sup><b>15<\/b><\/sup><\/span> Ent\u00e3o Sara negou dizendo: N\u00e3o me ri; porque tive medo. E ele disse: N\u00e3o \u00e9 assim, mas sim que te riste. <\/span><br><span><span><sup><b>16<\/b><\/sup><\/span> E os homens se levantaram dali, e olharam at\u00e9 Sodoma: e Abra\u00e3o ia com eles acompanhando-os. <\/span><\/p>\n\n\n\n<h3 class=\"wp-block-heading\">Deus anuncia a destrui\u00e7\u00e3o de Sodoma e Gomorra<\/h3>\n\n\n\n<p class=\"has-medium-font-size\" style=\"letter-spacing:1px\"><span><span><sup><b>17<\/b><\/sup><\/span> E o SENHOR disse: Encobrirei eu a Abra\u00e3o o que vou a fazer, <\/span><br><span><span><sup><b>18<\/b><\/sup><\/span> Havendo de ser Abra\u00e3o em uma na\u00e7\u00e3o grande e forte, e havendo de ser benditas nele todas as na\u00e7\u00f5es da terra? <\/span><br><span><span><sup><b>19<\/b><\/sup><\/span> Porque eu o conheci, sei que mandar\u00e1 a seus filhos e a sua casa depois de si, que guardem o caminho do SENHOR, fazendo justi\u00e7a e ju\u00edzo, para que fa\u00e7a vir o SENHOR sobre Abra\u00e3o o que falou acerca dele. <\/span><br><span><span><sup><b>20<\/b><\/sup><\/span> Ent\u00e3o o SENHOR lhe disse: Porquanto o clamor de Sodoma e Gomorra se aumenta mais e mais, e o pecado deles se agravou em extremo, <\/span><br><span><span><sup><b>21<\/b><\/sup><\/span> Descerei agora, e verei se consumaram sua obra segundo o clamor que veio at\u00e9 mim; e se n\u00e3o, eu o saberei. <\/span><br><span><span><sup><b>22<\/b><\/sup><\/span> E apartaram-se dali os homens, e foram at\u00e9 Sodoma: mas Abra\u00e3o estava ainda diante do SENHOR. <\/span><\/p>\n\n\n\n<h3 class=\"wp-block-heading\">Abra\u00e3o intercede com Deus pelos homens<\/h3>\n\n\n\n<p class=\"has-medium-font-size\" style=\"letter-spacing:1px\"><span><span><sup><b>23<\/b><\/sup><\/span> E aproximou-se Abra\u00e3o e disse: Destruir\u00e1s tamb\u00e9m ao justo com o \u00edmpio? <\/span><br><span><span><sup><b>24<\/b><\/sup><\/span> Talvez h\u00e1 cinquenta justos dentro da cidade: destruir\u00e1s tamb\u00e9m e n\u00e3o perdoar\u00e1s ao lugar por cinquenta justos que estejam dentro dela? <\/span><br><span><span><sup><b>25<\/b><\/sup><\/span> Longe de ti o fazer tal, que fa\u00e7as morrer ao justo com o \u00edmpio e que seja o justo tratado como o \u00edmpio; nunca fa\u00e7as tal. O juiz de toda a terra, n\u00e3o h\u00e1 de fazer o que \u00e9 justo? <\/span><br><span><span><sup><b>26<\/b><\/sup><\/span> Ent\u00e3o respondeu o SENHOR: Se achar em Sodoma cinquenta justos dentro da cidade, perdoarei a todo este lugar por causa deles. <\/span><br><span><span><sup><b>27<\/b><\/sup><\/span> E Abra\u00e3o replicou e disse: Eis que agora que comecei a falar a meu Senhor, ainda que sou p\u00f3 e cinza: <\/span><br><span><span><sup><b>28<\/b><\/sup><\/span> Talvez faltar\u00e3o de cinquenta justos cinco: destruir\u00e1s por aqueles cinco toda a cidade? E disse: N\u00e3o a destruirei, se achar ali quarenta e cinco. <\/span><br><span><span><sup><b>29<\/b><\/sup><\/span> E voltou a falar-lhe, e disse: Talvez se achar\u00e3o ali quarenta. E respondeu: N\u00e3o o farei por causa dos quarenta. <\/span><br><span><span><sup><b>30<\/b><\/sup><\/span> E disse: N\u00e3o se ire agora meu Senhor, se falar: talvez se achar\u00e3o ali trinta. E respondeu: N\u00e3o o farei se achar ali trinta. <\/span><br><span><span><sup><b>31<\/b><\/sup><\/span> E disse: Eis que agora que me empreendi em falar a meu Senhor: talvez se achar\u00e3o ali vinte. N\u00e3o a destruirei, respondeu, por causa dos vinte. <\/span><br><span><span><sup><b>32<\/b><\/sup><\/span> E voltou a dizer: N\u00e3o se ire agora meu Senhor, se falar somente uma vez: talvez se achar\u00e3o ali dez. N\u00e3o a destruirei, respondeu, por causa dos dez. <\/span><br><span><span><sup><b>33<\/b><\/sup><\/span> E foi-se o SENHOR, logo que acabou de falar a Abra\u00e3o: e Abra\u00e3o se voltou a seu lugar.<\/span><\/p>\n\n\n\n<div class=\"wp-block-columns is-layout-flex wp-container-core-columns-is-layout-9d6595d7 wp-block-columns-is-layout-flex\">\n<div class=\"wp-block-column is-layout-flow wp-block-column-is-layout-flow\">\n<p><a href=\"\/genesis\/genesis-17\">G\u00eanesis 17<\/a><\/p>\n<\/div>\n\n\n\n<div class=\"wp-block-column is-layout-flow wp-block-column-is-layout-flow\">\n<p class=\"has-text-align-right\"><a href=\"\/genesis-19\">G\u00eanesis 19<\/a><\/p>\n<\/div>\n<\/div>\n\n\n\n<h2 class=\"wp-block-heading\">Descri\u00e7\u00e3o &#8211; G\u00eanesis 18<\/h2>\n\n\n\n<p class=\"has-medium-font-size\">Em G\u00eanesis 18, Abra\u00e3o recebe tr\u00eas visitantes divinos. Eles renovam a promessa de que Sara dar\u00e1 \u00e0 luz um filho, apesar de sua idade avan\u00e7ada. Este cap\u00edtulo ressalta a fidelidade de Deus e Sua capacidade de realizar o imposs\u00edvel. Tamb\u00e9m apresenta Abra\u00e3o intercedendo por Sodoma, mostrando sua compaix\u00e3o e confian\u00e7a na justi\u00e7a divina. Parte crucial do livro de G\u00eanesis, este relato reflete o papel de Abra\u00e3o como intermedi\u00e1rio e amigo de Deus, destacando temas de promessa, justi\u00e7a e miseric\u00f3rdia, que ressoam em toda a narrativa b\u00edblica. Ideal para meditar sobre f\u00e9, ora\u00e7\u00e3o e os planos soberanos de Deus.<\/p>\n\n\n\n<h3 class=\"wp-block-heading\">Livro do G\u00eanesis:<\/h3>\n\n\n<ul class=\"wp-block-page-list\"><li class=\"wp-block-pages-list__item\"><a class=\"wp-block-pages-list__item__link\" href=\"https:\/\/bibliapresente.com\/postagens\/livros-da-biblia\/genesis\/genesis-1\/\">G\u00eanesis 1 &#8211; A Cria\u00e7\u00e3o do Universo<\/a><\/li><li class=\"wp-block-pages-list__item\"><a class=\"wp-block-pages-list__item__link\" href=\"https:\/\/bibliapresente.com\/postagens\/livros-da-biblia\/genesis\/genesis-2\/\">G\u00eanesis 2 &#8211; O Jardim do \u00c9den<\/a><\/li><li class=\"wp-block-pages-list__item\"><a class=\"wp-block-pages-list__item__link\" href=\"https:\/\/bibliapresente.com\/postagens\/livros-da-biblia\/genesis\/genesis-3\/\">G\u00eanesis 3 &#8211; O Pecado Original<\/a><\/li><li class=\"wp-block-pages-list__item\"><a class=\"wp-block-pages-list__item__link\" href=\"https:\/\/bibliapresente.com\/postagens\/livros-da-biblia\/genesis\/genesis-4\/\">G\u00eanesis 4 &#8211; Caim e Abel<\/a><\/li><li class=\"wp-block-pages-list__item\"><a class=\"wp-block-pages-list__item__link\" href=\"https:\/\/bibliapresente.com\/postagens\/livros-da-biblia\/genesis\/genesis-5\/\">G\u00eanesis 5 &#8211; Genealogia de Ad\u00e3o a No\u00e9<\/a><\/li><li class=\"wp-block-pages-list__item\"><a class=\"wp-block-pages-list__item__link\" href=\"https:\/\/bibliapresente.com\/postagens\/livros-da-biblia\/genesis\/genesis-6-a-corrupcao-e-o-chamado-de-noe\/\">G\u00eanesis 6 &#8211; A Corrup\u00e7\u00e3o e o Chamado de No\u00e9<\/a><\/li><li class=\"wp-block-pages-list__item\"><a class=\"wp-block-pages-list__item__link\" href=\"https:\/\/bibliapresente.com\/postagens\/livros-da-biblia\/genesis\/genesis-7\/\">G\u00eanesis 7 &#8211; O Grande Dil\u00favio<\/a><\/li><li class=\"wp-block-pages-list__item\"><a class=\"wp-block-pages-list__item__link\" href=\"https:\/\/bibliapresente.com\/postagens\/livros-da-biblia\/genesis\/genesis-8\/\">G\u00eanesis 8 &#8211; As \u00c1guas do Dil\u00favio Recuam<\/a><\/li><li class=\"wp-block-pages-list__item\"><a class=\"wp-block-pages-list__item__link\" href=\"https:\/\/bibliapresente.com\/postagens\/livros-da-biblia\/genesis\/genesis-9\/\">G\u00eanesis 9 &#8211; A Grande Alian\u00e7a do Arco-\u00cdris<\/a><\/li><li class=\"wp-block-pages-list__item\"><a class=\"wp-block-pages-list__item__link\" href=\"https:\/\/bibliapresente.com\/postagens\/livros-da-biblia\/genesis\/genesis-10-as-nacoes-descendentes-de-noe\/\">G\u00eanesis 10 &#8211; As Na\u00e7\u00f5es Descendentes de No\u00e9<\/a><\/li><li class=\"wp-block-pages-list__item\"><a class=\"wp-block-pages-list__item__link\" href=\"https:\/\/bibliapresente.com\/postagens\/livros-da-biblia\/genesis\/genesis-11-a-torre-de-babel\/\">G\u00eanesis 11 &#8211; A Torre de Babel<\/a><\/li><li class=\"wp-block-pages-list__item\"><a class=\"wp-block-pages-list__item__link\" href=\"https:\/\/bibliapresente.com\/postagens\/livros-da-biblia\/genesis\/genesis-12-o-chamado-de-abraao\/\">G\u00eanesis 12 &#8211; O Chamado de Abra\u00e3o<\/a><\/li><li class=\"wp-block-pages-list__item\"><a class=\"wp-block-pages-list__item__link\" href=\"https:\/\/bibliapresente.com\/postagens\/livros-da-biblia\/genesis\/genesis-13-a-separacao-de-abrao-e-lo\/\">G\u00eanesis 13 &#8211; A Separa\u00e7\u00e3o de Abr\u00e3o e L\u00f3<\/a><\/li><li class=\"wp-block-pages-list__item\"><a class=\"wp-block-pages-list__item__link\" href=\"https:\/\/bibliapresente.com\/postagens\/livros-da-biblia\/genesis\/genesis-14\/\">G\u00eanesis 14 &#8211; A B\u00ean\u00e7\u00e3o de Melquisedeque<\/a><\/li><li class=\"wp-block-pages-list__item\"><a class=\"wp-block-pages-list__item__link\" href=\"https:\/\/bibliapresente.com\/postagens\/livros-da-biblia\/genesis\/genesis-15\/\">G\u00eanesis 15 &#8211; A Alian\u00e7a de Deus com Abr\u00e3o<\/a><\/li><li class=\"wp-block-pages-list__item\"><a class=\"wp-block-pages-list__item__link\" href=\"https:\/\/bibliapresente.com\/postagens\/livros-da-biblia\/genesis\/genesis-16\/\">G\u00eanesis 16 &#8211; O Nascimento de Ismael<\/a><\/li><li class=\"wp-block-pages-list__item\"><a class=\"wp-block-pages-list__item__link\" href=\"https:\/\/bibliapresente.com\/postagens\/livros-da-biblia\/genesis\/genesis-17\/\">G\u00eanesis 17 &#8211; A Institui\u00e7\u00e3o da Circuncis\u00e3o<\/a><\/li><li class=\"wp-block-pages-list__item\"><a class=\"wp-block-pages-list__item__link\" href=\"https:\/\/bibliapresente.com\/postagens\/livros-da-biblia\/genesis\/genesis-18\/\">G\u00eanesis 18 &#8211; A Visita dos Tr\u00eas Anjos<\/a><\/li><li class=\"wp-block-pages-list__item\"><a class=\"wp-block-pages-list__item__link\" href=\"https:\/\/bibliapresente.com\/postagens\/livros-da-biblia\/genesis\/genesis-19\/\">G\u00eanesis 19 &#8211; Sodoma e Gomorra<\/a><\/li><li class=\"wp-block-pages-list__item\"><a class=\"wp-block-pages-list__item__link\" href=\"https:\/\/bibliapresente.com\/postagens\/livros-da-biblia\/genesis\/genesis-20\/\">G\u00eanesis 20 &#8211; Abra\u00e3o e Abimeleque<\/a><\/li><li class=\"wp-block-pages-list__item\"><a class=\"wp-block-pages-list__item__link\" href=\"https:\/\/bibliapresente.com\/postagens\/livros-da-biblia\/genesis\/genesis-21\/\">G\u00eanesis 21 &#8211; O Nascimento de Isaque<\/a><\/li><li class=\"wp-block-pages-list__item\"><a class=\"wp-block-pages-list__item__link\" href=\"https:\/\/bibliapresente.com\/postagens\/livros-da-biblia\/genesis\/genesis-22\/\">G\u00eanesis 22 &#8211; O Sacrif\u00edcio de Isaque<\/a><\/li><li class=\"wp-block-pages-list__item\"><a class=\"wp-block-pages-list__item__link\" href=\"https:\/\/bibliapresente.com\/postagens\/livros-da-biblia\/genesis\/genesis-23\/\">G\u00eanesis 23 &#8211; A Morte de Sara<\/a><\/li><li class=\"wp-block-pages-list__item\"><a class=\"wp-block-pages-list__item__link\" href=\"https:\/\/bibliapresente.com\/postagens\/livros-da-biblia\/genesis\/genesis-24\/\">G\u00eanesis 24 &#8211; O Casamento de Isaque<\/a><\/li><li class=\"wp-block-pages-list__item\"><a class=\"wp-block-pages-list__item__link\" href=\"https:\/\/bibliapresente.com\/postagens\/livros-da-biblia\/genesis\/genesis-25\/\">G\u00eanesis 25 &#8211; O Nascimento de Esa\u00fa e Jac\u00f3<\/a><\/li><li class=\"wp-block-pages-list__item\"><a class=\"wp-block-pages-list__item__link\" href=\"https:\/\/bibliapresente.com\/postagens\/livros-da-biblia\/genesis\/genesis-26\/\">G\u00eanesis 26 &#8211; As Promessas de Deus a Isaque<\/a><\/li><li class=\"wp-block-pages-list__item\"><a class=\"wp-block-pages-list__item__link\" href=\"https:\/\/bibliapresente.com\/postagens\/livros-da-biblia\/genesis\/genesis-27\/\">G\u00eanesis 27 &#8211; Jac\u00f3 Engana Isaque<\/a><\/li><li class=\"wp-block-pages-list__item\"><a class=\"wp-block-pages-list__item__link\" href=\"https:\/\/bibliapresente.com\/postagens\/livros-da-biblia\/genesis\/genesis-28\/\">G\u00eanesis 28 &#8211; O Sonho de Jac\u00f3 em Betel<\/a><\/li><li class=\"wp-block-pages-list__item\"><a class=\"wp-block-pages-list__item__link\" href=\"https:\/\/bibliapresente.com\/postagens\/livros-da-biblia\/genesis\/genesis-29\/\">G\u00eanesis 29 &#8211; Jac\u00f3 e as Filhas de Lab\u00e3o<\/a><\/li><li class=\"wp-block-pages-list__item\"><a class=\"wp-block-pages-list__item__link\" href=\"https:\/\/bibliapresente.com\/postagens\/livros-da-biblia\/genesis\/genesis-30\/\">G\u00eanesis 30 &#8211; O Acordo de Jac\u00f3 com Lab\u00e3o<\/a><\/li><li class=\"wp-block-pages-list__item\"><a class=\"wp-block-pages-list__item__link\" href=\"https:\/\/bibliapresente.com\/postagens\/livros-da-biblia\/genesis\/genesis-31\/\">G\u00eanesis 31 &#8211; A Fuga de Jac\u00f3<\/a><\/li><li class=\"wp-block-pages-list__item\"><a class=\"wp-block-pages-list__item__link\" href=\"https:\/\/bibliapresente.com\/postagens\/livros-da-biblia\/genesis\/genesis-32\/\">G\u00eanesis 32 &#8211; A Luta de Jac\u00f3 com O Anjo<\/a><\/li><li class=\"wp-block-pages-list__item\"><a class=\"wp-block-pages-list__item__link\" href=\"https:\/\/bibliapresente.com\/postagens\/livros-da-biblia\/genesis\/genesis-33\/\">G\u00eanesis 33 &#8211; A Reconcilia\u00e7\u00e3o de Jac\u00f3 e Esa\u00fa<\/a><\/li><li class=\"wp-block-pages-list__item\"><a class=\"wp-block-pages-list__item__link\" href=\"https:\/\/bibliapresente.com\/postagens\/livros-da-biblia\/genesis\/genesis-34\/\">G\u00eanesis 34 &#8211; O Caso de Din\u00e1<\/a><\/li><li class=\"wp-block-pages-list__item\"><a class=\"wp-block-pages-list__item__link\" href=\"https:\/\/bibliapresente.com\/postagens\/livros-da-biblia\/genesis\/genesis-35\/\">G\u00eanesis 35 &#8211; A Consagra\u00e7\u00e3o de Jac\u00f3 em Betel<\/a><\/li><li class=\"wp-block-pages-list__item\"><a class=\"wp-block-pages-list__item__link\" href=\"https:\/\/bibliapresente.com\/postagens\/livros-da-biblia\/genesis\/genesis-36\/\">G\u00eanesis 36 &#8211; Os Descendentes de Esa\u00fa<\/a><\/li><li class=\"wp-block-pages-list__item\"><a class=\"wp-block-pages-list__item__link\" href=\"https:\/\/bibliapresente.com\/postagens\/livros-da-biblia\/genesis\/genesis-37\/\">G\u00eanesis 37 &#8211; Jos\u00e9 Vendido como Escravo<\/a><\/li><li class=\"wp-block-pages-list__item\"><a class=\"wp-block-pages-list__item__link\" href=\"https:\/\/bibliapresente.com\/postagens\/livros-da-biblia\/genesis\/genesis-38\/\">G\u00eanesis 38 &#8211; Jud\u00e1 e Tamar<\/a><\/li><li class=\"wp-block-pages-list__item\"><a class=\"wp-block-pages-list__item__link\" href=\"https:\/\/bibliapresente.com\/postagens\/livros-da-biblia\/genesis\/genesis-39\/\">G\u00eanesis 39 &#8211; Jos\u00e9 na Casa de Potifar<\/a><\/li><li class=\"wp-block-pages-list__item\"><a class=\"wp-block-pages-list__item__link\" href=\"https:\/\/bibliapresente.com\/postagens\/livros-da-biblia\/genesis\/genesis-40\/\">G\u00eanesis 40 &#8211; Jos\u00e9 Interpreta Sonhos<\/a><\/li><li class=\"wp-block-pages-list__item\"><a class=\"wp-block-pages-list__item__link\" href=\"https:\/\/bibliapresente.com\/postagens\/livros-da-biblia\/genesis\/genesis-41\/\">G\u00eanesis 41 &#8211; O Sonho do Fara\u00f3<\/a><\/li><li class=\"wp-block-pages-list__item\"><a class=\"wp-block-pages-list__item__link\" href=\"https:\/\/bibliapresente.com\/postagens\/livros-da-biblia\/genesis\/genesis-42\/\">G\u00eanesis 42 &#8211; Os Irm\u00e3os de Jos\u00e9 no Egito<\/a><\/li><li class=\"wp-block-pages-list__item\"><a class=\"wp-block-pages-list__item__link\" href=\"https:\/\/bibliapresente.com\/postagens\/livros-da-biblia\/genesis\/genesis-43\/\">G\u00eanesis 43 &#8211; Benjamim Vai ao Egito<\/a><\/li><li class=\"wp-block-pages-list__item\"><a class=\"wp-block-pages-list__item__link\" href=\"https:\/\/bibliapresente.com\/postagens\/livros-da-biblia\/genesis\/genesis-44\/\">G\u00eanesis 44 &#8211; O Sacrif\u00edcio de Jud\u00e1<\/a><\/li><li class=\"wp-block-pages-list__item\"><a class=\"wp-block-pages-list__item__link\" href=\"https:\/\/bibliapresente.com\/postagens\/livros-da-biblia\/genesis\/genesis-45\/\">G\u00eanesis 45 &#8211; Jos\u00e9 se Revela a seus Irm\u00e3os<\/a><\/li><li class=\"wp-block-pages-list__item\"><a class=\"wp-block-pages-list__item__link\" href=\"https:\/\/bibliapresente.com\/postagens\/livros-da-biblia\/genesis\/genesis-46\/\">G\u00eanesis 46 &#8211; A Viagem de Jac\u00f3 ao Egito<\/a><\/li><li class=\"wp-block-pages-list__item\"><a class=\"wp-block-pages-list__item__link\" href=\"https:\/\/bibliapresente.com\/postagens\/livros-da-biblia\/genesis\/genesis-47\/\">G\u00eanesis 47 &#8211; Jac\u00f3 Aben\u00e7oa o Fara\u00f3<\/a><\/li><li class=\"wp-block-pages-list__item\"><a class=\"wp-block-pages-list__item__link\" href=\"https:\/\/bibliapresente.com\/postagens\/livros-da-biblia\/genesis\/genesis-48\/\">G\u00eanesis 48 &#8211; Jac\u00f3 Aben\u00e7oa os Filhos de Jos\u00e9<\/a><\/li><li class=\"wp-block-pages-list__item\"><a class=\"wp-block-pages-list__item__link\" href=\"https:\/\/bibliapresente.com\/postagens\/livros-da-biblia\/genesis\/genesis-49\/\">G\u00eanesis 49 &#8211; B\u00ean\u00e7\u00e3os de Jac\u00f3 a Seus Filhos<\/a><\/li><li class=\"wp-block-pages-list__item\"><a class=\"wp-block-pages-list__item__link\" href=\"https:\/\/bibliapresente.com\/postagens\/livros-da-biblia\/genesis\/genesis-50\/\">G\u00eanesis 50 &#8211; A Morte de Jac\u00f3<\/a><\/li><\/ul>\n\n\n<p><\/p>\n","protected":false},"excerpt":{"rendered":"<p>Tr\u00eas anjos aparecem a Abra\u00e3o 1 E apareceu-lhe o SENHOR nos carvalhos de Manre, estando ele sentado \u00e0 porta de sua tenda no calor do dia. 2 E levantou seus olhos e olhou, e eis que tr\u00eas homens que estavam junto a ele: e quando os viu, saiu correndo da porta de sua tenda a &hellip; <\/p>\n","protected":false},"author":2,"featured_media":263,"parent":233,"menu_order":18,"comment_status":"closed","ping_status":"closed","template":"","meta":{"om_disable_all_campaigns":false,"_monsterinsights_skip_tracking":false,"_monsterinsights_sitenote_active":false,"_monsterinsights_sitenote_note":"","_monsterinsights_sitenote_category":0,"footnotes":""},"class_list":["post-324","page","type-page","status-publish","has-post-thumbnail","hentry"],"aioseo_notices":[],"_links":{"self":[{"href":"https:\/\/bibliapresente.com\/postagens\/wp-json\/wp\/v2\/pages\/324","targetHints":{"allow":["GET"]}}],"collection":[{"href":"https:\/\/bibliapresente.com\/postagens\/wp-json\/wp\/v2\/pages"}],"about":[{"href":"https:\/\/bibliapresente.com\/postagens\/wp-json\/wp\/v2\/types\/page"}],"author":[{"embeddable":true,"href":"https:\/\/bibliapresente.com\/postagens\/wp-json\/wp\/v2\/users\/2"}],"replies":[{"embeddable":true,"href":"https:\/\/bibliapresente.com\/postagens\/wp-json\/wp\/v2\/comments?post=324"}],"version-history":[{"count":3,"href":"https:\/\/bibliapresente.com\/postagens\/wp-json\/wp\/v2\/pages\/324\/revisions"}],"predecessor-version":[{"id":483,"href":"https:\/\/bibliapresente.com\/postagens\/wp-json\/wp\/v2\/pages\/324\/revisions\/483"}],"up":[{"embeddable":true,"href":"https:\/\/bibliapresente.com\/postagens\/wp-json\/wp\/v2\/pages\/233"}],"wp:featuredmedia":[{"embeddable":true,"href":"https:\/\/bibliapresente.com\/postagens\/wp-json\/wp\/v2\/media\/263"}],"wp:attachment":[{"href":"https:\/\/bibliapresente.com\/postagens\/wp-json\/wp\/v2\/media?parent=324"}],"curies":[{"name":"wp","href":"https:\/\/api.w.org\/{rel}","templated":true}]}}