{"id":295,"date":"2024-12-22T11:44:00","date_gmt":"2024-12-22T14:44:00","guid":{"rendered":"https:\/\/bibliapresente.com\/postagens\/?page_id=295"},"modified":"2024-12-22T12:06:02","modified_gmt":"2024-12-22T15:06:02","slug":"genesis-5","status":"publish","type":"page","link":"https:\/\/bibliapresente.com\/postagens\/livros-da-biblia\/genesis\/genesis-5\/","title":{"rendered":"G\u00eanesis 5 &#8211; Genealogia de Ad\u00e3o a No\u00e9"},"content":{"rendered":"\n<h3 class=\"wp-block-heading\">A genealogia de Sete<\/h3>\n\n\n\n<p class=\"has-medium-font-size\" style=\"letter-spacing:1px\"><span><span><sup><b>1<\/b><\/sup><\/span> Este \u00e9 o livro das gera\u00e7\u00f5es de Ad\u00e3o. No dia em que criou Deus ao ser humano, \u00e0 semelhan\u00e7a de Deus o fez;<br><span><sup><b>2<\/b><\/sup><\/span> Macho e f\u00eamea os criou; e os aben\u00e7oou, e chamou o nome deles Ad\u00e3o, no dia em que foram criados. <br><span><sup><b>3<\/b><\/sup><\/span> E viveu Ad\u00e3o cento e trinta anos, e gerou um filho \u00e0 sua semelhan\u00e7a, conforme sua imagem, e chamou seu nome Sete. <br><span><sup><b>4<\/b><\/sup><\/span> E foram os dias de Ad\u00e3o, depois que gerou a Sete, oitocentos anos: e gerou filhos e filhas. <br><span><sup><b>5<\/b><\/sup><\/span> E foram todos os dias que viveu Ad\u00e3o novecentos e trinta anos, e morreu. <br><span><sup><b>6<\/b><\/sup><\/span> E viveu Sete cento e cinco anos, e gerou a Enos. <br><span><sup><b>7<\/b><\/sup><\/span> E viveu Sete, depois que gerou a Enos, oitocentos e sete anos: e gerou filhos e filhas. <br><span><sup><b>8<\/b><\/sup><\/span> E foram todos os dias de Sete novecentos e doze anos; e morreu. <br><span><sup><b>9<\/b><\/sup><\/span> E viveu Enos noventa anos, e gerou a Cain\u00e3. <br><span><sup><b>10<\/b><\/sup><\/span> E viveu Enos depois que gerou a Cain\u00e3, oitocentos e quinze anos: e gerou filhos e filhas. <br><span><sup><b>11<\/b><\/sup><\/span> E foram todos os dias de Enos novecentos e cinco anos; e morreu. <br><span><sup><b>12<\/b><\/sup><\/span> E viveu Cain\u00e3 setenta anos, e gerou a Maalalel. <br><span><sup><b>13<\/b><\/sup><\/span> E viveu Cain\u00e3, depois que gerou a Maalalel, oitocentos e quarenta anos: e gerou filhos e filhas. <br><span><sup><b>14<\/b><\/sup><\/span> E foram todos os dias de Cain\u00e3 novecentos e dez anos; e morreu. <br><span><sup><b>15<\/b><\/sup><\/span> E viveu Maalalel sessenta e cinco anos, e gerou a Jarede. <br><span><sup><b>16<\/b><\/sup><\/span> E viveu Maalalel, depois que gerou a Jarede, oitocentos e trinta anos: e gerou filhos e filhas. <br><span><sup><b>17<\/b><\/sup><\/span> E foram todos os dias de Maalalel oitocentos noventa e cinco anos; e morreu. <br><span><sup><b>18<\/b><\/sup><\/span> E viveu Jarede cento e sessenta e dois anos, e gerou a Enoque. <br><span><sup><b>19<\/b><\/sup><\/span> E viveu Jarede, depois que gerou a Enoque, oitocentos anos: e gerou filhos e filhas. <br><span><sup><b>20<\/b><\/sup><\/span> E foram todos os dias de Jarede novecentos e sessenta e dois anos; e morreu. <br><span><sup><b>21<\/b><\/sup><\/span> E viveu Enoque sessenta e cinco anos, e gerou a Matusal\u00e9m. <br><span><sup><b>22<\/b><\/sup><\/span> E caminhou Enoque com Deus, depois que gerou a Matusal\u00e9m, trezentos anos: e gerou filhos e filhas. <br><span><sup><b>23<\/b><\/sup><\/span> E foram todos os dias de Enoque trezentos sessenta e cinco anos. <br><span><sup><b>24<\/b><\/sup><\/span> Caminhou, pois, Enoque com Deus, e desapareceu, porque Deus o levou. <br><span><sup><b>25<\/b><\/sup><\/span> E viveu Matusal\u00e9m cento e oitenta e sete anos, e gerou a Lameque. <br><span><sup><b>26<\/b><\/sup><\/span> E viveu Matusal\u00e9m, depois que gerou a Lameque, setecentos e oitenta e dois anos: e gerou filhos e filhas. <br><span><sup><b>27<\/b><\/sup><\/span> Foram, pois, todos os dias de Matusal\u00e9m, novecentos e sessenta e nove anos; e morreu. <br><span><sup><b>28<\/b><\/sup><\/span> E viveu Lameque cento e oitenta e dois anos, e gerou um filho: <br><span><sup><b>29<\/b><\/sup><\/span> E chamou seu nome No\u00e9, dizendo: Este nos aliviar\u00e1 de nossas obras, e do trabalho de nossas m\u00e3os, por causa da terra que o SENHOR amaldi\u00e7oou. <br><span><sup><b>30<\/b><\/sup><\/span> E viveu Lameque, depois que gerou a No\u00e9, quinhentos noventa e cinco anos: e gerou filhos e filhas. <br><span><sup><b>31<\/b><\/sup><\/span> E foram todos os dias de Lameque setecentos e setenta e sete anos; e morreu. <br><span><sup><b>32<\/b><\/sup><\/span> E sendo No\u00e9 de quinhentos anos, gerou a Sem, Cam, e a Jaf\u00e9.<br><\/span><\/p>\n\n\n\n<div class=\"wp-block-columns is-layout-flex wp-container-core-columns-is-layout-9d6595d7 wp-block-columns-is-layout-flex\">\n<div class=\"wp-block-column is-layout-flow wp-block-column-is-layout-flow\">\n<p><a href=\"\/genesis\" title=\"O Livro do G\u00eanesis\">G\u00eanesis 4<\/a><\/p>\n<\/div>\n\n\n\n<div class=\"wp-block-column is-layout-flow wp-block-column-is-layout-flow\">\n<p class=\"has-text-align-right\"><a href=\"\/genesis-6\" title=\"G\u00eanesis 6\">G\u00eanesis 6<\/a><\/p>\n<\/div>\n<\/div>\n\n\n\n<h2 class=\"wp-block-heading\">Descri\u00e7\u00e3o &#8211; G\u00eanesis 5<\/h2>\n\n\n\n<p class=\"has-medium-font-size\">G\u00eanesis 5 tra\u00e7a a linhagem de Ad\u00e3o at\u00e9 No\u00e9. Destaca a continuidade das gera\u00e7\u00f5es desde a cria\u00e7\u00e3o da humanidade. Este cap\u00edtulo revela a longevidade das primeiras gera\u00e7\u00f5es, o que demonstra a b\u00ean\u00e7\u00e3o de Deus sobre a vida humana. Essa lista geneal\u00f3gica inclui nomes importantes, como Enoque, que &#8220;andou com Deus&#8221;. E que foi levado sem experimentar a morte. Este trecho conecta o relato inicial da cria\u00e7\u00e3o com a hist\u00f3ria do dil\u00favio. Ele marca a transi\u00e7\u00e3o para os eventos dram\u00e1ticos do G\u00eanesis.<\/p>\n\n\n\n<p><\/p>\n","protected":false},"excerpt":{"rendered":"<p>A genealogia de Sete 1 Este \u00e9 o livro das gera\u00e7\u00f5es de Ad\u00e3o. No dia em que criou Deus ao ser humano, \u00e0 semelhan\u00e7a de Deus o fez;2 Macho e f\u00eamea os criou; e os aben\u00e7oou, e chamou o nome deles Ad\u00e3o, no dia em que foram criados. 3 E viveu Ad\u00e3o cento e trinta &hellip; <\/p>\n","protected":false},"author":2,"featured_media":263,"parent":233,"menu_order":5,"comment_status":"closed","ping_status":"closed","template":"","meta":{"om_disable_all_campaigns":false,"_monsterinsights_skip_tracking":false,"_monsterinsights_sitenote_active":false,"_monsterinsights_sitenote_note":"","_monsterinsights_sitenote_category":0,"footnotes":""},"class_list":["post-295","page","type-page","status-publish","has-post-thumbnail","hentry"],"aioseo_notices":[],"_links":{"self":[{"href":"https:\/\/bibliapresente.com\/postagens\/wp-json\/wp\/v2\/pages\/295","targetHints":{"allow":["GET"]}}],"collection":[{"href":"https:\/\/bibliapresente.com\/postagens\/wp-json\/wp\/v2\/pages"}],"about":[{"href":"https:\/\/bibliapresente.com\/postagens\/wp-json\/wp\/v2\/types\/page"}],"author":[{"embeddable":true,"href":"https:\/\/bibliapresente.com\/postagens\/wp-json\/wp\/v2\/users\/2"}],"replies":[{"embeddable":true,"href":"https:\/\/bibliapresente.com\/postagens\/wp-json\/wp\/v2\/comments?post=295"}],"version-history":[{"count":2,"href":"https:\/\/bibliapresente.com\/postagens\/wp-json\/wp\/v2\/pages\/295\/revisions"}],"predecessor-version":[{"id":412,"href":"https:\/\/bibliapresente.com\/postagens\/wp-json\/wp\/v2\/pages\/295\/revisions\/412"}],"up":[{"embeddable":true,"href":"https:\/\/bibliapresente.com\/postagens\/wp-json\/wp\/v2\/pages\/233"}],"wp:featuredmedia":[{"embeddable":true,"href":"https:\/\/bibliapresente.com\/postagens\/wp-json\/wp\/v2\/media\/263"}],"wp:attachment":[{"href":"https:\/\/bibliapresente.com\/postagens\/wp-json\/wp\/v2\/media?parent=295"}],"curies":[{"name":"wp","href":"https:\/\/api.w.org\/{rel}","templated":true}]}}