{"id":186,"date":"2024-07-20T18:54:56","date_gmt":"2024-07-20T21:54:56","guid":{"rendered":"https:\/\/bibliapresente.com\/postagens\/?page_id=186"},"modified":"2025-01-04T01:10:35","modified_gmt":"2025-01-04T04:10:35","slug":"introducao","status":"publish","type":"page","link":"https:\/\/bibliapresente.com\/postagens\/introducao\/","title":{"rendered":"B\u00edblia: Uma Introdu\u00e7\u00e3o"},"content":{"rendered":"<div class=\"wp-block-image\">\n<figure class=\"alignleft size-large\"><img loading=\"lazy\" decoding=\"async\" width=\"1024\" height=\"286\" src=\"https:\/\/bibliapresente.com\/postagens\/wp-content\/uploads\/2024\/07\/image-1024x286.jpeg\" alt=\"\" class=\"wp-image-189\" srcset=\"https:\/\/bibliapresente.com\/postagens\/wp-content\/uploads\/2024\/07\/image-1024x286.jpeg 1024w, https:\/\/bibliapresente.com\/postagens\/wp-content\/uploads\/2024\/07\/image-300x84.jpeg 300w, https:\/\/bibliapresente.com\/postagens\/wp-content\/uploads\/2024\/07\/image-768x215.jpeg 768w, https:\/\/bibliapresente.com\/postagens\/wp-content\/uploads\/2024\/07\/image-1536x430.jpeg 1536w, https:\/\/bibliapresente.com\/postagens\/wp-content\/uploads\/2024\/07\/image.jpeg 1998w\" sizes=\"auto, (max-width: 1024px) 100vw, 1024px\" \/><\/figure>\n<\/div>\n\n\n<p>A B\u00edblia \u00e9 o texto sagrado do Cristianismo. \u00c9 um conjunto de livros escritos por v\u00e1rios autores sob inspira\u00e7\u00e3o divina, durante um per\u00edodo de mais de 1500 anos. Em toda a hist\u00f3ria da humanidade, n\u00e3o h\u00e1 livro que seja t\u00e3o profundo como a B\u00edblia, nem t\u00e3o amplamente conhecido. De fato, ap\u00f3s o desenvolvimento dos meios de comunica\u00e7\u00e3o, a Civiliza\u00e7\u00e3o Ocidental, que se se formou a partir das civiliza\u00e7\u00f5es greco-romana e judaico-crist\u00e3, levou a B\u00edblia a todo o globo. E, praticamente, n\u00e3o h\u00e1 no mundo quem n\u00e3o tenha pelo menos uma no\u00e7\u00e3o do que s\u00e3o as Sagradas Escrituras.<\/p>\n\n\n\n<p>Os livros que formam o conjunto da B\u00edblia se diferenciam muito em termos de temas, estilos liter\u00e1rios, tipos de narrativas e de conte\u00fado. Esses livros contam a hist\u00f3ria do Povo de Deus e de sua rela\u00e7\u00e3o com Ele. Dessa forma, parte dos escritos se dedicam aos fatos hist\u00f3ricos propriamente ditos, ou seja, \u00e0 narrativa dos acontecimentos relevantes para esse Povo. Outros livros passam, com linguagem po\u00e9tica e figurada, os valores e a sabedoria dessa sociedade. Os livros restantes s\u00e3o discursos prof\u00e9ticos, que possuem grande import\u00e2ncia para a compreens\u00e3o da hist\u00f3ria e dos valores do Povo de Deus.<\/p>\n\n\n\n<h2 class=\"wp-block-heading\">O Povo de Deus<\/h2>\n\n\n\n<p>Constituindo-se da hist\u00f3ria do Povo escolhido por Deus, com o qual Deus efetivamente fala, uma no\u00e7\u00e3o fundamental para a compreens\u00e3o do contexto em que a B\u00edblia foi escrita e de seu conte\u00fado \u00e9 a de &#8220;Povo de Deus&#8221;. Uma vez que a B\u00edblia foi produzida para e por um &#8220;povo&#8221;, \u00e9 importante ter em mente que falamos de uma sociedade espec\u00edfica, com uma determinados tra\u00e7os culturais, valores e tradi\u00e7\u00f5es em comum, ainda que estes tenham mudado com o passar do tempo.<\/p>\n\n\n\n<p>Podemos afirmar ent\u00e3o que o Povo de Deus se formou de um grupo de tribos que remontava a Ad\u00e3o e o filho de No\u00e9, Sem. N\u00e3o propriamente todos os povos semitas, mas aqueles que tinham em comum seu ancestral Abra\u00e3o. Os hebreus que se tornariam os israelitas migraram para o Egito durante um per\u00edodo de fome. <\/p>\n\n\n\n<p>Foi na \u00e9poca de Jac\u00f3, filho de Isaque, filho de Abra\u00e3o. E depois de v\u00e1rias d\u00e9cadas, foram escravizados por Fara\u00f3, at\u00e9 serem libertados pela interven\u00e7\u00e3o divina, atrav\u00e9s de Mois\u00e9s. Ap\u00f3s os chamado de Deus, ele guiou o Povo de Deus pelo deserto do Sinai at\u00e9 as fronteiras da Terra Prometida, Cana\u00e3. As Doze Tribos de Israel compartilhavam ent\u00e3o, al\u00e9m de valores culturais e hist\u00f3ria, da Lei de Mois\u00e9s, revelada a ele por Deus no Monte Sinai.<\/p>\n\n\n\n<p>Apesar de constituir um Povo, as Doze Tribos conviveram de forma independente na Terra Prometida, enquanto a conquistavam dos povos que ali habitavam. Nesse per\u00edodo, houve \u00e9pocas de crise, em que l\u00edderes surgiram nas diferentes tribos para unir as pessoas na f\u00e9 e combater os inimigos estrangeiros. Assim foi a \u00e9poca dos Ju\u00edzes, at\u00e9 a escolha, pelas tribos, de um \u00fanico l\u00edder, um Rei. e a constru\u00e7\u00e3o de um Templo definitivo para ser a Casa do Senhor, em Jerusal\u00e9m.<\/p>\n\n\n\n<p>O Povo Escolhido viu tr\u00eas Reis comandarem Israel &#8211; Saul, Davi e Salom\u00e3o &#8211;  at\u00e9 que o reino se dividiu em dois &#8211; Jud\u00e1 e Israel &#8211; os quais, depois de v\u00e1rias gera\u00e7\u00f5es, foram destru\u00eddos por imp\u00e9rios mesopot\u00e2micos. Dos israelitas, remanescentes da Tribo de Jud\u00e1 foram levados cativos para a Babil\u00f4nia por setenta anos, at\u00e9 receberem permiss\u00e3o para voltar. Os judeus foram libertados pelo Rei da P\u00e9rsia e, ap\u00f3s o Ex\u00edlio, retornaram a Israel para reconstruir o Templo.<\/p>\n\n\n\n<p>Ent\u00e3o, como podemos ver nos&nbsp;<a href=\"\/livros-historicos-da-biblia\/\" title=\"\">Livros Hist\u00f3ricos da B\u00edblia<\/a>, os judeus reafirmaram suas ra\u00edzes ancestrais e se reconstru\u00edram como povo, o Povo de Deus, chegando a obter a liberdade, at\u00e9 a conquista de Alexandre, o Grande, e depois tornando-se parte do Imp\u00e9rio Romano, na \u00e9poca de Jesus.<\/p>\n\n\n\n<h2 class=\"wp-block-heading\">Profetas e S\u00e1bios<\/h2>\n\n\n\n<p>Al\u00e9m das lideran\u00e7as surgidas para comandar as tribos militarmente, algumas figuras tiveram evid\u00eancia em Israel, discursando em p\u00fablico, aconselhando, fazendo previs\u00f5es em que alertavam sobre os desvios da f\u00e9 em Deus e cobrando os soberanos a postura que um l\u00edder do Povo de Deus deveria ter.<\/p>\n\n\n\n<p>Essas pessoas, inspiradas por Deus, ficaram conhecidas como os Profetas de Israel. Alguns, como Natan e Elias, s\u00e3o descritos nos Livros Hist\u00f3ricos, onde podemos ver como agiam. Outros, como Os\u00e9ias e Daniel, s\u00e3o mais lembrados pelos escritos que deixaram, que fazem parte dos\u00a0<a title=\"\" href=\"\/livros-profeticos-da-biblia\/\">Livros Prof\u00e9ticos da B\u00edblia<\/a>.<\/p>\n\n\n\n<p>No esfor\u00e7o do Povo Judeu em recobrar sua identidade e refor\u00e7ar suas tradi\u00e7\u00f5es, os sacerdotes tiveram papel fundamental. Com sua orienta\u00e7\u00e3o e seu aux\u00edlio espiritual, foram reunidas tanto formas de adora\u00e7\u00e3o ritual como a sabedoria da tradi\u00e7\u00e3o em escritos que figuram nos&nbsp;<a href=\"\/livros-poeticos-da-biblia\/\" title=\"\">Livros Po\u00e9ticos (ou sapienciais) da B\u00edblia<\/a>.<\/p>\n\n\n\n<p>Assim, exercendo n\u00e3o apenas a fun\u00e7\u00e3o de registro, mas tamb\u00e9m a de testemunho, a B\u00edblia narra uma hist\u00f3ria espiritual e fala sobre a identidade dos judeus como Povo no momento em que surge o Messias do qual as profecias falavam. Essa identidade de um povo, uma na\u00e7\u00e3o, foi levada adiante pelos primeiros crist\u00e3os e, pelo decorrer da hist\u00f3ria, diz respeito a todos, nos dias de hoje.<\/p>\n\n\n\n<p>Leia tamb\u00e9m:<\/p>\n\n\n\n<ul class=\"wp-block-list\">\n<li><a href=\"\/livros-historicos-da-biblia\/\" title=\"\">Os Livros Hist\u00f3ricos<\/a><\/li>\n\n\n\n<li><a href=\"\/livros-profeticos-da-biblia\/\" title=\"\">Os Livros Prof\u00e9ticos<\/a><\/li>\n\n\n\n<li><a href=\"\/livros-poeticos-da-biblia\/\" title=\"\">Os Livros Po\u00e9ticos<\/a><\/li>\n<\/ul>\n","protected":false},"excerpt":{"rendered":"<p>A B\u00edblia \u00e9 o texto sagrado do Cristianismo. \u00c9 um conjunto de livros escritos por v\u00e1rios autores sob inspira\u00e7\u00e3o divina, durante um per\u00edodo de mais de 1500 anos. Em toda a hist\u00f3ria da humanidade, n\u00e3o h\u00e1 livro que seja t\u00e3o profundo como a B\u00edblia, nem t\u00e3o amplamente conhecido. De fato, ap\u00f3s o desenvolvimento dos meios &hellip; <\/p>\n","protected":false},"author":2,"featured_media":263,"parent":0,"menu_order":0,"comment_status":"closed","ping_status":"closed","template":"","meta":{"om_disable_all_campaigns":false,"_monsterinsights_skip_tracking":false,"_monsterinsights_sitenote_active":false,"_monsterinsights_sitenote_note":"","_monsterinsights_sitenote_category":0,"footnotes":""},"class_list":["post-186","page","type-page","status-publish","has-post-thumbnail","hentry"],"aioseo_notices":[],"_links":{"self":[{"href":"https:\/\/bibliapresente.com\/postagens\/wp-json\/wp\/v2\/pages\/186","targetHints":{"allow":["GET"]}}],"collection":[{"href":"https:\/\/bibliapresente.com\/postagens\/wp-json\/wp\/v2\/pages"}],"about":[{"href":"https:\/\/bibliapresente.com\/postagens\/wp-json\/wp\/v2\/types\/page"}],"author":[{"embeddable":true,"href":"https:\/\/bibliapresente.com\/postagens\/wp-json\/wp\/v2\/users\/2"}],"replies":[{"embeddable":true,"href":"https:\/\/bibliapresente.com\/postagens\/wp-json\/wp\/v2\/comments?post=186"}],"version-history":[{"count":6,"href":"https:\/\/bibliapresente.com\/postagens\/wp-json\/wp\/v2\/pages\/186\/revisions"}],"predecessor-version":[{"id":503,"href":"https:\/\/bibliapresente.com\/postagens\/wp-json\/wp\/v2\/pages\/186\/revisions\/503"}],"wp:featuredmedia":[{"embeddable":true,"href":"https:\/\/bibliapresente.com\/postagens\/wp-json\/wp\/v2\/media\/263"}],"wp:attachment":[{"href":"https:\/\/bibliapresente.com\/postagens\/wp-json\/wp\/v2\/media?parent=186"}],"curies":[{"name":"wp","href":"https:\/\/api.w.org\/{rel}","templated":true}]}}